000
CDUS43 KMPX 070054
CLIMSP


CLIMATE REPORT
NATIONAL WEATHER SERVICE CHANHASSEN MN
754 PM CDT MON JUL 6 2015


...................................

...THE TWIN CITIES MN CLIMATE SUMMARY FOR JULY 6 2015...
VALID TODAY AS OF 0700 PM LOCAL TIME.

CLIMATE NORMAL PERIOD 1981 TO 2010
CLIMATE RECORD PERIOD 1871 TO 2015


WEATHER ITEM   OBSERVED TIME   RECORD YEAR NORMAL DEPARTURE LAST
                VALUE   (LST)  VALUE       VALUE  FROM      YEAR
                                                  NORMAL
..................................................................
TEMPERATURE (F)
 TODAY
  MAXIMUM         76   1209 AM 104    1936  84     -8       90
  MINIMUM         64   1252 PM  49    1942  64      0       69
                                      1875
  AVERAGE         70                        74     -4       80

PRECIPITATION (IN)
  TODAY            2.83R         2.32 1883   0.12   2.71     0.13
  MONTH TO DATE    2.87                      0.76   2.11     0.29
  SINCE JUN 1      7.27                      5.01   2.26    11.65
  SINCE JAN 1     14.60                     14.59   0.01    26.12

SNOWFALL (IN)
  TODAY            0.0           0.0    MM   0.0    0.0      0.0
  MONTH TO DATE    0.0                       0.0    0.0      0.0
  SINCE JUN 1      0.0                       0.0    0.0      0.0
  SINCE JUL 1      0.0                       0.0    0.0      0.0
  SNOW DEPTH       0

DEGREE DAYS
 HEATING
  TODAY            0                         0      0        0
  MONTH TO DATE    0                         0      0        1
  SINCE JUN 1      7                        44    -37       22
  SINCE JUL 1      0                         0      0        1

 COOLING
  TODAY            5                         9     -4       15
  MONTH TO DATE   35                        52    -17       32
  SINCE JUN 1    191                       210    -19      194
  SINCE JAN 1    218                       252    -34      246
..................................................................


WIND (MPH)
  HIGHEST WIND SPEED    25   HIGHEST WIND DIRECTION     N (350)
  HIGHEST GUST SPEED    31   HIGHEST GUST DIRECTION    NW (330)
  AVERAGE WIND SPEED    12.1


SKY COVER
  POSSIBLE SUNSHINE  MM
  AVERAGE SKY COVER 0.9


WEATHER CONDITIONS
 THE FOLLOWING WEATHER WAS RECORDED TODAY.
  THUNDERSTORM
  HEAVY RAIN
  RAIN
  LIGHT RAIN
  FOG
  HAZE


RELATIVE HUMIDITY (PERCENT)
 HIGHEST    97           400 AM
 LOWEST     57           600 PM
 AVERAGE    77

..........................................................


THE TWIN CITIES MN CLIMATE NORMALS FOR TOMORROW
                         NORMAL    RECORD    YEAR
 MAXIMUM TEMPERATURE (F)   84       101      1936
 MINIMUM TEMPERATURE (F)   64        44      1891


SUNRISE AND SUNSET
JULY  6 2015..........SUNRISE   533 AM CDT   SUNSET   901 PM CDT
JULY  7 2015..........SUNRISE   534 AM CDT   SUNSET   901 PM CDT


-  INDICATES NEGATIVE NUMBERS.
R  INDICATES RECORD WAS SET OR TIED.
MM INDICATES DATA IS MISSING.
T  INDICATES TRACE AMOUNT.




$$
