121
CDUS43 KMPX 230050
CLIMSP


CLIMATE REPORT
NATIONAL WEATHER SERVICE CHANHASSEN MN
750 PM CDT MON MAY 22 2017


...................................

...THE TWIN CITIES MN CLIMATE SUMMARY FOR MAY 22 2017...
VALID TODAY AS OF 0700 PM LOCAL TIME.

CLIMATE NORMAL PERIOD 1981 TO 2010
CLIMATE RECORD PERIOD 1871 TO 2017


WEATHER ITEM   OBSERVED TIME   RECORD YEAR NORMAL DEPARTURE LAST
                VALUE   (LST)  VALUE       VALUE  FROM      YEAR
                                                  NORMAL
..................................................................
TEMPERATURE (F)
 TODAY
  MAXIMUM         67    401 PM  99    1925  71     -4       84
  MINIMUM         45    327 AM  32    1917  51     -6       53
  AVERAGE         56                        61     -5       69

PRECIPITATION (IN)
  TODAY            0.00          1.20 1936   0.11  -0.11     0.00
  MONTH TO DATE    4.75                      2.39   2.36     1.25
  SINCE MAR 1      9.88                      6.94   2.94     6.35
  SINCE JAN 1     11.50                      8.61   2.89     7.75

SNOWFALL (IN)
  TODAY            0.0           0.0    MM   0.0    0.0      0.0
  MONTH TO DATE    T                         0.0    0.0      0.0
  SINCE MAR 1      5.2                      12.7   -7.5      5.9
  SINCE JUL 1     32.0                      54.4  -22.4     36.7
  SNOW DEPTH       0

DEGREE DAYS
 HEATING
  TODAY            9                         6      3        0
  MONTH TO DATE  174                       178     -4      174
  SINCE MAR 1   1557                      1706   -149     1411
  SINCE JUL 1   6258                      7496  -1238     6276

 COOLING
  TODAY            0                         1     -1        4
  MONTH TO DATE   15                        20     -5       17
  SINCE MAR 1     15                        25    -10       25
  SINCE JAN 1     15                        25    -10       25
..................................................................


WIND (MPH)
  HIGHEST WIND SPEED    20   HIGHEST WIND DIRECTION    NW (300)
  HIGHEST GUST SPEED    25   HIGHEST GUST DIRECTION     W (270)
  AVERAGE WIND SPEED    10.3


SKY COVER
  POSSIBLE SUNSHINE  MM
  AVERAGE SKY COVER 0.5


WEATHER CONDITIONS
 THE FOLLOWING WEATHER WAS RECORDED TODAY.
  NO SIGNIFICANT WEATHER WAS OBSERVED.


RELATIVE HUMIDITY (PERCENT)
 HIGHEST    89           300 AM
 LOWEST     40           500 PM
 AVERAGE    65

..........................................................


THE TWIN CITIES MN CLIMATE NORMALS FOR TOMORROW
                         NORMAL    RECORD    YEAR
 MAXIMUM TEMPERATURE (F)   71        89      2012
 MINIMUM TEMPERATURE (F)   51        28      1963


SUNRISE AND SUNSET
MAY 22 2017...........SUNRISE   537 AM CDT   SUNSET   843 PM CDT
MAY 23 2017...........SUNRISE   536 AM CDT   SUNSET   844 PM CDT


-  INDICATES NEGATIVE NUMBERS.
R  INDICATES RECORD WAS SET OR TIED.
MM INDICATES DATA IS MISSING.
T  INDICATES TRACE AMOUNT.




$$
