000
CDUS43 KMPX 280640
CLIMSP


CLIMATE REPORT
NATIONAL WEATHER SERVICE CHANHASSEN MN
139 AM CDT WED JUN 28 2017


...................................

...THE TWIN CITIES MN CLIMATE SUMMARY FOR JUNE 27 2017...

CLIMATE NORMAL PERIOD 1981 TO 2010
CLIMATE RECORD PERIOD 1871 TO 2017


WEATHER ITEM   OBSERVED TIME   RECORD YEAR NORMAL DEPARTURE LAST
                VALUE   (LST)  VALUE       VALUE  FROM      YEAR
                                                  NORMAL
..................................................................
TEMPERATURE (F)
 YESTERDAY
  MAXIMUM         77    510 PM 104    1934  82     -5       76
  MINIMUM         55    537 AM  44    1925  62     -7       64
  AVERAGE         66                        72     -6       70

PRECIPITATION (IN)
  YESTERDAY        0.00          2.00 1953   0.15  -0.15     0.00
  MONTH TO DATE    3.21                      3.82  -0.61     4.39
  SINCE JUN 1      3.21                      3.82  -0.61     4.39
  SINCE JAN 1     14.76                     13.40   1.36    13.31

SNOWFALL (IN)
  YESTERDAY        0.0           0.0    MM   0.0    0.0      0.0
  MONTH TO DATE    T                         0.0    0.0      0.0
  SINCE JUN 1      T                         0.0    0.0      0.0
  SINCE JUL 1     32.0                      54.4  -22.4     36.7
  SNOW DEPTH       0

DEGREE DAYS
 HEATING
  YESTERDAY        0                         0      0        0
  MONTH TO DATE   12                        44    -32        7
  SINCE JUN 1     12                        44    -32        7
  SINCE JUL 1   6310                      7580  -1270     6283

 COOLING
  YESTERDAY        1                         8     -7        5
  MONTH TO DATE  191                       135     56      189
  SINCE JUN 1    191                       135     56      189
  SINCE JAN 1    212                       177     35      265
..................................................................


WIND (MPH)
  HIGHEST WIND SPEED    20   HIGHEST WIND DIRECTION     S (180)
  HIGHEST GUST SPEED    27   HIGHEST GUST DIRECTION    SW (210)
  AVERAGE WIND SPEED     9.6


SKY COVER
  POSSIBLE SUNSHINE  MM
  AVERAGE SKY COVER 0.5


WEATHER CONDITIONS
 THE FOLLOWING WEATHER WAS RECORDED YESTERDAY.
  NO SIGNIFICANT WEATHER WAS OBSERVED.


RELATIVE HUMIDITY (PERCENT)
 HIGHEST    72           300 AM
 LOWEST     26           400 PM
 AVERAGE    49

..........................................................


THE TWIN CITIES MN CLIMATE NORMALS FOR TODAY
                         NORMAL    RECORD    YEAR
 MAXIMUM TEMPERATURE (F)   82       102      1931
 MINIMUM TEMPERATURE (F)   63        47      1924
                                             1895


SUNRISE AND SUNSET
JUNE 28 2017..........SUNRISE   529 AM CDT   SUNSET   903 PM CDT
JUNE 29 2017..........SUNRISE   530 AM CDT   SUNSET   903 PM CDT


-  INDICATES NEGATIVE NUMBERS.
R  INDICATES RECORD WAS SET OR TIED.
MM INDICATES DATA IS MISSING.
T  INDICATES TRACE AMOUNT.




$$
