000
CDUS43 KMPX 100710
CLIMSP


CLIMATE REPORT
NATIONAL WEATHER SERVICE CHANHASSEN MN
109 AM CST SUN DEC 10 2017


...................................

...THE TWIN CITIES MN CLIMATE SUMMARY FOR DECEMBER 9 2017...

CLIMATE NORMAL PERIOD 1981 TO 2010
CLIMATE RECORD PERIOD 1871 TO 2017


WEATHER ITEM   OBSERVED TIME   RECORD YEAR NORMAL DEPARTURE LAST
                VALUE   (LST)  VALUE       VALUE  FROM      YEAR
                                                  NORMAL
..................................................................
TEMPERATURE (F)
 YESTERDAY
  MAXIMUM         29   1215 AM  58    1939  29      0       20
  MINIMUM         19   1046 AM -27    1876  14      5       10
  AVERAGE         24                        22      2       15

PRECIPITATION (IN)
  YESTERDAY        T             1.19 1899   0.04  -0.04      T
  MONTH TO DATE    0.39                      0.38   0.01     0.13
  SINCE DEC 1      0.39                      0.38   0.01     0.13
  SINCE JAN 1     31.96                     29.83   2.13    38.31

SNOWFALL (IN)
  YESTERDAY        T            10.5  2012   0.5   -0.5       T
  MONTH TO DATE    2.4                       3.7   -1.3      2.4
  SINCE DEC 1      2.4                       3.7   -1.3      2.4
  SINCE JUL 1      3.1                      13.6  -10.5      4.7
  SNOW DEPTH       2

DEGREE DAYS
 HEATING
  YESTERDAY       41                        43     -2       50
  MONTH TO DATE  320                       375    -55      335
  SINCE DEC 1    320                       375    -55      335
  SINCE JUL 1   1730                      1994   -264     1379

 COOLING
  YESTERDAY        0                         0      0        0
  MONTH TO DATE    0                         0      0        0
  SINCE DEC 1      0                         0      0        0
  SINCE JAN 1    830                       753     77      964
..................................................................


WIND (MPH)
  HIGHEST WIND SPEED    28   HIGHEST WIND DIRECTION     N (360)
  HIGHEST GUST SPEED    35   HIGHEST GUST DIRECTION     N (360)
  AVERAGE WIND SPEED    11.5


SKY COVER
  POSSIBLE SUNSHINE  MM
  AVERAGE SKY COVER 1.0


WEATHER CONDITIONS
 THE FOLLOWING WEATHER WAS RECORDED YESTERDAY.
  LIGHT SNOW


RELATIVE HUMIDITY (PERCENT)
 HIGHEST    77           700 PM
 LOWEST     62           200 AM
 AVERAGE    70

..........................................................


THE TWIN CITIES MN CLIMATE NORMALS FOR TODAY
                         NORMAL    RECORD    YEAR
 MAXIMUM TEMPERATURE (F)   29        54      1979
 MINIMUM TEMPERATURE (F)   14       -18      1977


SUNRISE AND SUNSET
DECEMBER 10 2017......SUNRISE   740 AM CST   SUNSET   432 PM CST
DECEMBER 11 2017......SUNRISE   741 AM CST   SUNSET   432 PM CST


-  INDICATES NEGATIVE NUMBERS.
R  INDICATES RECORD WAS SET OR TIED.
MM INDICATES DATA IS MISSING.
T  INDICATES TRACE AMOUNT.




$$
