000
CDUS43 KMPX 240028
CLIMSP


CLIMATE REPORT
NATIONAL WEATHER SERVICE CHANHASSEN MN
627 PM CST SUN NOV 23 2014


...................................

...THE TWIN CITIES MN CLIMATE SUMMARY FOR NOVEMBER 23 2014...
VALID TODAY AS OF 0600 PM LOCAL TIME.

CLIMATE NORMAL PERIOD 1981 TO 2010
CLIMATE RECORD PERIOD 1871 TO 2014


WEATHER ITEM   OBSERVED TIME   RECORD YEAR NORMAL DEPARTURE LAST
                VALUE   (LST)  VALUE       VALUE  FROM      YEAR
                                                  NORMAL
..................................................................
TEMPERATURE (F)
 TODAY
  MAXIMUM         51    425 AM  55    1905  37     14       19
  MINIMUM         38   1207 AM  -6    1898  22     16        7
  AVERAGE         45                        29     16       13

PRECIPITATION (IN)
  TODAY            T             0.89 1983   0.06  -0.06     0.00
  MONTH TO DATE    0.56                      1.39  -0.83     0.52
  SINCE SEP 1      3.23                      6.90  -3.67     4.87
  SINCE JAN 1     34.23                     29.07   5.16    31.31

SNOWFALL (IN)
  TODAY            0.0          11.4  1983   0.3   -0.3      0.0
  MONTH TO DATE    5.5                       6.3   -0.8      1.1
  SINCE SEP 1      5.5                       6.9   -1.4      1.1
  SINCE JUL 1      5.5                       6.9   -1.4      1.1
  SNOW DEPTH       T

DEGREE DAYS
 HEATING
  TODAY           20                        36    -16       52
  MONTH TO DATE  842                       675    167      667
  SINCE SEP 1   1449                      1336    113     1212
  SINCE JUL 1   1456                      1355    101     1220

 COOLING
  TODAY            0                         0      0        0
  MONTH TO DATE    0                         0      0        0
  SINCE SEP 1     63                        72     -9      134
  SINCE JAN 1    759                       753      6      983
..................................................................


WIND (MPH)
  HIGHEST WIND SPEED    16   HIGHEST WIND DIRECTION    NW (310)
  HIGHEST GUST SPEED    20   HIGHEST GUST DIRECTION    NW (320)
  AVERAGE WIND SPEED     6.7


SKY COVER
  POSSIBLE SUNSHINE  MM
  AVERAGE SKY COVER 1.0


WEATHER CONDITIONS
 THE FOLLOWING WEATHER WAS RECORDED TODAY.
  LIGHT RAIN
  FOG
  FOG W/VISIBILITY <= 1/4 MILE
  HAZE


RELATIVE HUMIDITY (PERCENT)
 HIGHEST   100           100 AM
 LOWEST     79           400 PM
 AVERAGE    90

..........................................................


THE TWIN CITIES MN CLIMATE NORMALS FOR TOMORROW
                         NORMAL    RECORD    YEAR
 MAXIMUM TEMPERATURE (F)   36        59      2011
                                             1990
 MINIMUM TEMPERATURE (F)   22       -10      1893


SUNRISE AND SUNSET
NOVEMBER 23 2014......SUNRISE   721 AM CST   SUNSET   437 PM CST
NOVEMBER 24 2014......SUNRISE   722 AM CST   SUNSET   437 PM CST


-  INDICATES NEGATIVE NUMBERS.
R  INDICATES RECORD WAS SET OR TIED.
MM INDICATES DATA IS MISSING.
T  INDICATES TRACE AMOUNT.




$$
