000
CDUS43 KMPX 140819
CLIMSP


CLIMATE REPORT
NATIONAL WEATHER SERVICE CHANHASSEN MN
318 AM CDT TUE MAR 14 2017


...................................

...THE TWIN CITIES MN CLIMATE SUMMARY FOR MARCH 13 2017...

CLIMATE NORMAL PERIOD 1981 TO 2010
CLIMATE RECORD PERIOD 1871 TO 2017


WEATHER ITEM   OBSERVED TIME   RECORD YEAR NORMAL DEPARTURE LAST
                VALUE   (LST)  VALUE       VALUE  FROM      YEAR
                                                  NORMAL
..................................................................
TEMPERATURE (F)
 YESTERDAY
  MAXIMUM         27    404 PM  67    2012  40    -13       54
  MINIMUM         14    716 AM  -9    1895  23     -9       47
  AVERAGE         21                        31    -10       51

PRECIPITATION (IN)
  YESTERDAY        0.01          0.78 2006   0.05  -0.04      T
  MONTH TO DATE    0.39                      0.68  -0.29     0.05
  SINCE MAR 1      0.39                      0.68  -0.29     0.05
  SINCE JAN 1      2.01                      2.35  -0.34     1.45

SNOWFALL (IN)
  YESTERDAY        0.3           9.9  2006   0.4   -0.1      0.0
  MONTH TO DATE    4.7                       5.3   -0.6      0.4
  SINCE MAR 1      4.7                       5.3   -0.6      0.4
  SINCE JUL 1     31.5                      47.0  -15.5     31.2
  SNOW DEPTH       3

DEGREE DAYS
 HEATING
  YESTERDAY       44                        34     10       14
  MONTH TO DATE  475                       472      3      312
  SINCE MAR 1    475                       472      3      312
  SINCE JUL 1   5176                      6262  -1086     5177

 COOLING
  YESTERDAY        0                         0      0        0
  MONTH TO DATE    0                         0      0        0
  SINCE MAR 1      0                         0      0        0
  SINCE JAN 1      0                         0      0        0
..................................................................


WIND (MPH)
  HIGHEST WIND SPEED    17   HIGHEST WIND DIRECTION    NE (30)
  HIGHEST GUST SPEED    27   HIGHEST GUST DIRECTION    NE (40)
  AVERAGE WIND SPEED    11.1


SKY COVER
  POSSIBLE SUNSHINE  MM
  AVERAGE SKY COVER 0.6


WEATHER CONDITIONS
 THE FOLLOWING WEATHER WAS RECORDED YESTERDAY.
  LIGHT SNOW
  FOG


RELATIVE HUMIDITY (PERCENT)
 HIGHEST    80           200 AM
 LOWEST     37           500 PM
 AVERAGE    59

..........................................................


THE TWIN CITIES MN CLIMATE NORMALS FOR TODAY
                         NORMAL    RECORD    YEAR
 MAXIMUM TEMPERATURE (F)   40        73      2012
 MINIMUM TEMPERATURE (F)   24       -10      1897


SUNRISE AND SUNSET
MARCH 14 2017.........SUNRISE   727 AM CDT   SUNSET   718 PM CDT
MARCH 15 2017.........SUNRISE   725 AM CDT   SUNSET   719 PM CDT


-  INDICATES NEGATIVE NUMBERS.
R  INDICATES RECORD WAS SET OR TIED.
MM INDICATES DATA IS MISSING.
T  INDICATES TRACE AMOUNT.




$$
