000
CDUS43 KMPX 150707
CLIMSP


CLIMATE REPORT
NATIONAL WEATHER SERVICE CHANHASSEN MN
107 AM CST MON DEC 15 2014


...................................

...THE TWIN CITIES MN CLIMATE SUMMARY FOR DECEMBER 14 2014...

CLIMATE NORMAL PERIOD 1981 TO 2010
CLIMATE RECORD PERIOD 1871 TO 2014


WEATHER ITEM   OBSERVED TIME   RECORD YEAR NORMAL DEPARTURE LAST
                VALUE   (LST)  VALUE       VALUE  FROM      YEAR
                                                  NORMAL
..................................................................
TEMPERATURE (F)
 YESTERDAY
  MAXIMUM         50    835 PM  55    1998  27     23       16
  MINIMUM         43    126 AM -27    1901  12     31        0
  AVERAGE         47                        20     27        8

PRECIPITATION (IN)
  YESTERDAY        0.01          1.50 1891   0.04  -0.03     0.06
  MONTH TO DATE    0.03                      0.57  -0.54     0.93
  SINCE DEC 1      0.03                      0.57  -0.54     0.93
  SINCE JAN 1     34.57                     30.02   4.55    32.24

SNOWFALL (IN)
  YESTERDAY        0.0           5.2  1996   0.4   -0.4      0.7
  MONTH TO DATE    0.1                       5.7   -5.6      8.9
  SINCE DEC 1      0.1                       5.7   -5.6      8.9
  SINCE JUL 1      9.5                      15.6   -6.1     10.0
  SNOW DEPTH       0

DEGREE DAYS
 HEATING
  YESTERDAY       18                        45    -27       57
  MONTH TO DATE  547                       598    -51      741
  SINCE DEC 1    547                       598    -51      741
  SINCE JUL 1   2340                      2217    123     2242

 COOLING
  YESTERDAY        0                         0      0        0
  MONTH TO DATE    0                         0      0        0
  SINCE DEC 1      0                         0      0        0
  SINCE JAN 1    759                       753      6      983
..................................................................


WIND (MPH)
  HIGHEST WIND SPEED    13   HIGHEST WIND DIRECTION     S (160)
  HIGHEST GUST SPEED    16   HIGHEST GUST DIRECTION    SE (150)
  AVERAGE WIND SPEED     7.2


SKY COVER
  POSSIBLE SUNSHINE  MM
  AVERAGE SKY COVER 1.0


WEATHER CONDITIONS
 THE FOLLOWING WEATHER WAS RECORDED YESTERDAY.
  LIGHT RAIN
  FOG
  FOG W/VISIBILITY <= 1/4 MILE


RELATIVE HUMIDITY (PERCENT)
 HIGHEST   100          1200 AM
 LOWEST     86           300 PM
 AVERAGE    93

..........................................................


THE TWIN CITIES MN CLIMATE NORMALS FOR TODAY
                         NORMAL    RECORD    YEAR
 MAXIMUM TEMPERATURE (F)   27        49      1923
 MINIMUM TEMPERATURE (F)   12       -21      1901


SUNRISE AND SUNSET
DECEMBER 15 2014......SUNRISE   744 AM CST   SUNSET   432 PM CST
DECEMBER 16 2014......SUNRISE   745 AM CST   SUNSET   433 PM CST


-  INDICATES NEGATIVE NUMBERS.
R  INDICATES RECORD WAS SET OR TIED.
MM INDICATES DATA IS MISSING.
T  INDICATES TRACE AMOUNT.




$$
