000
CDUS43 KMPX 120630
CLIMSP


CLIMATE REPORT
NATIONAL WEATHER SERVICE CHANHASSEN MN
130 AM CDT FRI AUG 12 2016


...................................

...THE TWIN CITIES MN CLIMATE SUMMARY FOR AUGUST 11 2016...

CLIMATE NORMAL PERIOD 1981 TO 2010
CLIMATE RECORD PERIOD 1871 TO 2016


WEATHER ITEM   OBSERVED TIME   RECORD YEAR NORMAL DEPARTURE LAST
                VALUE   (LST)  VALUE       VALUE  FROM      YEAR
                                                  NORMAL
..................................................................
TEMPERATURE (F)
 YESTERDAY
  MAXIMUM         84    308 PM  97    1947  81      3       82
  MINIMUM         69    639 AM  47    2004  63      6       62
                                      1968
  AVERAGE         77                        72      5       72

PRECIPITATION (IN)
  YESTERDAY        1.11          1.73 2007   0.14   0.97     0.00
  MONTH TO DATE    3.77                      1.61   2.16     0.74
  SINCE JUN 1     13.35                      9.90   3.45    12.46
  SINCE JAN 1     22.27                     19.48   2.79    19.79

SNOWFALL (IN)
  YESTERDAY        0.0           0.0    MM   0.0    0.0      0.0
  MONTH TO DATE    0.0                       0.0    0.0      0.0
  SINCE JUN 1      0.0                       0.0    0.0      0.0
  SINCE JUL 1      0.0                       0.0    0.0      0.0
  SNOW DEPTH       0

DEGREE DAYS
 HEATING
  YESTERDAY        0                         0      0        0
  MONTH TO DATE    0                         0      0        0
  SINCE JUN 1      8                        49    -41        9
  SINCE JUL 1      1                         5     -4        2

 COOLING
  YESTERDAY       12                         7      5        7
  MONTH TO DATE  131                        86     45       90
  SINCE JUN 1    658                       520    138      513
  SINCE JAN 1    734                       562    172      540
..................................................................


WIND (MPH)
  HIGHEST WIND SPEED    16   HIGHEST WIND DIRECTION    SE (130)
  HIGHEST GUST SPEED    20   HIGHEST GUST DIRECTION     S (160)
  AVERAGE WIND SPEED     6.8


SKY COVER
  POSSIBLE SUNSHINE  MM
  AVERAGE SKY COVER 0.9


WEATHER CONDITIONS
 THE FOLLOWING WEATHER WAS RECORDED YESTERDAY.
  THUNDERSTORM
  HEAVY RAIN
  RAIN
  LIGHT RAIN
  FOG


RELATIVE HUMIDITY (PERCENT)
 HIGHEST    90          1200 AM
 LOWEST     58           200 PM
 AVERAGE    74

..........................................................


THE TWIN CITIES MN CLIMATE NORMALS FOR TODAY
                         NORMAL    RECORD    YEAR
 MAXIMUM TEMPERATURE (F)   81        94      1965
                                             1886
 MINIMUM TEMPERATURE (F)   63        45      1961


SUNRISE AND SUNSET
AUGUST 12 2016........SUNRISE   612 AM CDT   SUNSET   823 PM CDT
AUGUST 13 2016........SUNRISE   613 AM CDT   SUNSET   821 PM CDT


-  INDICATES NEGATIVE NUMBERS.
R  INDICATES RECORD WAS SET OR TIED.
MM INDICATES DATA IS MISSING.
T  INDICATES TRACE AMOUNT.




$$
