000
CDUS43 KMPX 050716
CLIMSP


CLIMATE REPORT
NATIONAL WEATHER SERVICE CHANHASSEN MN
214 AM CDT THU OCT 5 2017


...................................

...THE TWIN CITIES MN CLIMATE SUMMARY FOR OCTOBER 4 2017...

CLIMATE NORMAL PERIOD 1981 TO 2010
CLIMATE RECORD PERIOD 1871 TO 2017


WEATHER ITEM   OBSERVED TIME   RECORD YEAR NORMAL DEPARTURE LAST
                VALUE   (LST)  VALUE       VALUE  FROM      YEAR
                                                  NORMAL
..................................................................
TEMPERATURE (F)
 YESTERDAY
  MAXIMUM         60    356 PM  89    1922  64     -4       76
  MINIMUM         46    613 AM  24    1935  44      2       58
  AVERAGE         53                        54     -1       67

PRECIPITATION (IN)
  YESTERDAY        0.00          4.61 2005   0.10  -0.10     0.13
  MONTH TO DATE    2.59                      0.40   2.19     0.13
  SINCE SEP 1      3.63                      3.48   0.15     5.60
  SINCE JAN 1     29.28                     25.65   3.63    31.92

SNOWFALL (IN)
  YESTERDAY        0.0           T    1935   0.0    0.0      0.0
  MONTH TO DATE    0.0                       0.0    0.0      0.0
  SINCE SEP 1      0.0                       T      0.0       T
  SINCE JUL 1      0.0                       T      0.0       T
  SNOW DEPTH       0

DEGREE DAYS
 HEATING
  YESTERDAY       12                        12      0        0
  MONTH TO DATE   23                        44    -21        3
  SINCE SEP 1     88                       198   -110       53
  SINCE JUL 1     95                       217   -122       56

 COOLING
  YESTERDAY        0                         0      0        2
  MONTH TO DATE    0                         3     -3        2
  SINCE SEP 1    141                        69     72       93
  SINCE JAN 1    829                       750     79      964
..................................................................


WIND (MPH)
  HIGHEST WIND SPEED    15   HIGHEST WIND DIRECTION     W (270)
  HIGHEST GUST SPEED    20   HIGHEST GUST DIRECTION     W (260)
  AVERAGE WIND SPEED     7.2


SKY COVER
  POSSIBLE SUNSHINE  MM
  AVERAGE SKY COVER 0.0


WEATHER CONDITIONS
 THE FOLLOWING WEATHER WAS RECORDED YESTERDAY.
  HAZE


RELATIVE HUMIDITY (PERCENT)
 HIGHEST    93           300 AM
 LOWEST     51           400 PM
 AVERAGE    72

..........................................................


THE TWIN CITIES MN CLIMATE NORMALS FOR TODAY
                         NORMAL    RECORD    YEAR
 MAXIMUM TEMPERATURE (F)   63        88      2011
 MINIMUM TEMPERATURE (F)   44        25      1952


SUNRISE AND SUNSET
OCTOBER  5 2017.......SUNRISE   716 AM CDT   SUNSET   645 PM CDT
OCTOBER  6 2017.......SUNRISE   717 AM CDT   SUNSET   644 PM CDT


-  INDICATES NEGATIVE NUMBERS.
R  INDICATES RECORD WAS SET OR TIED.
MM INDICATES DATA IS MISSING.
T  INDICATES TRACE AMOUNT.




$$
