000
CDUS43 KMPX 210027
CLIMSP


CLIMATE REPORT
NATIONAL WEATHER SERVICE CHANHASSEN MN
627 PM CST SUN NOV 20 2016


...................................

...THE TWIN CITIES MN CLIMATE SUMMARY FOR NOVEMBER 20 2016...
VALID AS OF 0600 PM LOCAL TIME.

CLIMATE NORMAL PERIOD 1981 TO 2010
CLIMATE RECORD PERIOD 1871 TO 2016


WEATHER ITEM   OBSERVED TIME   RECORD YEAR NORMAL DEPARTURE LAST
                VALUE   (LST)  VALUE       VALUE  FROM      YEAR
                                                  NORMAL
..................................................................
TEMPERATURE (F)
 TODAY
  MAXIMUM         30    405 PM  63    1925  38     -8       31
  MINIMUM         24    204 AM  -3    1921  24      0       25
  AVERAGE         27                        31     -4       28

PRECIPITATION (IN)
  TODAY            0.00          2.01 1975   0.06  -0.06     0.00
  MONTH TO DATE    0.80                      1.22  -0.42     3.99
  SINCE SEP 1      9.68                      6.73   2.95    11.25
  SINCE JAN 1     36.00                     28.90   7.10    33.29

SNOWFALL (IN)
  TODAY            0.0           8.0  1975   0.4   -0.4      0.0
  MONTH TO DATE    0.3                       5.2   -4.9       T
  SINCE SEP 1      0.3                       5.8   -5.5       T
  SINCE JUL 1      0.3                       5.8   -5.5       T
  SNOW DEPTH       0

DEGREE DAYS
 HEATING
  TODAY           38                        34      4       37
  MONTH TO DATE  336                       569   -233      352
  SINCE SEP 1    755                      1230   -475      809
  SINCE JUL 1    758                      1249   -491      824

 COOLING
  TODAY            0                         0      0        0
  MONTH TO DATE    0                         0      0        0
  SINCE SEP 1     93                        72     21      160
  SINCE JAN 1    964                       753    211      809
..................................................................


WIND (MPH)
  HIGHEST WIND SPEED    12   HIGHEST WIND DIRECTION     E (80)
  HIGHEST GUST SPEED    15   HIGHEST GUST DIRECTION     E (70)
  AVERAGE WIND SPEED     5.9


SKY COVER
  POSSIBLE SUNSHINE  MM
  AVERAGE SKY COVER 0.6


WEATHER CONDITIONS
 THE FOLLOWING WEATHER WAS RECORDED TODAY.
  NO SIGNIFICANT WEATHER WAS OBSERVED.


RELATIVE HUMIDITY (PERCENT)
 HIGHEST    74          1200 AM
 LOWEST     50           900 AM
 AVERAGE    62

..........................................................


THE TWIN CITIES MN CLIMATE NORMALS FOR TOMORROW
                         NORMAL    RECORD    YEAR
 MAXIMUM TEMPERATURE (F)   38        67      1990
 MINIMUM TEMPERATURE (F)   23       -11      1880


SUNRISE AND SUNSET
NOVEMBER 20 2016......SUNRISE   718 AM CST   SUNSET   439 PM CST
NOVEMBER 21 2016......SUNRISE   719 AM CST   SUNSET   439 PM CST


-  INDICATES NEGATIVE NUMBERS.
R  INDICATES RECORD WAS SET OR TIED.
MM INDICATES DATA IS MISSING.
T  INDICATES TRACE AMOUNT.




$$
