000
CDUS43 KMPX 150029
CLIMSP


CLIMATE REPORT
NATIONAL WEATHER SERVICE CHANHASSEN MN
729 PM CDT SAT MAY 14 2016


...................................

...THE TWIN CITIES MN CLIMATE SUMMARY FOR MAY 14 2016...
VALID TODAY AS OF 0700 PM LOCAL TIME.

CLIMATE NORMAL PERIOD 1981 TO 2010
CLIMATE RECORD PERIOD 1871 TO 2016


WEATHER ITEM   OBSERVED TIME   RECORD YEAR NORMAL DEPARTURE LAST
                VALUE   (LST)  VALUE       VALUE  FROM      YEAR
                                                  NORMAL
..................................................................
TEMPERATURE (F)
 TODAY
  MAXIMUM         52    433 PM  98    2013  69    -17       57
  MINIMUM         34    605 AM  32    1907  48    -14       51
  AVERAGE         43                        59    -16       54

PRECIPITATION (IN)
  TODAY            0.00          1.28 1916   0.11  -0.11     0.34
  MONTH TO DATE    1.25                      1.53  -0.28     1.60
  SINCE MAR 1      6.35                      6.08   0.27     4.69
  SINCE JAN 1      7.75                      7.75   0.00     5.38

SNOWFALL (IN)
  TODAY            0.0           T    1907   0.0    0.0      0.0
                                      1927
  MONTH TO DATE    0.0                       0.0    0.0      0.0
  SINCE MAR 1      5.9                      12.7   -6.8      7.1
  SINCE JUL 1     36.7                      54.4  -17.7     32.4
  SNOW DEPTH       0

DEGREE DAYS
 HEATING
  TODAY           22                         7     15       11
  MONTH TO DATE  132                       127      5       95
  SINCE MAR 1   1369                      1655   -286     1452
  SINCE JUL 1   6234                      7445  -1211     7417

 COOLING
  TODAY            0                         1     -1        0
  MONTH TO DATE   11                        12     -1       12
  SINCE MAR 1     19                        17      2       12
  SINCE JAN 1     19                        17      2       12
..................................................................


WIND (MPH)
  HIGHEST WIND SPEED    25   HIGHEST WIND DIRECTION    NW (310)
  HIGHEST GUST SPEED    35   HIGHEST GUST DIRECTION    NW (320)
  AVERAGE WIND SPEED    16.4


SKY COVER
  POSSIBLE SUNSHINE  MM
  AVERAGE SKY COVER 0.5


WEATHER CONDITIONS
 THE FOLLOWING WEATHER WAS RECORDED TODAY.
  NO SIGNIFICANT WEATHER WAS OBSERVED.


RELATIVE HUMIDITY (PERCENT)
 HIGHEST    61           500 AM
 LOWEST     26           500 PM
 AVERAGE    44

..........................................................


THE TWIN CITIES MN CLIMATE NORMALS FOR TOMORROW
                         NORMAL    RECORD    YEAR
 MAXIMUM TEMPERATURE (F)   69        94      2001
 MINIMUM TEMPERATURE (F)   49        31      1980
                                             1907


SUNRISE AND SUNSET
MAY 14 2016...........SUNRISE   545 AM CDT   SUNSET   834 PM CDT
MAY 15 2016...........SUNRISE   544 AM CDT   SUNSET   836 PM CDT


-  INDICATES NEGATIVE NUMBERS.
R  INDICATES RECORD WAS SET OR TIED.
MM INDICATES DATA IS MISSING.
T  INDICATES TRACE AMOUNT.




$$
