000
CDUS43 KMPX 210036
CLIMSP


CLIMATE REPORT
NATIONAL WEATHER SERVICE CHANHASSEN MN
736 PM CDT THU APR 20 2017


...................................

...THE TWIN CITIES MN CLIMATE SUMMARY FOR APRIL 20 2017...
VALID TODAY AS OF 0700 PM LOCAL TIME.

CLIMATE NORMAL PERIOD 1981 TO 2010
CLIMATE RECORD PERIOD 1871 TO 2017


WEATHER ITEM   OBSERVED TIME   RECORD YEAR NORMAL DEPARTURE LAST
                VALUE   (LST)  VALUE       VALUE  FROM      YEAR
                                                  NORMAL
..................................................................
TEMPERATURE (F)
 TODAY
  MAXIMUM         52    405 PM  83    1980  60     -8       67
  MINIMUM         40    715 AM  21    2013  39      1       52
  AVERAGE         46                        50     -4       60

PRECIPITATION (IN)
  TODAY            0.15          0.85 1893   0.09   0.06     0.25
  MONTH TO DATE    2.88                      1.64   1.24     0.67
  SINCE MAR 1      3.56                      3.53   0.03     2.93
  SINCE JAN 1      5.18                      5.20  -0.02     4.33

SNOWFALL (IN)
  TODAY            0.0           8.5  1893   0.1   -0.1      0.0
  MONTH TO DATE    0.5                       1.9   -1.4      0.5
  SINCE MAR 1      5.2                      12.2   -7.0      5.9
  SINCE JUL 1     32.0                      53.9  -21.9     36.7
  SNOW DEPTH       0

DEGREE DAYS
 HEATING
  TODAY           19                        15      4        5
  MONTH TO DATE  269                       400   -131      362
  SINCE MAR 1   1224                      1398   -174     1090
  SINCE JUL 1   5925                      7188  -1263     5955

 COOLING
  TODAY            0                         0      0        0
  MONTH TO DATE    0                         0      0        8
  SINCE MAR 1      0                         0      0        8
  SINCE JAN 1      0                         0      0        8
..................................................................


WIND (MPH)
  HIGHEST WIND SPEED    21   HIGHEST WIND DIRECTION    NW (320)
  HIGHEST GUST SPEED    27   HIGHEST GUST DIRECTION    NW (320)
  AVERAGE WIND SPEED    14.6


SKY COVER
  POSSIBLE SUNSHINE  MM
  AVERAGE SKY COVER 0.9


WEATHER CONDITIONS
 THE FOLLOWING WEATHER WAS RECORDED TODAY.
  THUNDERSTORM
  LIGHT RAIN
  FOG


RELATIVE HUMIDITY (PERCENT)
 HIGHEST    93           300 AM
 LOWEST     56           400 PM
 AVERAGE    75

..........................................................


THE TWIN CITIES MN CLIMATE NORMALS FOR TOMORROW
                         NORMAL    RECORD    YEAR
 MAXIMUM TEMPERATURE (F)   61        95      1980
 MINIMUM TEMPERATURE (F)   40        22      1966


SUNRISE AND SUNSET
APRIL 20 2017.........SUNRISE   619 AM CDT   SUNSET   805 PM CDT
APRIL 21 2017.........SUNRISE   618 AM CDT   SUNSET   806 PM CDT


-  INDICATES NEGATIVE NUMBERS.
R  INDICATES RECORD WAS SET OR TIED.
MM INDICATES DATA IS MISSING.
T  INDICATES TRACE AMOUNT.




$$
