000
CDUS43 KMPX 131006
CLIMSP


CLIMATE REPORT
NATIONAL WEATHER SERVICE CHANHASSEN MN
404 AM CST SAT DEC 13 2014


...................................

...THE TWIN CITIES MN CLIMATE SUMMARY FOR DECEMBER 12 2014...

CLIMATE NORMAL PERIOD 1981 TO 2010
CLIMATE RECORD PERIOD 1871 TO 2014


WEATHER ITEM   OBSERVED TIME   RECORD YEAR NORMAL DEPARTURE LAST
                VALUE   (LST)  VALUE       VALUE  FROM      YEAR
                                                  NORMAL
..................................................................
TEMPERATURE (F)
 YESTERDAY
  MAXIMUM         37   1131 PM  53    1968  28      9       19
                                      1883
  MINIMUM         32   1238 AM -15    1879  13     19        1
  AVERAGE         35                        20     15       10

PRECIPITATION (IN)
  YESTERDAY        0.00          0.61 1886   0.04  -0.04      T
  MONTH TO DATE    0.01                      0.50  -0.49     0.85
  SINCE DEC 1      0.01                      0.50  -0.49     0.85
  SINCE JAN 1     34.55                     29.95   4.60    32.16

SNOWFALL (IN)
  YESTERDAY        0.0           4.6  1941   0.4   -0.4       T
  MONTH TO DATE    0.1                       4.9   -4.8      8.1
  SINCE DEC 1      0.1                       4.9   -4.8      8.1
  SINCE JUL 1      9.5                      14.8   -5.3      9.2
  SNOW DEPTH       1

DEGREE DAYS
 HEATING
  YESTERDAY       30                        45    -15       55
  MONTH TO DATE  506                       508     -2      633
  SINCE DEC 1    506                       508     -2      633
  SINCE JUL 1   2299                      2127    172     2134

 COOLING
  YESTERDAY        0                         0      0        0
  MONTH TO DATE    0                         0      0        0
  SINCE DEC 1      0                         0      0        0
  SINCE JAN 1    759                       753      6      983
..................................................................


WIND (MPH)
  HIGHEST WIND SPEED    14   HIGHEST WIND DIRECTION    SW (220)
  HIGHEST GUST SPEED    18   HIGHEST GUST DIRECTION    SW (230)
  AVERAGE WIND SPEED     8.1


SKY COVER
  POSSIBLE SUNSHINE  MM
  AVERAGE SKY COVER 1.0


WEATHER CONDITIONS
 THE FOLLOWING WEATHER WAS RECORDED YESTERDAY.
  FOG
  HAZE


RELATIVE HUMIDITY (PERCENT)
 HIGHEST   100           700 PM
 LOWEST     82           100 PM
 AVERAGE    91

..........................................................


THE TWIN CITIES MN CLIMATE NORMALS FOR TODAY
                         NORMAL    RECORD    YEAR
 MAXIMUM TEMPERATURE (F)   27        53      1891
 MINIMUM TEMPERATURE (F)   13       -21      1917


SUNRISE AND SUNSET
DECEMBER 13 2014......SUNRISE   742 AM CST   SUNSET   432 PM CST
DECEMBER 14 2014......SUNRISE   743 AM CST   SUNSET   432 PM CST


-  INDICATES NEGATIVE NUMBERS.
R  INDICATES RECORD WAS SET OR TIED.
MM INDICATES DATA IS MISSING.
T  INDICATES TRACE AMOUNT.




$$
