000
CDUS43 KMPX 132152
CLIMSP


CLIMATE REPORT
NATIONAL WEATHER SERVICE CHANHASSEN MN
451 PM CDT WED JUL 13 2016


...................................

...THE TWIN CITIES MN CLIMATE SUMMARY FOR JULY 13 2016...
VALID AS OF 0400 PM LOCAL TIME.

CLIMATE NORMAL PERIOD 1981 TO 2010
CLIMATE RECORD PERIOD 1871 TO 2016


WEATHER ITEM   OBSERVED TIME   RECORD YEAR NORMAL DEPARTURE LAST
                VALUE   (LST)  VALUE       VALUE  FROM      YEAR
                                                  NORMAL
..................................................................
TEMPERATURE (F)
 TODAY
  MAXIMUM         85    258 PM 105    1936  84      1       87
  MINIMUM         72    512 AM  50    1990  64      8       66
                                      1926
  AVERAGE         79                        74      5       77

PRECIPITATION (IN)
  TODAY            0.00          2.79 2013   0.13  -0.13      T
  MONTH TO DATE    1.76                      1.67   0.09     4.76
  SINCE JUN 1      6.25                      5.92   0.33     9.16
  SINCE JAN 1     15.17                     15.50  -0.33    16.49

SNOWFALL (IN)
  TODAY            0.0           T    2012   0.0    0.0      0.0
  MONTH TO DATE    0.0                       0.0    0.0      0.0
  SINCE JUN 1      0.0                       0.0    0.0      0.0
  SINCE JUL 1      0.0                       0.0    0.0      0.0
  SNOW DEPTH       0

DEGREE DAYS
 HEATING
  TODAY            0                         0      0        0
  MONTH TO DATE    1                         0      1        2
  SINCE JUN 1      8                        44    -36        9
  SINCE JUL 1      1                         0      1        2

 COOLING
  TODAY           14                         9      5       12
  MONTH TO DATE  123                       115      8       82
  SINCE JUN 1    326                       273     53      238
  SINCE JAN 1    402                       315     87      265
..................................................................


WIND (MPH)
  HIGHEST WIND SPEED    25   HIGHEST WIND DIRECTION     W (270)
  HIGHEST GUST SPEED    33   HIGHEST GUST DIRECTION     W (260)
  AVERAGE WIND SPEED    13.4


SKY COVER
  POSSIBLE SUNSHINE  MM
  AVERAGE SKY COVER 0.2


WEATHER CONDITIONS
 THE FOLLOWING WEATHER WAS RECORDED TODAY.
  HAZE


RELATIVE HUMIDITY (PERCENT)
 HIGHEST    79           600 AM
 LOWEST     37           100 PM
 AVERAGE    58

..........................................................


THE TWIN CITIES MN CLIMATE NORMALS FOR TOMORROW
                         NORMAL    RECORD    YEAR
 MAXIMUM TEMPERATURE (F)   84       108      1936
 MINIMUM TEMPERATURE (F)   65        50      1930


SUNRISE AND SUNSET
JULY 13 2016..........SUNRISE   540 AM CDT   SUNSET   857 PM CDT
JULY 14 2016..........SUNRISE   541 AM CDT   SUNSET   857 PM CDT


-  INDICATES NEGATIVE NUMBERS.
R  INDICATES RECORD WAS SET OR TIED.
MM INDICATES DATA IS MISSING.
T  INDICATES TRACE AMOUNT.




$$
