000
CDUS43 KMPX 172150
CLIMSP


CLIMATE REPORT
NATIONAL WEATHER SERVICE CHANHASSEN MN
440 PM CDT TUE MAY 17 2016


...................................

...THE TWIN CITIES MN CLIMATE SUMMARY FOR MAY 17 2016...
VALID AS OF 0400 PM LOCAL TIME.

CLIMATE NORMAL PERIOD 1981 TO 2010
CLIMATE RECORD PERIOD 1871 TO 2016


WEATHER ITEM   OBSERVED TIME   RECORD YEAR NORMAL DEPARTURE LAST
                VALUE   (LST)  VALUE       VALUE  FROM      YEAR
                                                  NORMAL
..................................................................
TEMPERATURE (F)
 TODAY
  MAXIMUM         65    255 PM  93    1987  70     -5       74
  MINIMUM         46    555 AM  31    1915  49     -3       48
  AVERAGE         56                        60     -4       61

PRECIPITATION (IN)
  TODAY            0.00          1.17 1938   0.11  -0.11     0.08
  MONTH TO DATE    1.25                      1.85  -0.60     1.74
  SINCE MAR 1      6.35                      6.40  -0.05     4.83
  SINCE JAN 1      7.75                      8.07  -0.32     5.52

SNOWFALL (IN)
  TODAY            0.0           T    1890   0.0    0.0      0.0
  MONTH TO DATE    0.0                       0.0    0.0      0.0
  SINCE MAR 1      5.9                      12.7   -6.8      7.1
  SINCE JUL 1     36.7                      54.4  -17.7     32.4
  SNOW DEPTH       0

DEGREE DAYS
 HEATING
  TODAY            9                         7      2        4
  MONTH TO DATE  163                       148     15      104
  SINCE MAR 1   1400                      1676   -276     1461
  SINCE JUL 1   6265                      7466  -1201     7426

 COOLING
  TODAY            0                         1     -1        0
  MONTH TO DATE   11                        15     -4       14
  SINCE MAR 1     19                        20     -1       14
  SINCE JAN 1     19                        20     -1       14
..................................................................


WIND (MPH)
  HIGHEST WIND SPEED    17   HIGHEST WIND DIRECTION    NE (30)
  HIGHEST GUST SPEED    24   HIGHEST GUST DIRECTION     N (20)
  AVERAGE WIND SPEED     9.1


SKY COVER
  POSSIBLE SUNSHINE  MM
  AVERAGE SKY COVER 0.3


WEATHER CONDITIONS
 THE FOLLOWING WEATHER WAS RECORDED TODAY.
  NO SIGNIFICANT WEATHER WAS OBSERVED.


RELATIVE HUMIDITY (PERCENT)
 HIGHEST    58           600 AM
 LOWEST     27          1200 PM
 AVERAGE    43

..........................................................


THE TWIN CITIES MN CLIMATE NORMALS FOR TOMORROW
                         NORMAL    RECORD    YEAR
 MAXIMUM TEMPERATURE (F)   70        93      2012
 MINIMUM TEMPERATURE (F)   50        27      1915


SUNRISE AND SUNSET
MAY 17 2016...........SUNRISE   541 AM CDT   SUNSET   838 PM CDT
MAY 18 2016...........SUNRISE   540 AM CDT   SUNSET   839 PM CDT


-  INDICATES NEGATIVE NUMBERS.
R  INDICATES RECORD WAS SET OR TIED.
MM INDICATES DATA IS MISSING.
T  INDICATES TRACE AMOUNT.




$$
