000
CDUS43 KMPX 162132
CLIMSP


CLIMATE REPORT
NATIONAL WEATHER SERVICE CHANHASSEN MN
431 PM CDT SUN APR 16 2017


...................................

...THE TWIN CITIES MN CLIMATE SUMMARY FOR APRIL 16 2017...
VALID TODAY AS OF 0400 PM LOCAL TIME.

CLIMATE NORMAL PERIOD 1981 TO 2010
CLIMATE RECORD PERIOD 1871 TO 2017


WEATHER ITEM   OBSERVED TIME   RECORD YEAR NORMAL DEPARTURE LAST
                VALUE   (LST)  VALUE       VALUE  FROM      YEAR
                                                  NORMAL
..................................................................
TEMPERATURE (F)
 TODAY
  MAXIMUM         66    259 PM  88    1964  58      8       80
  MINIMUM         47    558 AM  10    1875  38      9       57
  AVERAGE         57                        48      9       69

PRECIPITATION (IN)
  TODAY            0.00          1.04 2003   0.08  -0.08     0.00
  MONTH TO DATE    1.78                      1.28   0.50     0.15
  SINCE MAR 1      2.46                      3.17  -0.71     2.41
  SINCE JAN 1      4.08                      4.84  -0.76     3.81

SNOWFALL (IN)
  TODAY            0.0           5.0  1961   0.0    0.0      0.0
  MONTH TO DATE    0.5                       1.6   -1.1      0.5
  SINCE MAR 1      5.2                      11.9   -6.7      5.9
  SINCE JUL 1     32.0                      53.6  -21.6     36.7
  SNOW DEPTH       0

DEGREE DAYS
 HEATING
  TODAY            8                        17     -9        0
  MONTH TO DATE  212                       336   -124      346
  SINCE MAR 1   1167                      1334   -167     1074
  SINCE JUL 1   5868                      7124  -1256     5939

 COOLING
  TODAY            0                         0      0        4
  MONTH TO DATE    0                         0      0        4
  SINCE MAR 1      0                         0      0        4
  SINCE JAN 1      0                         0      0        4
..................................................................


WIND (MPH)
  HIGHEST WIND SPEED    17   HIGHEST WIND DIRECTION     W (260)
  HIGHEST GUST SPEED    29   HIGHEST GUST DIRECTION     W (260)
  AVERAGE WIND SPEED    14.3


SKY COVER
  POSSIBLE SUNSHINE  MM
  AVERAGE SKY COVER 0.2


WEATHER CONDITIONS
 THE FOLLOWING WEATHER WAS RECORDED TODAY.
  NO SIGNIFICANT WEATHER WAS OBSERVED.


RELATIVE HUMIDITY (PERCENT)
 HIGHEST    83           100 AM
 LOWEST     24           300 PM
 AVERAGE    54

..........................................................


THE TWIN CITIES MN CLIMATE NORMALS FOR TOMORROW
                         NORMAL    RECORD    YEAR
 MAXIMUM TEMPERATURE (F)   59        85      1985
 MINIMUM TEMPERATURE (F)   38        10      1875


SUNRISE AND SUNSET
APRIL 16 2017.........SUNRISE   626 AM CDT   SUNSET   800 PM CDT
APRIL 17 2017.........SUNRISE   624 AM CDT   SUNSET   801 PM CDT


-  INDICATES NEGATIVE NUMBERS.
R  INDICATES RECORD WAS SET OR TIED.
MM INDICATES DATA IS MISSING.
T  INDICATES TRACE AMOUNT.




$$
