000
CDUS43 KMPX 042217
CLIMSP


CLIMATE REPORT
NATIONAL WEATHER SERVICE CHANHASSEN MN
417 PM CST THU JAN 4 2018


...................................

...THE TWIN CITIES MN CLIMATE SUMMARY FOR JANUARY 4 2018...
VALID TODAY AS OF 0400 PM LOCAL TIME.

CLIMATE NORMAL PERIOD 1981 TO 2010
CLIMATE RECORD PERIOD 1871 TO 2018


WEATHER ITEM   OBSERVED TIME   RECORD YEAR NORMAL DEPARTURE LAST
                VALUE   (LST)  VALUE       VALUE  FROM      YEAR
                                                  NORMAL
..................................................................
TEMPERATURE (F)
 TODAY
  MAXIMUM          2    259 PM  41    2007  24    -22        4
                                      1898
  MINIMUM         -4    459 AM -32    1884   8    -12       -6
  AVERAGE         -1                        16    -17       -1

PRECIPITATION (IN)
  TODAY            0.00          0.57 1997   0.03  -0.03      T
  MONTH TO DATE    T                         0.13  -0.13     0.02
  SINCE DEC 1      0.79                      1.29  -0.50     2.16
  SINCE JAN 1      T                         0.13  -0.13     0.02

SNOWFALL (IN)
  TODAY            0.0           3.2  1910   0.4   -0.4       T
  MONTH TO DATE    0.1                       1.5   -1.4       T
  SINCE DEC 1      6.5                      13.4   -6.9     15.8
  SINCE JUL 1      7.2                      23.3  -16.1     18.1
  SNOW DEPTH       3

DEGREE DAYS
 HEATING
  TODAY           66                        49     17       66
  MONTH TO DATE  260                       196     64      186
  SINCE DEC 1   1683                      1600     83     1544
  SINCE JUL 1   3093                      3219   -126     2588

 COOLING
  TODAY            0                         0      0        0
  MONTH TO DATE    0                         0      0        0
  SINCE DEC 1      0                         0      0        0
  SINCE JAN 1      0                         0      0        0
..................................................................


WIND (MPH)
  HIGHEST WIND SPEED     8   HIGHEST WIND DIRECTION     N (340)
  HIGHEST GUST SPEED    15   HIGHEST GUST DIRECTION    NE (30)
  AVERAGE WIND SPEED     4.7


SKY COVER
  POSSIBLE SUNSHINE  MM
  AVERAGE SKY COVER 0.7


WEATHER CONDITIONS
 THE FOLLOWING WEATHER WAS RECORDED TODAY.
  NO SIGNIFICANT WEATHER WAS OBSERVED.


RELATIVE HUMIDITY (PERCENT)
 HIGHEST    79          1000 AM
 LOWEST     65           100 AM
 AVERAGE    72

..........................................................


THE TWIN CITIES MN CLIMATE NORMALS FOR TOMORROW
                         NORMAL    RECORD    YEAR
 MAXIMUM TEMPERATURE (F)   24        47      1885
 MINIMUM TEMPERATURE (F)    8       -28      1924
                                             1912
                                             1884


SUNRISE AND SUNSET
JANUARY  4 2018.......SUNRISE   751 AM CST   SUNSET   445 PM CST
JANUARY  5 2018.......SUNRISE   751 AM CST   SUNSET   446 PM CST


-  INDICATES NEGATIVE NUMBERS.
R  INDICATES RECORD WAS SET OR TIED.
MM INDICATES DATA IS MISSING.
T  INDICATES TRACE AMOUNT.




$$
