000
CDUS43 KMPX 250621
CLIMSP


CLIMATE REPORT
NATIONAL WEATHER SERVICE CHANHASSEN MN
121 AM CDT TUE AUG 25 2015


...................................

...THE TWIN CITIES MN CLIMATE SUMMARY FOR AUGUST 24 2015...

CLIMATE NORMAL PERIOD 1981 TO 2010
CLIMATE RECORD PERIOD 1871 TO 2015


WEATHER ITEM   OBSERVED TIME   RECORD YEAR NORMAL DEPARTURE LAST
                VALUE   (LST)  VALUE       VALUE  FROM      YEAR
                                                  NORMAL
..................................................................
TEMPERATURE (F)
 YESTERDAY
  MAXIMUM         67    202 PM  98    1948  79    -12       89
  MINIMUM         54    610 AM  43    1887  61     -7       73
  AVERAGE         61                        70     -9       81

PRECIPITATION (IN)
  YESTERDAY        0.00          4.08 1893   0.13  -0.13     0.14
  MONTH TO DATE    2.99                      3.44  -0.45     1.43
  SINCE JUN 1     14.71                     11.73   2.98    15.06
  SINCE JAN 1     22.04                     21.31   0.73    29.53

SNOWFALL (IN)
  YESTERDAY        0.0           0.0    MM   0.0    0.0      0.0
  MONTH TO DATE    0.0                       0.0    0.0      0.0
  SINCE JUN 1      0.0                       0.0    0.0      0.0
  SINCE JUL 1      0.0                       0.0    0.0      0.0
  SNOW DEPTH       0

DEGREE DAYS
 HEATING
  YESTERDAY        4                         1      3        0
  MONTH TO DATE   10                         3      7        0
  SINCE JUN 1     19                        52    -33       28
  SINCE JUL 1     12                         8      4        7

 COOLING
  YESTERDAY        0                         6     -6       16
  MONTH TO DATE  176                       170      6      228
  SINCE JUN 1    599                       604     -5      607
  SINCE JAN 1    626                       646    -20      659
..................................................................


WIND (MPH)
  HIGHEST WIND SPEED    28   HIGHEST WIND DIRECTION    NW (300)
  HIGHEST GUST SPEED    37   HIGHEST GUST DIRECTION    NW (300)
  AVERAGE WIND SPEED    15.1


SKY COVER
  POSSIBLE SUNSHINE  MM
  AVERAGE SKY COVER 0.8


WEATHER CONDITIONS
 THE FOLLOWING WEATHER WAS RECORDED YESTERDAY.
  NO SIGNIFICANT WEATHER WAS OBSERVED.


RELATIVE HUMIDITY (PERCENT)
 HIGHEST    77           500 AM
 LOWEST     42           200 PM
 AVERAGE    60

..........................................................


THE TWIN CITIES MN CLIMATE NORMALS FOR TODAY
                         NORMAL    RECORD    YEAR
 MAXIMUM TEMPERATURE (F)   79        96      2013
 MINIMUM TEMPERATURE (F)   61        41      1887


SUNRISE AND SUNSET
AUGUST 25 2015........SUNRISE   626 AM CDT   SUNSET   803 PM CDT
AUGUST 26 2015........SUNRISE   628 AM CDT   SUNSET   801 PM CDT


-  INDICATES NEGATIVE NUMBERS.
R  INDICATES RECORD WAS SET OR TIED.
MM INDICATES DATA IS MISSING.
T  INDICATES TRACE AMOUNT.




$$
