000
CDUS43 KMPX 200627
CLIMSP


CLIMATE REPORT
NATIONAL WEATHER SERVICE CHANHASSEN MN
126 AM CDT FRI MAR 20 2015


...................................

...THE TWIN CITIES MN CLIMATE SUMMARY FOR MARCH 19 2015...

CLIMATE NORMAL PERIOD 1981 TO 2010
CLIMATE RECORD PERIOD 1871 TO 2015


WEATHER ITEM   OBSERVED TIME   RECORD YEAR NORMAL DEPARTURE LAST
                VALUE   (LST)  VALUE       VALUE  FROM      YEAR
                                                  NORMAL
..................................................................
TEMPERATURE (F)
 YESTERDAY
  MAXIMUM         50    249 PM  79    2012  43      7       36
  MINIMUM         35    139 AM -15    1875  25     10       26
  AVERAGE         43                        34      9       31

PRECIPITATION (IN)
  YESTERDAY        T             1.09 1897   0.06  -0.06     0.06
  MONTH TO DATE    0.13                      1.06  -0.93     0.29
  SINCE MAR 1      0.13                      1.06  -0.93     0.29
  SINCE JAN 1      0.82                      2.73  -1.91     3.12

SNOWFALL (IN)
  YESTERDAY        0.0           8.8  1943   0.3   -0.3      0.6
  MONTH TO DATE    1.9                       7.4   -5.5      3.4
  SINCE MAR 1      1.9                       7.4   -5.5      3.4
  SINCE JUL 1     27.2                      49.1  -21.9     61.5
  SNOW DEPTH       0

DEGREE DAYS
 HEATING
  YESTERDAY       22                        31     -9       34
  MONTH TO DATE  561                       664   -103      797
  SINCE MAR 1    561                       664   -103      797
  SINCE JUL 1   6526                      6454     72     7250

 COOLING
  YESTERDAY        0                         0      0        0
  MONTH TO DATE    0                         0      0        0
  SINCE MAR 1      0                         0      0        0
  SINCE JAN 1      0                         0      0        0
..................................................................


WIND (MPH)
  HIGHEST WIND SPEED    20   HIGHEST WIND DIRECTION     S (160)
  HIGHEST GUST SPEED    25   HIGHEST GUST DIRECTION     S (170)
  AVERAGE WIND SPEED    10.3


SKY COVER
  POSSIBLE SUNSHINE  MM
  AVERAGE SKY COVER 0.9


WEATHER CONDITIONS
 THE FOLLOWING WEATHER WAS RECORDED YESTERDAY.
  LIGHT RAIN


RELATIVE HUMIDITY (PERCENT)
 HIGHEST    75          1200 AM
 LOWEST     31           300 PM
 AVERAGE    53

..........................................................


THE TWIN CITIES MN CLIMATE NORMALS FOR TODAY
                         NORMAL    RECORD    YEAR
 MAXIMUM TEMPERATURE (F)   43        66      1938
 MINIMUM TEMPERATURE (F)   26        -9      1965


SUNRISE AND SUNSET
MARCH 20 2015.........SUNRISE   716 AM CDT   SUNSET   725 PM CDT
MARCH 21 2015.........SUNRISE   715 AM CDT   SUNSET   726 PM CDT


-  INDICATES NEGATIVE NUMBERS.
R  INDICATES RECORD WAS SET OR TIED.
MM INDICATES DATA IS MISSING.
T  INDICATES TRACE AMOUNT.




$$
