000
CDUS43 KMPX 110632
CLIMSP


CLIMATE REPORT
NATIONAL WEATHER SERVICE CHANHASSEN MN
132 AM CDT WED MAY 11 2016


...................................

...THE TWIN CITIES MN CLIMATE SUMMARY FOR MAY 10 2016...

CLIMATE NORMAL PERIOD 1981 TO 2010
CLIMATE RECORD PERIOD 1871 TO 2016


WEATHER ITEM   OBSERVED TIME   RECORD YEAR NORMAL DEPARTURE LAST
                VALUE   (LST)  VALUE       VALUE  FROM      YEAR
                                                  NORMAL
..................................................................
TEMPERATURE (F)
 YESTERDAY
  MAXIMUM         58    418 PM  90    1987  68    -10       60
  MINIMUM         48    644 AM  28    1907  47      1       48
  AVERAGE         53                        57     -4       54

PRECIPITATION (IN)
  YESTERDAY        0.59          1.40 1986   0.11   0.48     0.72
  MONTH TO DATE    0.92                      1.10  -0.18     1.17
  SINCE MAR 1      6.02                      5.65   0.37     4.26
  SINCE JAN 1      7.42                      7.32   0.10     4.95

SNOWFALL (IN)
  YESTERDAY        0.0           T    1946   0.0    0.0      0.0
                                      1948
                                      1966
  MONTH TO DATE    0.0                       0.0    0.0      0.0
  SINCE MAR 1      5.9                      12.7   -6.8      7.1
  SINCE JUL 1     36.7                      54.4  -17.7     32.4
  SNOW DEPTH       0

DEGREE DAYS
 HEATING
  YESTERDAY       12                         8      4       11
  MONTH TO DATE   66                        96    -30       43
  SINCE MAR 1   1303                      1624   -321     1400
  SINCE JUL 1   6168                      7414  -1246     7365

 COOLING
  YESTERDAY        0                         1     -1        0
  MONTH TO DATE   11                         8      3       12
  SINCE MAR 1     19                        13      6       12
  SINCE JAN 1     19                        13      6       12
..................................................................


WIND (MPH)
  HIGHEST WIND SPEED    23   HIGHEST WIND DIRECTION     E (110)
  HIGHEST GUST SPEED    30   HIGHEST GUST DIRECTION     E (110)
  AVERAGE WIND SPEED    13.1


SKY COVER
  POSSIBLE SUNSHINE  MM
  AVERAGE SKY COVER 0.9


WEATHER CONDITIONS
 THE FOLLOWING WEATHER WAS RECORDED YESTERDAY.
  HEAVY RAIN
  RAIN
  LIGHT RAIN
  FOG


RELATIVE HUMIDITY (PERCENT)
 HIGHEST    93           400 AM
 LOWEST     77           500 PM
 AVERAGE    85

..........................................................


THE TWIN CITIES MN CLIMATE NORMALS FOR TODAY
                         NORMAL    RECORD    YEAR
 MAXIMUM TEMPERATURE (F)   68        88      1900
 MINIMUM TEMPERATURE (F)   47        27      1946


SUNRISE AND SUNSET
MAY 11 2016...........SUNRISE   548 AM CDT   SUNSET   831 PM CDT
MAY 12 2016...........SUNRISE   547 AM CDT   SUNSET   832 PM CDT


-  INDICATES NEGATIVE NUMBERS.
R  INDICATES RECORD WAS SET OR TIED.
MM INDICATES DATA IS MISSING.
T  INDICATES TRACE AMOUNT.




$$
