000
CDUS43 KMPX 240623
CLIMSP


CLIMATE REPORT
NATIONAL WEATHER SERVICE CHANHASSEN MN
123 AM CDT SUN AUG 24 2014


...................................

...THE TWIN CITIES MN CLIMATE SUMMARY FOR AUGUST 23 2014...

CLIMATE NORMAL PERIOD 1981 TO 2010
CLIMATE RECORD PERIOD 1871 TO 2014


WEATHER ITEM   OBSERVED TIME   RECORD YEAR NORMAL DEPARTURE LAST
                VALUE   (LST)  VALUE       VALUE  FROM      YEAR
                                                  NORMAL
..................................................................
TEMPERATURE (F)
 YESTERDAY
  MAXIMUM         77    659 PM  97    1948  80     -3       88
  MINIMUM         69    410 AM  42    1891  61      8       64
  AVERAGE         73                        70      3       76

PRECIPITATION (IN)
  YESTERDAY        T             1.43 1899   0.13  -0.13     0.00
  MONTH TO DATE    1.29                      3.31  -2.02     1.98
  SINCE JUN 1     14.92                     11.60   3.32    10.66
  SINCE JAN 1     29.39                     21.18   8.21    26.35

SNOWFALL (IN)
  YESTERDAY        0.0           0.0    MM   0.0    0.0      0.0
  MONTH TO DATE    0.0                       0.0    0.0       T
  SINCE JUN 1      0.0                       0.0    0.0       T
  SINCE JUL 1      0.0                       0.0    0.0       T
  SNOW DEPTH       0

DEGREE DAYS
 HEATING
  YESTERDAY        0                         1     -1        0
  MONTH TO DATE    0                         2     -2        0
  SINCE JUN 1     28                        51    -23       50
  SINCE JUL 1      7                         7      0        8

 COOLING
  YESTERDAY        8                         6      2       11
  MONTH TO DATE  212                       164     48      159
  SINCE JUN 1    591                       598     -7      645
  SINCE JAN 1    643                       640      3      698
..................................................................


WIND (MPH)
  HIGHEST WIND SPEED    20   HIGHEST WIND DIRECTION    SE (130)
  HIGHEST GUST SPEED    24   HIGHEST GUST DIRECTION    SE (130)
  AVERAGE WIND SPEED     8.9


SKY COVER
  POSSIBLE SUNSHINE  MM
  AVERAGE SKY COVER 0.9


WEATHER CONDITIONS
 THE FOLLOWING WEATHER WAS RECORDED YESTERDAY.
  LIGHT RAIN
  FOG


RELATIVE HUMIDITY (PERCENT)
 HIGHEST    97          1200 AM
 LOWEST     82           300 PM
 AVERAGE    90

..........................................................


THE TWIN CITIES MN CLIMATE NORMALS FOR TODAY
                         NORMAL    RECORD    YEAR
 MAXIMUM TEMPERATURE (F)   79        98      1948
 MINIMUM TEMPERATURE (F)   61        43      1887


SUNRISE AND SUNSET
AUGUST 24 2014........SUNRISE   626 AM CDT   SUNSET   804 PM CDT
AUGUST 25 2014........SUNRISE   627 AM CDT   SUNSET   802 PM CDT


-  INDICATES NEGATIVE NUMBERS.
R  INDICATES RECORD WAS SET OR TIED.
MM INDICATES DATA IS MISSING.
T  INDICATES TRACE AMOUNT.




$$
