000
CDUS43 KMPX 042150
CLIMSP


CLIMATE REPORT
NATIONAL WEATHER SERVICE CHANHASSEN MN
450 PM CDT SAT NOV 4 2017


...................................

...THE TWIN CITIES MN CLIMATE SUMMARY FOR NOVEMBER 4 2017...
VALID TODAY AS OF 0400 PM LOCAL TIME.

CLIMATE NORMAL PERIOD 1981 TO 2010
CLIMATE RECORD PERIOD 1871 TO 2017


WEATHER ITEM   OBSERVED TIME   RECORD YEAR NORMAL DEPARTURE LAST
                VALUE   (LST)  VALUE       VALUE  FROM      YEAR
                                                  NORMAL
..................................................................
TEMPERATURE (F)
 TODAY
  MAXIMUM         41    259 PM  74    1975  48     -7       68
  MINIMUM         34    247 AM  -3    1991  32      2       41
  AVERAGE         38                        40     -2       55

PRECIPITATION (IN)
  TODAY            T             0.61 1988   0.05  -0.05     0.00
  MONTH TO DATE    0.10                      0.23  -0.13     0.00
  SINCE SEP 1      5.63                      5.74  -0.11     8.88
  SINCE JAN 1     31.28                     27.91   3.37    35.20

SNOWFALL (IN)
  TODAY            T             1.0  1910   0.1   -0.1      0.0
  MONTH TO DATE    0.5                       0.6   -0.1      0.0
  SINCE SEP 1      0.6                       1.2   -0.6       T
  SINCE JUL 1      0.6                       1.2   -0.6       T
  SNOW DEPTH       0

DEGREE DAYS
 HEATING
  TODAY           27                        25      2       10
  MONTH TO DATE  122                        96     26       46
  SINCE SEP 1    604                       757   -153      465
  SINCE JUL 1    611                       776   -165      468

 COOLING
  TODAY            0                         0      0        0
  MONTH TO DATE    0                         0      0        0
  SINCE SEP 1    142                        72     70       93
  SINCE JAN 1    830                       753     77      964
..................................................................


WIND (MPH)
  HIGHEST WIND SPEED    16   HIGHEST WIND DIRECTION    SE (140)
  HIGHEST GUST SPEED    22   HIGHEST GUST DIRECTION     E (110)
  AVERAGE WIND SPEED    10.4


SKY COVER
  POSSIBLE SUNSHINE  MM
  AVERAGE SKY COVER 1.0


WEATHER CONDITIONS
 THE FOLLOWING WEATHER WAS RECORDED TODAY.
  FOG


RELATIVE HUMIDITY (PERCENT)
 HIGHEST   100           600 AM
 LOWEST     92           300 AM
 AVERAGE    96

..........................................................


THE TWIN CITIES MN CLIMATE NORMALS FOR TOMORROW
                         NORMAL    RECORD    YEAR
 MAXIMUM TEMPERATURE (F)   48        73      2016
 MINIMUM TEMPERATURE (F)   32         3      1951


SUNRISE AND SUNSET
NOVEMBER  4 2017......SUNRISE   756 AM CDT   SUNSET   557 PM CDT
NOVEMBER  5 2017......SUNRISE   657 AM CST   SUNSET   455 PM CST


-  INDICATES NEGATIVE NUMBERS.
R  INDICATES RECORD WAS SET OR TIED.
MM INDICATES DATA IS MISSING.
T  INDICATES TRACE AMOUNT.




$$
