000
CDUS43 KMPX 102204
CLIMSP


CLIMATE REPORT
NATIONAL WEATHER SERVICE CHANHASSEN MN
504 PM CDT MON APR 10 2017


...................................

...THE TWIN CITIES MN CLIMATE SUMMARY FOR APRIL 10 2017...
VALID TODAY AS OF 0500 PM LOCAL TIME.

CLIMATE NORMAL PERIOD 1981 TO 2010
CLIMATE RECORD PERIOD 1871 TO 2017


WEATHER ITEM   OBSERVED TIME   RECORD YEAR NORMAL DEPARTURE LAST
                VALUE   (LST)  VALUE       VALUE  FROM      YEAR
                                                  NORMAL
..................................................................
TEMPERATURE (F)
 TODAY
  MAXIMUM         53    103 AM  88    1977  55     -2       59
  MINIMUM         41    259 PM  18    1962  35      6       35
  AVERAGE         47                        45      2       47

PRECIPITATION (IN)
  TODAY            T             1.33 1883   0.09  -0.09     0.00
  MONTH TO DATE    0.14                      0.77  -0.63     0.15
  SINCE MAR 1      0.82                      2.66  -1.84     2.41
  SINCE JAN 1      2.44                      4.33  -1.89     3.81

SNOWFALL (IN)
  TODAY           MM             6.0  1891   0.1   MM        0.0
  MONTH TO DATE    0.0                       1.1   -1.1      0.5
  SINCE MAR 1      4.7                      11.4   -6.7      5.9
  SINCE JUL 1     31.5                      53.1  -21.6     36.7
  SNOW DEPTH       0

DEGREE DAYS
 HEATING
  TODAY           18                        20     -2       18
  MONTH TO DATE  137                       225    -88      279
  SINCE MAR 1   1092                      1223   -131     1007
  SINCE JUL 1   5793                      7013  -1220     5872

 COOLING
  TODAY            0                         0      0        0
  MONTH TO DATE    0                         0      0        0
  SINCE MAR 1      0                         0      0        0
  SINCE JAN 1      0                         0      0        0
..................................................................


WIND (MPH)
  HIGHEST WIND SPEED    26   HIGHEST WIND DIRECTION     N (10)
  HIGHEST GUST SPEED    35   HIGHEST GUST DIRECTION    NE (30)
  AVERAGE WIND SPEED    17.3


SKY COVER
  POSSIBLE SUNSHINE  MM
  AVERAGE SKY COVER 1.0


WEATHER CONDITIONS
 THE FOLLOWING WEATHER WAS RECORDED TODAY.
  LIGHT RAIN


RELATIVE HUMIDITY (PERCENT)
 HIGHEST    71           500 AM
 LOWEST     59           100 AM
 AVERAGE    65

..........................................................


THE TWIN CITIES MN CLIMATE NORMALS FOR TOMORROW
                         NORMAL    RECORD    YEAR
 MAXIMUM TEMPERATURE (F)   56        83      1968
                                             1890
 MINIMUM TEMPERATURE (F)   35        12      1940


SUNRISE AND SUNSET
APRIL 10 2017.........SUNRISE   637 AM CDT   SUNSET   752 PM CDT
APRIL 11 2017.........SUNRISE   635 AM CDT   SUNSET   754 PM CDT


-  INDICATES NEGATIVE NUMBERS.
R  INDICATES RECORD WAS SET OR TIED.
MM INDICATES DATA IS MISSING.
T  INDICATES TRACE AMOUNT.




$$
