614
CDUS43 KMPX 190016
CLIMSP


CLIMATE REPORT
NATIONAL WEATHER SERVICE CHANHASSEN MN
716 PM CDT THU MAY 18 2017


...................................

...THE TWIN CITIES MN CLIMATE SUMMARY FOR MAY 18 2017...
VALID TODAY AS OF 0700 PM LOCAL TIME.

CLIMATE NORMAL PERIOD 1981 TO 2010
CLIMATE RECORD PERIOD 1871 TO 2017


WEATHER ITEM   OBSERVED TIME   RECORD YEAR NORMAL DEPARTURE LAST
                VALUE   (LST)  VALUE       VALUE  FROM      YEAR
                                                  NORMAL
..................................................................
TEMPERATURE (F)
 TODAY
  MAXIMUM         MM        MM  93    2012  70     MM       70
  MINIMUM         MM        MM  27    1915  50     MM       43
  AVERAGE         MM                        60     MM       57

PRECIPITATION (IN)
  TODAY            0.28          1.57 1892   0.10   0.18     0.00
  MONTH TO DATE    3.25                      1.95   1.30     1.25
  SINCE MAR 1      8.38                      6.50   1.88     6.35
  SINCE JAN 1     10.00                      8.17   1.83     7.75

SNOWFALL (IN)
  TODAY            0.0           2.0  1915   0.0    0.0      0.0
  MONTH TO DATE    T                         0.0    0.0      0.0
  SINCE MAR 1      5.2                      12.7   -7.5      5.9
  SINCE JUL 1     32.0                      54.4  -22.4     36.7
  SNOW DEPTH       0

DEGREE DAYS
 HEATING
  TODAY           MM                         6     MM        8
  MONTH TO DATE  104                       154    -50      171
  SINCE MAR 1   1487                      1682   -195     1408
  SINCE JUL 1   6188                      7472  -1284     6273

 COOLING
  TODAY           MM                         1     MM        0
  MONTH TO DATE   15                        16     -1       11
  SINCE MAR 1     15                        21     -6       19
  SINCE JAN 1     15                        21     -6       19
..................................................................


WIND (MPH)
  HIGHEST WIND SPEED    17   HIGHEST WIND DIRECTION     N (20)
  HIGHEST GUST SPEED    30   HIGHEST GUST DIRECTION     N (20)
  AVERAGE WIND SPEED    13.8


SKY COVER
  POSSIBLE SUNSHINE  MM
  AVERAGE SKY COVER 1.0


WEATHER CONDITIONS
 THE FOLLOWING WEATHER WAS RECORDED TODAY.
  RAIN
  LIGHT RAIN
  FOG


RELATIVE HUMIDITY (PERCENT)
 HIGHEST    93          1200 AM
 LOWEST     61           100 PM
 AVERAGE    77

..........................................................


THE TWIN CITIES MN CLIMATE NORMALS FOR TOMORROW
                         NORMAL    RECORD    YEAR
 MAXIMUM TEMPERATURE (F)   70        97      2009
 MINIMUM TEMPERATURE (F)   50        33      1961


SUNRISE AND SUNSET
MAY 18 2017...........SUNRISE   541 AM CDT   SUNSET   839 PM CDT
MAY 19 2017...........SUNRISE   540 AM CDT   SUNSET   840 PM CDT


-  INDICATES NEGATIVE NUMBERS.
R  INDICATES RECORD WAS SET OR TIED.
MM INDICATES DATA IS MISSING.
T  INDICATES TRACE AMOUNT.




$$
