000
CDUS43 KMPX 100047
CLIMSP


CLIMATE REPORT
NATIONAL WEATHER SERVICE CHANHASSEN MN
747 PM CDT SUN JUL 9 2017


...................................

...THE TWIN CITIES MN CLIMATE SUMMARY FOR JULY 9 2017...
VALID TODAY AS OF 0700 PM LOCAL TIME.

CLIMATE NORMAL PERIOD 1981 TO 2010
CLIMATE RECORD PERIOD 1871 TO 2017


WEATHER ITEM   OBSERVED TIME   RECORD YEAR NORMAL DEPARTURE LAST
                VALUE   (LST)  VALUE       VALUE  FROM      YEAR
                                                  NORMAL
..................................................................
TEMPERATURE (F)
 TODAY
  MAXIMUM         85    403 PM  99    1976  84      1       82
  MINIMUM         67    504 AM  48    1895  64      3       63
  AVERAGE         76                        74      2       73

PRECIPITATION (IN)
  TODAY            0.00          2.55 2000   0.14  -0.14     0.00
  MONTH TO DATE    0.01                      1.15  -1.14     1.28
  SINCE JUN 1      4.24                      5.40  -1.16     5.77
  SINCE JAN 1     15.79                     14.98   0.81    14.69

SNOWFALL (IN)
  TODAY            0.0           0.0    MM   0.0    0.0      0.0
  MONTH TO DATE    0.0                       0.0    0.0      0.0
  SINCE JUN 1      T                         0.0    0.0      0.0
  SINCE JUL 1      0.0                       0.0    0.0      0.0
  SNOW DEPTH       0

DEGREE DAYS
 HEATING
  TODAY            0                         0      0        0
  MONTH TO DATE    0                         0      0        1
  SINCE JUN 1     12                        44    -32        8
  SINCE JUL 1      0                         0      0        1

 COOLING
  TODAY           11                         9      2        8
  MONTH TO DATE   99                        79     20       70
  SINCE JUN 1    309                       237     72      273
  SINCE JAN 1    330                       279     51      349
..................................................................


WIND (MPH)
  HIGHEST WIND SPEED    14   HIGHEST WIND DIRECTION    SE (140)
  HIGHEST GUST SPEED    18   HIGHEST GUST DIRECTION    SE (140)
  AVERAGE WIND SPEED     5.9


SKY COVER
  POSSIBLE SUNSHINE  MM
  AVERAGE SKY COVER 0.6


WEATHER CONDITIONS
 THE FOLLOWING WEATHER WAS RECORDED TODAY.
  NO SIGNIFICANT WEATHER WAS OBSERVED.


RELATIVE HUMIDITY (PERCENT)
 HIGHEST    68           400 AM
 LOWEST     44           400 PM
 AVERAGE    56

..........................................................


THE TWIN CITIES MN CLIMATE NORMALS FOR TOMORROW
                         NORMAL    RECORD    YEAR
 MAXIMUM TEMPERATURE (F)   84       106      1936
 MINIMUM TEMPERATURE (F)   64        49      1996
                                             1945


SUNRISE AND SUNSET
JULY  9 2017..........SUNRISE   536 AM CDT   SUNSET   900 PM CDT
JULY 10 2017..........SUNRISE   537 AM CDT   SUNSET   859 PM CDT


-  INDICATES NEGATIVE NUMBERS.
R  INDICATES RECORD WAS SET OR TIED.
MM INDICATES DATA IS MISSING.
T  INDICATES TRACE AMOUNT.




$$
