000
CDUS43 KMPX 310657
CLIMSP


CLIMATE REPORT
NATIONAL WEATHER SERVICE CHANHASSEN MN
1256 AM CST SUN JAN 31 2016


...................................

...THE TWIN CITIES MN CLIMATE SUMMARY FOR JANUARY 30 2016...

CLIMATE NORMAL PERIOD 1981 TO 2010
CLIMATE RECORD PERIOD 1871 TO 2016


WEATHER ITEM   OBSERVED TIME   RECORD YEAR NORMAL DEPARTURE LAST
                VALUE   (LST)  VALUE       VALUE  FROM      YEAR
                                                  NORMAL
..................................................................
TEMPERATURE (F)
 YESTERDAY
  MAXIMUM         43    208 PM  48    1989  25     18       27
                                      1879
  MINIMUM         30    621 AM -30    1887   8     22       11
  AVERAGE         37                        16     21       19

PRECIPITATION (IN)
  YESTERDAY        0.01          0.49 1878   0.02  -0.01     0.00
  MONTH TO DATE    0.31                      0.87  -0.56     0.34
  SINCE DEC 1      2.63                      2.03   0.60     1.20
  SINCE JAN 1      0.31                      0.87  -0.56     0.34

SNOWFALL (IN)
  YESTERDAY        0.0           6.4  2014   0.4   -0.4      0.0
  MONTH TO DATE    4.1                      11.9   -7.8      5.4
  SINCE DEC 1     13.6                      23.8  -10.2     11.0
  SINCE JUL 1     18.7                      33.7  -15.0     20.4
  SNOW DEPTH       2

DEGREE DAYS
 HEATING
  YESTERDAY       28                        49    -21       46
  MONTH TO DATE 1432                      1486    -54     1377
  SINCE DEC 1   2503                      2890   -387     2630
  SINCE JUL 1   3678                      4509   -831     4423

 COOLING
  YESTERDAY        0                         0      0        0
  MONTH TO DATE    0                         0      0        0
  SINCE DEC 1      0                         0      0        0
  SINCE JAN 1      0                         0      0        0
..................................................................


WIND (MPH)
  HIGHEST WIND SPEED    12   HIGHEST WIND DIRECTION    SW (210)
  HIGHEST GUST SPEED    15   HIGHEST GUST DIRECTION    SW (210)
  AVERAGE WIND SPEED     4.7


SKY COVER
  POSSIBLE SUNSHINE  MM
  AVERAGE SKY COVER 0.7


WEATHER CONDITIONS
 THE FOLLOWING WEATHER WAS RECORDED YESTERDAY.
  LIGHT RAIN
  FOG


RELATIVE HUMIDITY (PERCENT)
 HIGHEST    92           200 AM
 LOWEST     55          1200 PM
 AVERAGE    74

..........................................................


THE TWIN CITIES MN CLIMATE NORMALS FOR TODAY
                         NORMAL    RECORD    YEAR
 MAXIMUM TEMPERATURE (F)   25        46      2009
                                             1995
 MINIMUM TEMPERATURE (F)    8       -27      1887


SUNRISE AND SUNSET
JANUARY 31 2016.......SUNRISE   734 AM CST   SUNSET   519 PM CST
FEBRUARY  1 2016......SUNRISE   733 AM CST   SUNSET   520 PM CST


-  INDICATES NEGATIVE NUMBERS.
R  INDICATES RECORD WAS SET OR TIED.
MM INDICATES DATA IS MISSING.
T  INDICATES TRACE AMOUNT.




$$
