000
CDUS43 KMPX 220739
CLIMSP


CLIMATE REPORT
NATIONAL WEATHER SERVICE CHANHASSEN MN
238 AM CDT FRI APR 22 2016


...................................

...THE TWIN CITIES MN CLIMATE SUMMARY FOR APRIL 21 2016...

CLIMATE NORMAL PERIOD 1981 TO 2010
CLIMATE RECORD PERIOD 1871 TO 2016


WEATHER ITEM   OBSERVED TIME   RECORD YEAR NORMAL DEPARTURE LAST
                VALUE   (LST)  VALUE       VALUE  FROM      YEAR
                                                  NORMAL
..................................................................
TEMPERATURE (F)
 YESTERDAY
  MAXIMUM         66    408 PM  95    1980  61      5       41
  MINIMUM         50   1159 PM  22    1966  40     10       34
  AVERAGE         58                        50      8       38

PRECIPITATION (IN)
  YESTERDAY        0.32          0.74 1912   0.09   0.23     0.03
  MONTH TO DATE    0.99                      1.73  -0.74     2.08
  SINCE MAR 1      3.25                      3.62  -0.37     2.75
  SINCE JAN 1      4.65                      5.29  -0.64     3.44

SNOWFALL (IN)
  YESTERDAY        0.0           4.8  1972   0.1   -0.1       T
  MONTH TO DATE    0.5                       2.0   -1.5      0.3
  SINCE MAR 1      5.9                      12.3   -6.4      7.1
  SINCE JUL 1     36.7                      54.0  -17.3     32.4
  SNOW DEPTH       0

DEGREE DAYS
 HEATING
  YESTERDAY        7                        15     -8       27
  MONTH TO DATE  369                       415    -46      322
  SINCE MAR 1   1097                      1413   -316     1228
  SINCE JUL 1   5962                      7203  -1241     7193

 COOLING
  YESTERDAY        0                         0      0        0
  MONTH TO DATE    8                         0      8        0
  SINCE MAR 1      8                         0      8        0
  SINCE JAN 1      8                         0      8        0
..................................................................


WIND (MPH)
  HIGHEST WIND SPEED    20   HIGHEST WIND DIRECTION     N (10)
  HIGHEST GUST SPEED    27   HIGHEST GUST DIRECTION     N (10)
  AVERAGE WIND SPEED     6.7


SKY COVER
  POSSIBLE SUNSHINE  MM
  AVERAGE SKY COVER 0.9


WEATHER CONDITIONS
 THE FOLLOWING WEATHER WAS RECORDED YESTERDAY.
  THUNDERSTORM
  HEAVY RAIN
  RAIN
  LIGHT RAIN
  FOG


RELATIVE HUMIDITY (PERCENT)
 HIGHEST    93           100 AM
 LOWEST     67           300 PM
 AVERAGE    80

..........................................................


THE TWIN CITIES MN CLIMATE NORMALS FOR TODAY
                         NORMAL    RECORD    YEAR
 MAXIMUM TEMPERATURE (F)   61        90      1980
 MINIMUM TEMPERATURE (F)   40        23      1874


SUNRISE AND SUNSET
APRIL 22 2016.........SUNRISE   616 AM CDT   SUNSET   808 PM CDT
APRIL 23 2016.........SUNRISE   614 AM CDT   SUNSET   809 PM CDT


-  INDICATES NEGATIVE NUMBERS.
R  INDICATES RECORD WAS SET OR TIED.
MM INDICATES DATA IS MISSING.
T  INDICATES TRACE AMOUNT.




$$
