000
CDUS43 KMPX 190645
CLIMSP


CLIMATE REPORT
NATIONAL WEATHER SERVICE CHANHASSEN MN
1245 AM CST MON JAN 19 2015


...................................

...THE TWIN CITIES MN CLIMATE SUMMARY FOR JANUARY 18 2015...

CLIMATE NORMAL PERIOD 1981 TO 2010
CLIMATE RECORD PERIOD 1871 TO 2015


WEATHER ITEM   OBSERVED TIME   RECORD YEAR NORMAL DEPARTURE LAST
                VALUE   (LST)  VALUE       VALUE  FROM      YEAR
                                                  NORMAL
..................................................................
TEMPERATURE (F)
 YESTERDAY
  MAXIMUM         39    351 PM  48    1891  23     16       23
                                      1880
  MINIMUM         25    809 AM -36    1887   7     18        9
  AVERAGE         32                        15     17       16

PRECIPITATION (IN)
  YESTERDAY        0.00          0.31 1895   0.03  -0.03     0.17
  MONTH TO DATE    0.24                      0.55  -0.31     0.66
  SINCE DEC 1      1.10                      1.71  -0.61     2.12
  SINCE JAN 1      0.24                      0.55  -0.31     0.66

SNOWFALL (IN)
  YESTERDAY        0.0           4.5  2014   0.4   -0.4      4.5
  MONTH TO DATE    4.3                       7.2   -2.9     10.3
  SINCE DEC 1      9.9                      19.1   -9.2     26.2
  SINCE JUL 1     19.3                      29.0   -9.7     27.3
  SNOW DEPTH       3

DEGREE DAYS
 HEATING
  YESTERDAY       33                        50    -17       49
  MONTH TO DATE  948                       894     54      992
  SINCE DEC 1   2201                      2298    -97     2614
  SINCE JUL 1   3994                      3917     77     4115

 COOLING
  YESTERDAY        0                         0      0        0
  MONTH TO DATE    0                         0      0        0
  SINCE DEC 1      0                         0      0        0
  SINCE JAN 1      0                         0      0        0
..................................................................


WIND (MPH)
  HIGHEST WIND SPEED    14   HIGHEST WIND DIRECTION     W (270)
  HIGHEST GUST SPEED    20   HIGHEST GUST DIRECTION     W (270)
  AVERAGE WIND SPEED     7.1


SKY COVER
  POSSIBLE SUNSHINE  MM
  AVERAGE SKY COVER 0.4


WEATHER CONDITIONS
 THE FOLLOWING WEATHER WAS RECORDED YESTERDAY.
  NO SIGNIFICANT WEATHER WAS OBSERVED.


RELATIVE HUMIDITY (PERCENT)
 HIGHEST    85          1000 PM
 LOWEST     59           100 PM
 AVERAGE    72

..........................................................


THE TWIN CITIES MN CLIMATE NORMALS FOR TODAY
                         NORMAL    RECORD    YEAR
 MAXIMUM TEMPERATURE (F)   24        49      1921
 MINIMUM TEMPERATURE (F)    7       -34      1970


SUNRISE AND SUNSET
JANUARY 19 2015.......SUNRISE   745 AM CST   SUNSET   503 PM CST
JANUARY 20 2015.......SUNRISE   744 AM CST   SUNSET   504 PM CST


-  INDICATES NEGATIVE NUMBERS.
R  INDICATES RECORD WAS SET OR TIED.
MM INDICATES DATA IS MISSING.
T  INDICATES TRACE AMOUNT.




$$
