000
CDUS43 KMPX 092141
CLIMSP


CLIMATE REPORT
NATIONAL WEATHER SERVICE CHANHASSEN MN
441 PM CDT FRI SEP 9 2016


...................................

...THE TWIN CITIES MN CLIMATE SUMMARY FOR SEPTEMBER 9 2016...
VALID AS OF 0400 PM LOCAL TIME.

CLIMATE NORMAL PERIOD 1981 TO 2010
CLIMATE RECORD PERIOD 1871 TO 2016


WEATHER ITEM   OBSERVED TIME   RECORD YEAR NORMAL DEPARTURE LAST
                VALUE   (LST)  VALUE       VALUE  FROM      YEAR
                                                  NORMAL
..................................................................
TEMPERATURE (F)
 TODAY
  MAXIMUM         74    256 PM  95    1947  75     -1       71
  MINIMUM         62    649 AM  38    1883  56      6       56
  AVERAGE         68                        65      3       64

PRECIPITATION (IN)
  TODAY            0.23          1.79 1900   0.11   0.12     0.28
  MONTH TO DATE    1.66                      0.98   0.68     1.38
  SINCE SEP 1      1.66                      0.98   0.68     1.38
  SINCE JAN 1     27.98                     23.15   4.83    23.42

SNOWFALL (IN)
  TODAY            0.0           0.0    MM   0.0    0.0      0.0
  MONTH TO DATE    0.0                       0.0    0.0      0.0
  SINCE SEP 1      0.0                       0.0    0.0      0.0
  SINCE JUL 1      0.0                       0.0    0.0      0.0
  SNOW DEPTH       0

DEGREE DAYS
 HEATING
  TODAY            0                         3     -3        1
  MONTH TO DATE    0                        20    -20        1
  SINCE SEP 1      0                        20    -20        1
  SINCE JUL 1      3                        39    -36       16

 COOLING
  TODAY            3                         3      0        0
  MONTH TO DATE   50                        33     17       91
  SINCE SEP 1     50                        33     17       91
  SINCE JAN 1    921                       714    207      740
..................................................................


WIND (MPH)
  HIGHEST WIND SPEED    18   HIGHEST WIND DIRECTION    SE (130)
  HIGHEST GUST SPEED    23   HIGHEST GUST DIRECTION    SE (140)
  AVERAGE WIND SPEED     6.8


SKY COVER
  POSSIBLE SUNSHINE  MM
  AVERAGE SKY COVER 0.8


WEATHER CONDITIONS
 THE FOLLOWING WEATHER WAS RECORDED TODAY.
  THUNDERSTORM
  HEAVY RAIN
  LIGHT RAIN
  FOG


RELATIVE HUMIDITY (PERCENT)
 HIGHEST    87           800 AM
 LOWEST     61           300 PM
 AVERAGE    74

..........................................................


THE TWIN CITIES MN CLIMATE NORMALS FOR TOMORROW
                         NORMAL    RECORD    YEAR
 MAXIMUM TEMPERATURE (F)   74       104      1931
 MINIMUM TEMPERATURE (F)   55        37      1917


SUNRISE AND SUNSET
SEPTEMBER  9 2016.....SUNRISE   645 AM CDT   SUNSET   734 PM CDT
SEPTEMBER 10 2016.....SUNRISE   646 AM CDT   SUNSET   732 PM CDT


-  INDICATES NEGATIVE NUMBERS.
R  INDICATES RECORD WAS SET OR TIED.
MM INDICATES DATA IS MISSING.
T  INDICATES TRACE AMOUNT.




$$
