000
CDUS43 KMPX 180634
CLIMSP


CLIMATE REPORT
NATIONAL WEATHER SERVICE CHANHASSEN MN
126 AM CDT MON MAY 18 2015


...................................

...THE TWIN CITIES MN CLIMATE SUMMARY FOR MAY 17 2015...

CLIMATE NORMAL PERIOD 1981 TO 2010
CLIMATE RECORD PERIOD 1871 TO 2015


WEATHER ITEM   OBSERVED TIME   RECORD YEAR NORMAL DEPARTURE LAST
                VALUE   (LST)  VALUE       VALUE  FROM      YEAR
                                                  NORMAL
..................................................................
TEMPERATURE (F)
 YESTERDAY
  MAXIMUM         74    210 PM  93    1987  70      4       66
  MINIMUM         48   1159 PM  31    1915  49     -1       41
  AVERAGE         61                        60      1       54

PRECIPITATION (IN)
  YESTERDAY        0.08          1.17 1938   0.11  -0.03     0.00
  MONTH TO DATE    1.74                      1.85  -0.11     1.63
  SINCE MAR 1      4.83                      6.40  -1.57     8.72
  SINCE JAN 1      5.52                      8.07  -2.55    11.55

SNOWFALL (IN)
  YESTERDAY        0.0           T    1890   0.0    0.0      0.0
  MONTH TO DATE    0.0                       0.0    0.0      0.0
  SINCE MAR 1      7.1                      12.7   -5.6     11.7
  SINCE JUL 1     32.4                      54.4  -22.0     69.8
  SNOW DEPTH       0

DEGREE DAYS
 HEATING
  YESTERDAY        4                         7     -3       11
  MONTH TO DATE  104                       148    -44      216
  SINCE MAR 1   1461                      1676   -215     2095
  SINCE JUL 1   7426                      7466    -40     8548

 COOLING
  YESTERDAY        0                         1     -1        0
  MONTH TO DATE   14                        15     -1        0
  SINCE MAR 1     14                        20     -6        0
  SINCE JAN 1     14                        20     -6        0
..................................................................


WIND (MPH)
  HIGHEST WIND SPEED    38   HIGHEST WIND DIRECTION    SW (220)
  HIGHEST GUST SPEED    50   HIGHEST GUST DIRECTION    SW (220)
  AVERAGE WIND SPEED    18.4


SKY COVER
  POSSIBLE SUNSHINE  MM
  AVERAGE SKY COVER 0.8


WEATHER CONDITIONS
 THE FOLLOWING WEATHER WAS RECORDED YESTERDAY.
  THUNDERSTORM
  LIGHT RAIN
  FOG
  HAZE


RELATIVE HUMIDITY (PERCENT)
 HIGHEST    87          1200 AM
 LOWEST     61          1200 PM
 AVERAGE    74

..........................................................


THE TWIN CITIES MN CLIMATE NORMALS FOR TODAY
                         NORMAL    RECORD    YEAR
 MAXIMUM TEMPERATURE (F)   70        93      2012
 MINIMUM TEMPERATURE (F)   50        27      1915


SUNRISE AND SUNSET
MAY 18 2015...........SUNRISE   541 AM CDT   SUNSET   838 PM CDT
MAY 19 2015...........SUNRISE   540 AM CDT   SUNSET   839 PM CDT


-  INDICATES NEGATIVE NUMBERS.
R  INDICATES RECORD WAS SET OR TIED.
MM INDICATES DATA IS MISSING.
T  INDICATES TRACE AMOUNT.




$$
