000
CDUS43 KMPX 220104
CLIMSP


CLIMATE REPORT
NATIONAL WEATHER SERVICE CHANHASSEN MN
804 PM CDT FRI AUG 21 2015


...................................

...THE TWIN CITIES MN CLIMATE SUMMARY FOR AUGUST 21 2015...
VALID TODAY AS OF 0800 PM LOCAL TIME.

CLIMATE NORMAL PERIOD 1981 TO 2010
CLIMATE RECORD PERIOD 1871 TO 2015


WEATHER ITEM   OBSERVED TIME   RECORD YEAR NORMAL DEPARTURE LAST
                VALUE   (LST)  VALUE       VALUE  FROM      YEAR
                                                  NORMAL
..................................................................
TEMPERATURE (F)
 TODAY
  MAXIMUM         81    444 PM  98    1947  80      1       85
  MINIMUM         59    332 AM  44    2004  61     -2       70
  AVERAGE         70                        71     -1       78

PRECIPITATION (IN)
  TODAY            0.00          3.64 1924   0.14  -0.14     0.07
  MONTH TO DATE    2.40                      3.05  -0.65     1.29
  SINCE JUN 1     14.12                     11.34   2.78    14.92
  SINCE JAN 1     21.45                     20.92   0.53    29.39

SNOWFALL (IN)
  TODAY            0.0           0.0    MM   0.0    0.0      0.0
  MONTH TO DATE    0.0                       0.0    0.0      0.0
  SINCE JUN 1      0.0                       0.0    0.0      0.0
  SINCE JUL 1      0.0                       0.0    0.0      0.0
  SNOW DEPTH       0

DEGREE DAYS
 HEATING
  TODAY            0                         0      0        0
  MONTH TO DATE    5                         0      5        0
  SINCE JUN 1     14                        49    -35       28
  SINCE JUL 1      7                         5      2        7

 COOLING
  TODAY            5                         6     -1       13
  MONTH TO DATE  168                       152     16      194
  SINCE JUN 1    591                       586      5      573
  SINCE JAN 1    618                       628    -10      625
..................................................................


WIND (MPH)
  HIGHEST WIND SPEED    20   HIGHEST WIND DIRECTION     S (190)
  HIGHEST GUST SPEED    28   HIGHEST GUST DIRECTION     S (180)
  AVERAGE WIND SPEED     9.6


SKY COVER
  POSSIBLE SUNSHINE  MM
  AVERAGE SKY COVER 0.6


WEATHER CONDITIONS
 THE FOLLOWING WEATHER WAS RECORDED TODAY.
  NO SIGNIFICANT WEATHER WAS OBSERVED.


RELATIVE HUMIDITY (PERCENT)
 HIGHEST    78           600 AM
 LOWEST     51           300 PM
 AVERAGE    65

..........................................................


THE TWIN CITIES MN CLIMATE NORMALS FOR TOMORROW
                         NORMAL    RECORD    YEAR
 MAXIMUM TEMPERATURE (F)   80        97      1971
                                             1898
 MINIMUM TEMPERATURE (F)   61        43      1890
                                             1875


SUNRISE AND SUNSET
AUGUST 21 2015........SUNRISE   622 AM CDT   SUNSET   809 PM CDT
AUGUST 22 2015........SUNRISE   623 AM CDT   SUNSET   808 PM CDT


-  INDICATES NEGATIVE NUMBERS.
R  INDICATES RECORD WAS SET OR TIED.
MM INDICATES DATA IS MISSING.
T  INDICATES TRACE AMOUNT.




$$
