000
CDUS43 KMPX 190630
CLIMSP


CLIMATE REPORT
NATIONAL WEATHER SERVICE CHANHASSEN MN
129 AM CDT THU MAR 19 2015


...................................

...THE TWIN CITIES MN CLIMATE SUMMARY FOR MARCH 18 2015...

CLIMATE NORMAL PERIOD 1981 TO 2010
CLIMATE RECORD PERIOD 1871 TO 2015


WEATHER ITEM   OBSERVED TIME   RECORD YEAR NORMAL DEPARTURE LAST
                VALUE   (LST)  VALUE       VALUE  FROM      YEAR
                                                  NORMAL
..................................................................
TEMPERATURE (F)
 YESTERDAY
  MAXIMUM         46    208 PM  79    2012  42      4       37
  MINIMUM         30    639 AM  -8    1923  25      5       28
  AVERAGE         38                        34      4       33

PRECIPITATION (IN)
  YESTERDAY        0.00          1.07 1968   0.07  -0.07     0.15
  MONTH TO DATE    0.13                      1.00  -0.87     0.23
  SINCE MAR 1      0.13                      1.00  -0.87     0.23
  SINCE JAN 1      0.82                      2.67  -1.85     3.06

SNOWFALL (IN)
  YESTERDAY        0.0           5.3  2005   0.3   -0.3      2.3
  MONTH TO DATE    1.9                       7.1   -5.2      2.8
  SINCE MAR 1      1.9                       7.1   -5.2      2.8
  SINCE JUL 1     27.2                      48.8  -21.6     60.9
  SNOW DEPTH       0

DEGREE DAYS
 HEATING
  YESTERDAY       27                        31     -4       32
  MONTH TO DATE  539                       633    -94      763
  SINCE MAR 1    539                       633    -94      763
  SINCE JUL 1   6504                      6423     81     7216

 COOLING
  YESTERDAY        0                         0      0        0
  MONTH TO DATE    0                         0      0        0
  SINCE MAR 1      0                         0      0        0
  SINCE JAN 1      0                         0      0        0
..................................................................


WIND (MPH)
  HIGHEST WIND SPEED    12   HIGHEST WIND DIRECTION    SE (140)
  HIGHEST GUST SPEED    14   HIGHEST GUST DIRECTION    SE (140)
  AVERAGE WIND SPEED     2.4


SKY COVER
  POSSIBLE SUNSHINE  MM
  AVERAGE SKY COVER 1.0


WEATHER CONDITIONS
 THE FOLLOWING WEATHER WAS RECORDED YESTERDAY.
  NO SIGNIFICANT WEATHER WAS OBSERVED.


RELATIVE HUMIDITY (PERCENT)
 HIGHEST    70          1100 PM
 LOWEST     25           100 PM
 AVERAGE    48

..........................................................


THE TWIN CITIES MN CLIMATE NORMALS FOR TODAY
                         NORMAL    RECORD    YEAR
 MAXIMUM TEMPERATURE (F)   43        79      2012
 MINIMUM TEMPERATURE (F)   25       -15      1875


SUNRISE AND SUNSET
MARCH 19 2015.........SUNRISE   718 AM CDT   SUNSET   724 PM CDT
MARCH 20 2015.........SUNRISE   716 AM CDT   SUNSET   725 PM CDT


-  INDICATES NEGATIVE NUMBERS.
R  INDICATES RECORD WAS SET OR TIED.
MM INDICATES DATA IS MISSING.
T  INDICATES TRACE AMOUNT.




$$
