000
CDUS43 KMPX 210729
CLIMSP


CLIMATE REPORT
NATIONAL WEATHER SERVICE CHANHASSEN MN
228 AM CDT SAT MAY 21 2016


...................................

...THE TWIN CITIES MN CLIMATE SUMMARY FOR MAY 20 2016...

CLIMATE NORMAL PERIOD 1981 TO 2010
CLIMATE RECORD PERIOD 1871 TO 2016


WEATHER ITEM   OBSERVED TIME   RECORD YEAR NORMAL DEPARTURE LAST
                VALUE   (LST)  VALUE       VALUE  FROM      YEAR
                                                  NORMAL
..................................................................
TEMPERATURE (F)
 YESTERDAY
  MAXIMUM         76    346 PM  94    2009  71      5       62
  MINIMUM         54    529 AM  31    1892  50      4       41
  AVERAGE         65                        60      5       52

PRECIPITATION (IN)
  YESTERDAY        0.00          1.14 1937   0.11  -0.11     0.00
  MONTH TO DATE    1.25                      2.17  -0.92     1.74
  SINCE MAR 1      6.35                      6.72  -0.37     4.83
  SINCE JAN 1      7.75                      8.39  -0.64     5.52

SNOWFALL (IN)
  YESTERDAY        0.0           3.0  1892   0.0    0.0      0.0
  MONTH TO DATE    0.0                       0.0    0.0      0.0
  SINCE MAR 1      5.9                      12.7   -6.8      7.1
  SINCE JUL 1     36.7                      54.4  -17.7     32.4
  SNOW DEPTH       0

DEGREE DAYS
 HEATING
  YESTERDAY        0                         6     -6       13
  MONTH TO DATE  174                       166      8      156
  SINCE MAR 1   1411                      1694   -283     1513
  SINCE JUL 1   6276                      7484  -1208     7478

 COOLING
  YESTERDAY        0                         1     -1        0
  MONTH TO DATE   11                        18     -7       14
  SINCE MAR 1     19                        23     -4       14
  SINCE JAN 1     19                        23     -4       14
..................................................................


WIND (MPH)
  HIGHEST WIND SPEED    14   HIGHEST WIND DIRECTION    SE (120)
  HIGHEST GUST SPEED    19   HIGHEST GUST DIRECTION    SE (120)
  AVERAGE WIND SPEED     6.3


SKY COVER
  POSSIBLE SUNSHINE  MM
  AVERAGE SKY COVER 0.5


WEATHER CONDITIONS
 THE FOLLOWING WEATHER WAS RECORDED YESTERDAY.
  NO SIGNIFICANT WEATHER WAS OBSERVED.


RELATIVE HUMIDITY (PERCENT)
 HIGHEST    57           700 AM
 LOWEST     29           400 PM
 AVERAGE    43

..........................................................


THE TWIN CITIES MN CLIMATE NORMALS FOR TODAY
                         NORMAL    RECORD    YEAR
 MAXIMUM TEMPERATURE (F)   71        92      1964
 MINIMUM TEMPERATURE (F)   51        33      1997


SUNRISE AND SUNSET
MAY 21 2016...........SUNRISE   538 AM CDT   SUNSET   842 PM CDT
MAY 22 2016...........SUNRISE   537 AM CDT   SUNSET   843 PM CDT


-  INDICATES NEGATIVE NUMBERS.
R  INDICATES RECORD WAS SET OR TIED.
MM INDICATES DATA IS MISSING.
T  INDICATES TRACE AMOUNT.




$$
