000
CDUS43 KMPX 200627
CLIMSP


CLIMATE REPORT
NATIONAL WEATHER SERVICE CHANHASSEN MN
126 AM CDT SUN JUL 20 2014


...................................

...THE TWIN CITIES MN CLIMATE SUMMARY FOR JULY 19 2014...

CLIMATE NORMAL PERIOD 1981 TO 2010
CLIMATE RECORD PERIOD 1871 TO 2014


WEATHER ITEM   OBSERVED TIME   RECORD YEAR NORMAL DEPARTURE LAST
                VALUE   (LST)  VALUE       VALUE  FROM      YEAR
                                                  NORMAL
..................................................................
TEMPERATURE (F)
 YESTERDAY
  MAXIMUM         79    605 PM 100    1977  84     -5       86
                                      1940
  MINIMUM         67    446 AM  46    1873  64      3       72
  AVERAGE         73                        74     -1       79

PRECIPITATION (IN)
  YESTERDAY        0.00          1.75 1957   0.13  -0.13      T
  MONTH TO DATE    1.82                      2.43  -0.61     3.16
  SINCE JUN 1     13.18                      6.68   6.50     8.33
  SINCE JAN 1     27.65                     16.26  11.39    24.02

SNOWFALL (IN)
  YESTERDAY        0.0           0.0    MM   0.0    0.0      0.0
  MONTH TO DATE    0.0                       0.0    0.0      0.0
  SINCE JUN 1      0.0                       0.0    0.0       T
  SINCE JUL 1      0.0                       0.0    0.0      0.0
  SNOW DEPTH       0

DEGREE DAYS
 HEATING
  YESTERDAY        0                         0      0        0
  MONTH TO DATE    7                         0      7        0
  SINCE JUN 1     28                        44    -16       42
  SINCE JUL 1      7                         0      7        0

 COOLING
  YESTERDAY        8                         9     -1       14
  MONTH TO DATE  101                       169    -68      261
  SINCE JUN 1    263                       327    -64      425
  SINCE JAN 1    315                       369    -54      478
..................................................................


WIND (MPH)
  HIGHEST WIND SPEED    18   HIGHEST WIND DIRECTION     S (170)
  HIGHEST GUST SPEED    25   HIGHEST GUST DIRECTION    SW (220)
  AVERAGE WIND SPEED    11.1


SKY COVER
  POSSIBLE SUNSHINE  MM
  AVERAGE SKY COVER 0.8


WEATHER CONDITIONS
 THE FOLLOWING WEATHER WAS RECORDED YESTERDAY.
  NO SIGNIFICANT WEATHER WAS OBSERVED.


RELATIVE HUMIDITY (PERCENT)
 HIGHEST    78           400 AM
 LOWEST     54           400 PM
 AVERAGE    66

..........................................................


THE TWIN CITIES MN CLIMATE NORMALS FOR TODAY
                         NORMAL    RECORD    YEAR
 MAXIMUM TEMPERATURE (F)   84       102      1901
 MINIMUM TEMPERATURE (F)   64        51      1950


SUNRISE AND SUNSET
JULY 20 2014..........SUNRISE   546 AM CDT   SUNSET   852 PM CDT
JULY 21 2014..........SUNRISE   547 AM CDT   SUNSET   851 PM CDT


-  INDICATES NEGATIVE NUMBERS.
R  INDICATES RECORD WAS SET OR TIED.
MM INDICATES DATA IS MISSING.
T  INDICATES TRACE AMOUNT.




$$
