000
CDUS43 KMPX 060649
CLIMSP


CLIMATE REPORT
NATIONAL WEATHER SERVICE CHANHASSEN MN
146 AM CDT SUN AUG 6 2017


...................................

...THE TWIN CITIES MN CLIMATE SUMMARY FOR AUGUST 5 2017...

CLIMATE NORMAL PERIOD 1981 TO 2010
CLIMATE RECORD PERIOD 1871 TO 2017


WEATHER ITEM   OBSERVED TIME   RECORD YEAR NORMAL DEPARTURE LAST
                VALUE   (LST)  VALUE       VALUE  FROM      YEAR
                                                  NORMAL
..................................................................
TEMPERATURE (F)
 YESTERDAY
  MAXIMUM         79    118 PM 100    1947  82     -3       79
  MINIMUM         57    506 AM  48    1994  63     -6       64
  AVERAGE         68                        73     -5       72

PRECIPITATION (IN)
  YESTERDAY        0.29          1.88 1898   0.15   0.14     0.00
  MONTH TO DATE    0.58                      0.75  -0.17     1.13
  SINCE JUN 1      7.93                      9.04  -1.11    10.71
  SINCE JAN 1     19.48                     18.62   0.86    19.63

SNOWFALL (IN)
  YESTERDAY        0.0           0.0    MM   0.0    0.0      0.0
  MONTH TO DATE    0.0                       0.0    0.0      0.0
  SINCE JUN 1      T                         0.0    0.0      0.0
  SINCE JUL 1      0.0                       0.0    0.0      0.0
  SNOW DEPTH       0

DEGREE DAYS
 HEATING
  YESTERDAY        0                         0      0        0
  MONTH TO DATE    4                         0      4        0
  SINCE JUN 1     16                        49    -33        8
  SINCE JUL 1      4                         5     -1        1

 COOLING
  YESTERDAY        3                         8     -5        7
  MONTH TO DATE   28                        40    -12       67
  SINCE JUN 1    566                       474     92      594
  SINCE JAN 1    587                       516     71      670
..................................................................


WIND (MPH)
  HIGHEST WIND SPEED    21   HIGHEST WIND DIRECTION     W (260)
  HIGHEST GUST SPEED    26   HIGHEST GUST DIRECTION     W (250)
  AVERAGE WIND SPEED     4.0


SKY COVER
  POSSIBLE SUNSHINE  MM
  AVERAGE SKY COVER 0.6


WEATHER CONDITIONS
 THE FOLLOWING WEATHER WAS RECORDED YESTERDAY.
  THUNDERSTORM
  HEAVY RAIN
  RAIN
  LIGHT RAIN


RELATIVE HUMIDITY (PERCENT)
 HIGHEST    84           900 PM
 LOWEST     43          1200 PM
 AVERAGE    64

..........................................................


THE TWIN CITIES MN CLIMATE NORMALS FOR TODAY
                         NORMAL    RECORD    YEAR
 MAXIMUM TEMPERATURE (F)   82        99      2001
 MINIMUM TEMPERATURE (F)   63        48      1977


SUNRISE AND SUNSET
AUGUST  6 2017........SUNRISE   605 AM CDT   SUNSET   832 PM CDT
AUGUST  7 2017........SUNRISE   606 AM CDT   SUNSET   831 PM CDT


-  INDICATES NEGATIVE NUMBERS.
R  INDICATES RECORD WAS SET OR TIED.
MM INDICATES DATA IS MISSING.
T  INDICATES TRACE AMOUNT.




$$
