926
CDUS43 KMPX 190933
CLIMSP


CLIMATE REPORT
NATIONAL WEATHER SERVICE CHANHASSEN MN
433 AM CDT TUE JUL 19 2016


...................................

...THE TWIN CITIES MN CLIMATE SUMMARY FOR JULY 18 2016...

CLIMATE NORMAL PERIOD 1981 TO 2010
CLIMATE RECORD PERIOD 1871 TO 2016


WEATHER ITEM   OBSERVED TIME   RECORD YEAR NORMAL DEPARTURE LAST
                VALUE   (LST)  VALUE       VALUE  FROM      YEAR
                                                  NORMAL
..................................................................
TEMPERATURE (F)
 YESTERDAY
  MAXIMUM         88    225 PM 101    1940  84      4       88
  MINIMUM         67    545 AM  49    1873  64      3       68
  AVERAGE         78                        74      4       78

PRECIPITATION (IN)
  YESTERDAY        0.00          2.94 1895   0.12  -0.12     0.25
  MONTH TO DATE    2.23                      2.30  -0.07     5.80
  SINCE JUN 1      6.72                      6.55   0.17    10.20
  SINCE JAN 1     15.64                     16.13  -0.49    17.53

SNOWFALL (IN)
  YESTERDAY        0.0           0.0    MM   0.0    0.0      0.0
  MONTH TO DATE    0.0                       0.0    0.0      0.0
  SINCE JUN 1      0.0                       0.0    0.0      0.0
  SINCE JUL 1      0.0                       0.0    0.0      0.0
  SNOW DEPTH       0

DEGREE DAYS
 HEATING
  YESTERDAY        0                         0      0        0
  MONTH TO DATE    1                         0      1        2
  SINCE JUN 1      8                        44    -36        9
  SINCE JUL 1      1                         0      1        2

 COOLING
  YESTERDAY       13                         9      4       13
  MONTH TO DATE  159                       160     -1      130
  SINCE JUN 1    362                       318     44      286
  SINCE JAN 1    438                       360     78      313
..................................................................


WIND (MPH)
  HIGHEST WIND SPEED    13   HIGHEST WIND DIRECTION    SW (240)
  HIGHEST GUST SPEED    17   HIGHEST GUST DIRECTION    NW (310)
  AVERAGE WIND SPEED     3.8


SKY COVER
  POSSIBLE SUNSHINE  MM
  AVERAGE SKY COVER 0.1


WEATHER CONDITIONS
 THE FOLLOWING WEATHER WAS RECORDED YESTERDAY.
  HAZE


RELATIVE HUMIDITY (PERCENT)
 HIGHEST    81           300 AM
 LOWEST     35           500 PM
 AVERAGE    58

..........................................................


THE TWIN CITIES MN CLIMATE NORMALS FOR TODAY
                         NORMAL    RECORD    YEAR
 MAXIMUM TEMPERATURE (F)   84       100      1977
                                             1940
 MINIMUM TEMPERATURE (F)   64        46      1873


SUNRISE AND SUNSET
JULY 19 2016..........SUNRISE   545 AM CDT   SUNSET   853 PM CDT
JULY 20 2016..........SUNRISE   546 AM CDT   SUNSET   852 PM CDT


-  INDICATES NEGATIVE NUMBERS.
R  INDICATES RECORD WAS SET OR TIED.
MM INDICATES DATA IS MISSING.
T  INDICATES TRACE AMOUNT.




$$
