000
CDUS43 KMPX 120103
CLIMSP


CLIMATE REPORT
NATIONAL WEATHER SERVICE CHANHASSEN MN
702 PM CST TUE NOV 11 2014


...................................

...THE TWIN CITIES MN CLIMATE SUMMARY FOR NOVEMBER 11 2014...
VALID TODAY AS OF 0700 PM LOCAL TIME.

CLIMATE NORMAL PERIOD 1981 TO 2010
CLIMATE RECORD PERIOD 1871 TO 2014


WEATHER ITEM   OBSERVED TIME   RECORD YEAR NORMAL DEPARTURE LAST
                VALUE   (LST)  VALUE       VALUE  FROM      YEAR
                                                  NORMAL
..................................................................
TEMPERATURE (F)
 TODAY
  MAXIMUM         26    110 PM  64    2005  44    -18       39
  MINIMUM         22    559 PM  -1    1986  29     -7       16
  AVERAGE         24                        36    -12       28

PRECIPITATION (IN)
  TODAY            0.04          2.52 1940   0.06  -0.02      T
  MONTH TO DATE    0.37                      0.66  -0.29     0.40
  SINCE SEP 1      3.04                      6.17  -3.13     4.75
  SINCE JAN 1     34.04                     28.34   5.70    31.19

SNOWFALL (IN)
  TODAY            0.8           8.2  1940   0.3    0.5       T
  MONTH TO DATE    3.4                       2.2    1.2      1.1
  SINCE SEP 1      3.4                       2.8    0.6      1.1
  SINCE JUL 1      3.4                       2.8    0.6      1.1
  SNOW DEPTH       3

DEGREE DAYS
 HEATING
  TODAY           41                        29     12       37
  MONTH TO DATE  302                       285     17      292
  SINCE SEP 1    909                       946    -37      837
  SINCE JUL 1    916                       965    -49      845

 COOLING
  TODAY            0                         0      0        0
  MONTH TO DATE    0                         0      0        0
  SINCE SEP 1     63                        72     -9      134
  SINCE JAN 1    759                       753      6      983
..................................................................


WIND (MPH)
  HIGHEST WIND SPEED    26   HIGHEST WIND DIRECTION     N (350)
  HIGHEST GUST SPEED    36   HIGHEST GUST DIRECTION     N (350)
  AVERAGE WIND SPEED    17.7


SKY COVER
  POSSIBLE SUNSHINE  MM
  AVERAGE SKY COVER 0.9


WEATHER CONDITIONS
 THE FOLLOWING WEATHER WAS RECORDED TODAY.
  LIGHT SNOW
  FOG


RELATIVE HUMIDITY (PERCENT)
 HIGHEST    88           500 AM
 LOWEST     74           300 AM
 AVERAGE    81

..........................................................


THE TWIN CITIES MN CLIMATE NORMALS FOR TOMORROW
                         NORMAL    RECORD    YEAR
 MAXIMUM TEMPERATURE (F)   43        65      2001
 MINIMUM TEMPERATURE (F)   28        -4      1966


SUNRISE AND SUNSET
NOVEMBER 11 2014......SUNRISE   705 AM CST   SUNSET   448 PM CST
NOVEMBER 12 2014......SUNRISE   706 AM CST   SUNSET   447 PM CST


-  INDICATES NEGATIVE NUMBERS.
R  INDICATES RECORD WAS SET OR TIED.
MM INDICATES DATA IS MISSING.
T  INDICATES TRACE AMOUNT.




$$
