000
CDUS43 KMPX 130632
CLIMSP


CLIMATE REPORT
NATIONAL WEATHER SERVICE CHANHASSEN MN
131 AM CDT FRI MAY 13 2016


...................................

...THE TWIN CITIES MN CLIMATE SUMMARY FOR MAY 12 2016...

CLIMATE NORMAL PERIOD 1981 TO 2010
CLIMATE RECORD PERIOD 1871 TO 2016


WEATHER ITEM   OBSERVED TIME   RECORD YEAR NORMAL DEPARTURE LAST
                VALUE   (LST)  VALUE       VALUE  FROM      YEAR
                                                  NORMAL
..................................................................
TEMPERATURE (F)
 YESTERDAY
  MAXIMUM         58   1247 PM  90    1961  68    -10       58
                                      1900
  MINIMUM         48    548 AM  28    1946  48      0       39
  AVERAGE         53                        58     -5       49

PRECIPITATION (IN)
  YESTERDAY        0.00          1.52 1906   0.11  -0.11     0.02
  MONTH TO DATE    1.07                      1.32  -0.25     1.26
  SINCE MAR 1      6.17                      5.87   0.30     4.35
  SINCE JAN 1      7.57                      7.54   0.03     5.04

SNOWFALL (IN)
  YESTERDAY        0.0           0.2  1946   0.0    0.0      0.0
  MONTH TO DATE    0.0                       0.0    0.0      0.0
  SINCE MAR 1      5.9                      12.7   -6.8      7.1
  SINCE JUL 1     36.7                      54.4  -17.7     32.4
  SNOW DEPTH       0

DEGREE DAYS
 HEATING
  YESTERDAY       12                         8      4       16
  MONTH TO DATE   90                       112    -22       74
  SINCE MAR 1   1327                      1640   -313     1431
  SINCE JUL 1   6192                      7430  -1238     7396

 COOLING
  YESTERDAY        0                         1     -1        0
  MONTH TO DATE   11                        10      1       12
  SINCE MAR 1     19                        15      4       12
  SINCE JAN 1     19                        15      4       12
..................................................................


WIND (MPH)
  HIGHEST WIND SPEED    21   HIGHEST WIND DIRECTION     W (270)
  HIGHEST GUST SPEED    28   HIGHEST GUST DIRECTION     W (260)
  AVERAGE WIND SPEED    11.9


SKY COVER
  POSSIBLE SUNSHINE  MM
  AVERAGE SKY COVER 0.7


WEATHER CONDITIONS
 THE FOLLOWING WEATHER WAS RECORDED YESTERDAY.
  FOG
  FOG W/VISIBILITY <= 1/4 MILE


RELATIVE HUMIDITY (PERCENT)
 HIGHEST   100           100 AM
 LOWEST     55          1200 PM
 AVERAGE    78

..........................................................


THE TWIN CITIES MN CLIMATE NORMALS FOR TODAY
                         NORMAL    RECORD    YEAR
 MAXIMUM TEMPERATURE (F)   69        92      2007
 MINIMUM TEMPERATURE (F)   48        29      1953
                                             1888


SUNRISE AND SUNSET
MAY 13 2016...........SUNRISE   546 AM CDT   SUNSET   833 PM CDT
MAY 14 2016...........SUNRISE   545 AM CDT   SUNSET   834 PM CDT


-  INDICATES NEGATIVE NUMBERS.
R  INDICATES RECORD WAS SET OR TIED.
MM INDICATES DATA IS MISSING.
T  INDICATES TRACE AMOUNT.




$$
