000
CDUS43 KMPX 200859
CLIMSP


CLIMATE REPORT
NATIONAL WEATHER SERVICE CHANHASSEN MN
258 AM CST FRI FEB 20 2015


...................................

...THE TWIN CITIES MN CLIMATE SUMMARY FOR FEBRUARY 19 2015...

CLIMATE NORMAL PERIOD 1981 TO 2010
CLIMATE RECORD PERIOD 1871 TO 2015


WEATHER ITEM   OBSERVED TIME   RECORD YEAR NORMAL DEPARTURE LAST
                VALUE   (LST)  VALUE       VALUE  FROM      YEAR
                                                  NORMAL
..................................................................
TEMPERATURE (F)
 YESTERDAY
  MAXIMUM          9    324 PM  57    1981  30    -21       40
  MINIMUM        -11    728 AM -20    1941  14    -25       21
                                      1929
  AVERAGE         -1                        22    -23       31

PRECIPITATION (IN)
  YESTERDAY        0.00          0.72 1952   0.02  -0.02     0.00
  MONTH TO DATE    0.24                      0.45  -0.21     0.47
  SINCE DEC 1      1.44                      2.51  -1.07     3.35
  SINCE JAN 1      0.58                      1.35  -0.77     1.89

SNOWFALL (IN)
  YESTERDAY        0.0           8.3  1952   0.3   -0.3      0.0
  MONTH TO DATE    3.7                       5.0   -1.3      7.4
  SINCE DEC 1     14.7                      29.1  -14.4     46.0
  SINCE JUL 1     24.1                      39.0  -14.9     47.1
  SNOW DEPTH       1

DEGREE DAYS
 HEATING
  YESTERDAY       66                        43     23       34
  MONTH TO DATE  997                       870    127     1046
  SINCE DEC 1   3668                      3805   -137     4430
  SINCE JUL 1   5461                      5424     37     5931

 COOLING
  YESTERDAY        0                         0      0        0
  MONTH TO DATE    0                         0      0        0
  SINCE DEC 1      0                         0      0        0
  SINCE JAN 1      0                         0      0        0
..................................................................


WIND (MPH)
  HIGHEST WIND SPEED    13   HIGHEST WIND DIRECTION    SE (150)
  HIGHEST GUST SPEED    16   HIGHEST GUST DIRECTION    NW (330)
  AVERAGE WIND SPEED     5.7


SKY COVER
  POSSIBLE SUNSHINE  MM
  AVERAGE SKY COVER 0.2


WEATHER CONDITIONS
 THE FOLLOWING WEATHER WAS RECORDED YESTERDAY.
  NO SIGNIFICANT WEATHER WAS OBSERVED.


RELATIVE HUMIDITY (PERCENT)
 HIGHEST    72           400 AM
 LOWEST     45           200 PM
 AVERAGE    59

..........................................................


THE TWIN CITIES MN CLIMATE NORMALS FOR TODAY
                         NORMAL    RECORD    YEAR
 MAXIMUM TEMPERATURE (F)   31        57      1981
 MINIMUM TEMPERATURE (F)   15       -20      1889


SUNRISE AND SUNSET
FEBRUARY 20 2015......SUNRISE   706 AM CST   SUNSET   548 PM CST
FEBRUARY 21 2015......SUNRISE   704 AM CST   SUNSET   549 PM CST


-  INDICATES NEGATIVE NUMBERS.
R  INDICATES RECORD WAS SET OR TIED.
MM INDICATES DATA IS MISSING.
T  INDICATES TRACE AMOUNT.




$$
