000
CDUS43 KMPX 160643
CLIMSP


CLIMATE REPORT
NATIONAL WEATHER SERVICE CHANHASSEN MN
140 AM CDT TUE MAY 16 2017


...................................

...THE TWIN CITIES MN CLIMATE SUMMARY FOR MAY 15 2017...

CLIMATE NORMAL PERIOD 1981 TO 2010
CLIMATE RECORD PERIOD 1871 TO 2017


WEATHER ITEM   OBSERVED TIME   RECORD YEAR NORMAL DEPARTURE LAST
                VALUE   (LST)  VALUE       VALUE  FROM      YEAR
                                                  NORMAL
..................................................................
TEMPERATURE (F)
 YESTERDAY
  MAXIMUM         70   1124 AM  94    2001  69      1       65
  MINIMUM         60    121 PM  31    1980  49     11       34
                                      1907
  AVERAGE         65                        59      6       50

PRECIPITATION (IN)
  YESTERDAY        0.24          1.95 1911   0.10   0.14     0.00
  MONTH TO DATE    0.81                      1.63  -0.82     1.25
  SINCE MAR 1      5.94                      6.18  -0.24     6.35
  SINCE JAN 1      7.56                      7.85  -0.29     7.75

SNOWFALL (IN)
  YESTERDAY        0.0           0.8  1907   0.0    0.0      0.0
  MONTH TO DATE    T                         0.0    0.0      0.0
  SINCE MAR 1      5.2                      12.7   -7.5      5.9
  SINCE JUL 1     32.0                      54.4  -22.4     36.7
  SNOW DEPTH       0

DEGREE DAYS
 HEATING
  YESTERDAY        0                         7     -7       15
  MONTH TO DATE  102                       134    -32      147
  SINCE MAR 1   1485                      1662   -177     1384
  SINCE JUL 1   6186                      7452  -1266     6249

 COOLING
  YESTERDAY        0                         1     -1        0
  MONTH TO DATE    7                        13     -6       11
  SINCE MAR 1      7                        18    -11       19
  SINCE JAN 1      7                        18    -11       19
..................................................................


WIND (MPH)
  HIGHEST WIND SPEED    21   HIGHEST WIND DIRECTION    SE (140)
  HIGHEST GUST SPEED    27   HIGHEST GUST DIRECTION    SE (130)
  AVERAGE WIND SPEED     9.8


SKY COVER
  POSSIBLE SUNSHINE  MM
  AVERAGE SKY COVER 0.7


WEATHER CONDITIONS
 THE FOLLOWING WEATHER WAS RECORDED YESTERDAY.
  THUNDERSTORM
  RAIN
  LIGHT RAIN
  FOG


RELATIVE HUMIDITY (PERCENT)
 HIGHEST    78          1000 PM
 LOWEST     52          1000 AM
 AVERAGE    65

..........................................................


THE TWIN CITIES MN CLIMATE NORMALS FOR TODAY
                         NORMAL    RECORD    YEAR
 MAXIMUM TEMPERATURE (F)   69        94      1934
 MINIMUM TEMPERATURE (F)   49        31      1929
                                             1890


SUNRISE AND SUNSET
MAY 16 2017...........SUNRISE   543 AM CDT   SUNSET   836 PM CDT
MAY 17 2017...........SUNRISE   542 AM CDT   SUNSET   838 PM CDT


-  INDICATES NEGATIVE NUMBERS.
R  INDICATES RECORD WAS SET OR TIED.
MM INDICATES DATA IS MISSING.
T  INDICATES TRACE AMOUNT.




$$
