000
CDUS43 KMPX 030708
CLIMSP


CLIMATE REPORT
NATIONAL WEATHER SERVICE CHANHASSEN MN
207 AM CDT THU JUL 3 2014


...................................

...THE TWIN CITIES MN CLIMATE SUMMARY FOR JULY 2 2014...

CLIMATE NORMAL PERIOD 1981 TO 2010
CLIMATE RECORD PERIOD 1871 TO 2014


WEATHER ITEM   OBSERVED TIME   RECORD YEAR NORMAL DEPARTURE LAST
                VALUE   (LST)  VALUE       VALUE  FROM      YEAR
                                                  NORMAL
..................................................................
TEMPERATURE (F)
 YESTERDAY
  MAXIMUM         74    455 PM  99    2012  83     -9       83
  MINIMUM         54    246 AM  49    1924  63     -9       61
  AVERAGE         64                        73     -9       72

PRECIPITATION (IN)
  YESTERDAY        0.01          2.18 1992   0.12  -0.11     0.00
  MONTH TO DATE    0.16                      0.25  -0.09     0.00
  SINCE JUN 1     11.52                      4.50   7.02     5.17
  SINCE JAN 1     25.99                     14.08  11.91    20.86

SNOWFALL (IN)
  YESTERDAY        0.0           0.0    MM   0.0    0.0      0.0
  MONTH TO DATE    0.0                       0.0    0.0      0.0
  SINCE JUN 1      0.0                       0.0    0.0       T
  SINCE JUL 1      0.0                       0.0    0.0      0.0
  SNOW DEPTH       0

DEGREE DAYS
 HEATING
  YESTERDAY        1                         0      1        0
  MONTH TO DATE    1                         0      1        0
  SINCE JUN 1     22                        44    -22       42
  SINCE JUL 1      1                         0      1        0

 COOLING
  YESTERDAY        0                         8     -8        7
  MONTH TO DATE    0                        16    -16       16
  SINCE JUN 1    162                       174    -12      180
  SINCE JAN 1    214                       216     -2      233
..................................................................


WIND (MPH)
  HIGHEST WIND SPEED    20   HIGHEST WIND DIRECTION     N (360)
  HIGHEST GUST SPEED    27   HIGHEST GUST DIRECTION     N (350)
  AVERAGE WIND SPEED    10.4


SKY COVER
  POSSIBLE SUNSHINE  MM
  AVERAGE SKY COVER 0.6


WEATHER CONDITIONS
 THE FOLLOWING WEATHER WAS RECORDED YESTERDAY.
  LIGHT RAIN
  FOG
  HAZE


RELATIVE HUMIDITY (PERCENT)
 HIGHEST    86          1200 AM
 LOWEST     35           600 PM
 AVERAGE    61

..........................................................


THE TWIN CITIES MN CLIMATE NORMALS FOR TODAY
                         NORMAL    RECORD    YEAR
 MAXIMUM TEMPERATURE (F)   83       100      1990
                                             1949
 MINIMUM TEMPERATURE (F)   64        47      1967


SUNRISE AND SUNSET
JULY  3 2014..........SUNRISE   532 AM CDT   SUNSET   902 PM CDT
JULY  4 2014..........SUNRISE   532 AM CDT   SUNSET   902 PM CDT


-  INDICATES NEGATIVE NUMBERS.
R  INDICATES RECORD WAS SET OR TIED.
MM INDICATES DATA IS MISSING.
T  INDICATES TRACE AMOUNT.




$$
