000
CDUS43 KMPX 112134
CLIMSP


CLIMATE REPORT
NATIONAL WEATHER SERVICE CHANHASSEN MN
434 PM CDT SUN JUN 11 2017


...................................

...THE TWIN CITIES MN CLIMATE SUMMARY FOR JUNE 11 2017...
VALID TODAY AS OF 0400 PM LOCAL TIME.

CLIMATE NORMAL PERIOD 1981 TO 2010
CLIMATE RECORD PERIOD 1871 TO 2017


WEATHER ITEM   OBSERVED TIME   RECORD YEAR NORMAL DEPARTURE LAST
                VALUE   (LST)  VALUE       VALUE  FROM      YEAR
                                                  NORMAL
..................................................................
TEMPERATURE (F)
 TODAY
  MAXIMUM         79   1212 AM  96    1956  78      1       93
  MINIMUM         61   1010 AM  40    1903  57      4       71
  AVERAGE         70                        67      3       82

PRECIPITATION (IN)
  TODAY            1.68          2.58 1975   0.15   1.53     0.00
  MONTH TO DATE    1.70                      1.45   0.25     0.84
  SINCE JUN 1      1.70                      1.45   0.25     0.84
  SINCE JAN 1     13.25                     11.03   2.22     9.76

SNOWFALL (IN)
  TODAY            T   R         0.0    MM   0.0    0.0      0.0
  MONTH TO DATE    T                         0.0    0.0      0.0
  SINCE JUN 1      T                         0.0    0.0      0.0
  SINCE JUL 1     32.0                      54.4  -22.4     36.7
  SNOW DEPTH       T

DEGREE DAYS
 HEATING
  TODAY            0                         2     -2        0
  MONTH TO DATE    1                        29    -28        7
  SINCE JUN 1      1                        29    -28        7
  SINCE JUL 1   6299                      7565  -1266     6283

 COOLING
  TODAY            5                         4      1       17
  MONTH TO DATE  106                        37     69       49
  SINCE JUN 1    106                        37     69       49
  SINCE JAN 1    127                        79     48      125
..................................................................


WIND (MPH)
  HIGHEST WIND SPEED    44   HIGHEST WIND DIRECTION    NW (300)
  HIGHEST GUST SPEED    52   HIGHEST GUST DIRECTION    NW (310)
  AVERAGE WIND SPEED     8.0


SKY COVER
  POSSIBLE SUNSHINE  MM
  AVERAGE SKY COVER 0.8


WEATHER CONDITIONS
 THE FOLLOWING WEATHER WAS RECORDED TODAY.
  THUNDERSTORM
  HEAVY RAIN
  RAIN
  LIGHT RAIN
  HAIL
  FOG


RELATIVE HUMIDITY (PERCENT)
 HIGHEST    93           900 AM
 LOWEST     38           600 AM
 AVERAGE    66

..........................................................


THE TWIN CITIES MN CLIMATE NORMALS FOR TOMORROW
                         NORMAL    RECORD    YEAR
 MAXIMUM TEMPERATURE (F)   78        95      1956
 MINIMUM TEMPERATURE (F)   58        39      1877


SUNRISE AND SUNSET
JUNE 11 2017..........SUNRISE   526 AM CDT   SUNSET   859 PM CDT
JUNE 12 2017..........SUNRISE   526 AM CDT   SUNSET   900 PM CDT


-  INDICATES NEGATIVE NUMBERS.
R  INDICATES RECORD WAS SET OR TIED.
MM INDICATES DATA IS MISSING.
T  INDICATES TRACE AMOUNT.




$$
