000
CDUS43 KMPX 130037
CLIMSP


CLIMATE REPORT
NATIONAL WEATHER SERVICE CHANHASSEN MN
736 PM CDT WED APR 12 2017


...................................

...THE TWIN CITIES MN CLIMATE SUMMARY FOR APRIL 12 2017...
VALID TODAY AS OF 0700 PM LOCAL TIME.

CLIMATE NORMAL PERIOD 1981 TO 2010
CLIMATE RECORD PERIOD 1871 TO 2017


WEATHER ITEM   OBSERVED TIME   RECORD YEAR NORMAL DEPARTURE LAST
                VALUE   (LST)  VALUE       VALUE  FROM      YEAR
                                                  NORMAL
..................................................................
TEMPERATURE (F)
 TODAY
  MAXIMUM         57    245 PM  83    1931  56      1       49
  MINIMUM         40    240 AM  12    1962  36      4       27
  AVERAGE         49                        46      3       38

PRECIPITATION (IN)
  TODAY            0.06          0.67 1983   0.08  -0.02      T
  MONTH TO DATE    0.38                      0.93  -0.55     0.15
  SINCE MAR 1      1.06                      2.82  -1.76     2.41
  SINCE JAN 1      2.68                      4.49  -1.81     3.81

SNOWFALL (IN)
  TODAY            0.0           6.0  1962   0.1   -0.1       T
  MONTH TO DATE    0.5                       1.3   -0.8      0.5
  SINCE MAR 1      5.2                      11.6   -6.4      5.9
  SINCE JUL 1     32.0                      53.3  -21.3     36.7
  SNOW DEPTH       0

DEGREE DAYS
 HEATING
  TODAY           16                        19     -3       27
  MONTH TO DATE  179                       264    -85      333
  SINCE MAR 1   1134                      1262   -128     1061
  SINCE JUL 1   5835                      7052  -1217     5926

 COOLING
  TODAY            0                         0      0        0
  MONTH TO DATE    0                         0      0        0
  SINCE MAR 1      0                         0      0        0
  SINCE JAN 1      0                         0      0        0
..................................................................


WIND (MPH)
  HIGHEST WIND SPEED    16   HIGHEST WIND DIRECTION    SE (120)
  HIGHEST GUST SPEED    20   HIGHEST GUST DIRECTION     E (110)
  AVERAGE WIND SPEED     8.1


SKY COVER
  POSSIBLE SUNSHINE  MM
  AVERAGE SKY COVER 0.8


WEATHER CONDITIONS
 THE FOLLOWING WEATHER WAS RECORDED TODAY.
  RAIN
  LIGHT RAIN


RELATIVE HUMIDITY (PERCENT)
 HIGHEST    83           500 PM
 LOWEST     54          1200 PM
 AVERAGE    69

..........................................................


THE TWIN CITIES MN CLIMATE NORMALS FOR TOMORROW
                         NORMAL    RECORD    YEAR
 MAXIMUM TEMPERATURE (F)   57        84      2006
 MINIMUM TEMPERATURE (F)   36         2      1962


SUNRISE AND SUNSET
APRIL 12 2017.........SUNRISE   633 AM CDT   SUNSET   755 PM CDT
APRIL 13 2017.........SUNRISE   631 AM CDT   SUNSET   756 PM CDT


-  INDICATES NEGATIVE NUMBERS.
R  INDICATES RECORD WAS SET OR TIED.
MM INDICATES DATA IS MISSING.
T  INDICATES TRACE AMOUNT.




$$
