000
CDUS43 KMPX 080656
CLIMSP


CLIMATE REPORT
NATIONAL WEATHER SERVICE CHANHASSEN MN
1255 AM CST WED MAR 8 2017


...................................

...THE TWIN CITIES MN CLIMATE SUMMARY FOR MARCH 7 2017...

CLIMATE NORMAL PERIOD 1981 TO 2010
CLIMATE RECORD PERIOD 1871 TO 2017


WEATHER ITEM   OBSERVED TIME   RECORD YEAR NORMAL DEPARTURE LAST
                VALUE   (LST)  VALUE       VALUE  FROM      YEAR
                                                  NORMAL
..................................................................
TEMPERATURE (F)
 YESTERDAY
  MAXIMUM         49    229 PM  73    2000  37     12       64
                                      1987
  MINIMUM         29    515 AM -16    1960  21      8       42
  AVERAGE         39                        29     10       53

PRECIPITATION (IN)
  YESTERDAY        T             1.02 1874   0.06  -0.06     0.00
  MONTH TO DATE    0.14                      0.36  -0.22     0.05
  SINCE MAR 1      0.14                      0.36  -0.22     0.05
  SINCE JAN 1      1.76                      2.03  -0.27     1.45

SNOWFALL (IN)
  YESTERDAY        T            11.5  1917   0.4   -0.4      0.0
  MONTH TO DATE    1.0                       2.9   -1.9      0.4
  SINCE MAR 1      1.0                       2.9   -1.9      0.4
  SINCE JUL 1     27.8                      44.6  -16.8     31.2
  SNOW DEPTH       T

DEGREE DAYS
 HEATING
  YESTERDAY       26                        36    -10       12
  MONTH TO DATE  206                       263    -57      215
  SINCE MAR 1    206                       263    -57      215
  SINCE JUL 1   4907                      6053  -1146     5080

 COOLING
  YESTERDAY        0                         0      0        0
  MONTH TO DATE    0                         0      0        0
  SINCE MAR 1      0                         0      0        0
  SINCE JAN 1      0                         0      0        0
..................................................................


WIND (MPH)
  HIGHEST WIND SPEED    38   HIGHEST WIND DIRECTION     W (270)
  HIGHEST GUST SPEED    52   HIGHEST GUST DIRECTION     W (270)
  AVERAGE WIND SPEED    24.6


SKY COVER
  POSSIBLE SUNSHINE  MM
  AVERAGE SKY COVER 0.5


WEATHER CONDITIONS
 THE FOLLOWING WEATHER WAS RECORDED YESTERDAY.
  LIGHT RAIN
  LIGHT SNOW
  HAZE


RELATIVE HUMIDITY (PERCENT)
 HIGHEST    78           500 AM
 LOWEST     27           700 PM
 AVERAGE    53

..........................................................


THE TWIN CITIES MN CLIMATE NORMALS FOR TODAY
                         NORMAL    RECORD    YEAR
 MAXIMUM TEMPERATURE (F)   37        70      2016
 MINIMUM TEMPERATURE (F)   21        -8      1877


SUNRISE AND SUNSET
MARCH  8 2017.........SUNRISE   638 AM CST   SUNSET   610 PM CST
MARCH  9 2017.........SUNRISE   636 AM CST   SUNSET   611 PM CST


-  INDICATES NEGATIVE NUMBERS.
R  INDICATES RECORD WAS SET OR TIED.
MM INDICATES DATA IS MISSING.
T  INDICATES TRACE AMOUNT.




$$
