000
CDUS43 KMPX 050058
CLIMSP


CLIMATE REPORT
NATIONAL WEATHER SERVICE CHANHASSEN MN
658 PM CST WED JAN 4 2017


...................................

...THE TWIN CITIES MN CLIMATE SUMMARY FOR JANUARY 4 2017...
VALID TODAY AS OF 0600 PM LOCAL TIME.

CLIMATE NORMAL PERIOD 1981 TO 2010
CLIMATE RECORD PERIOD 1871 TO 2017


WEATHER ITEM   OBSERVED TIME   RECORD YEAR NORMAL DEPARTURE LAST
                VALUE   (LST)  VALUE       VALUE  FROM      YEAR
                                                  NORMAL
..................................................................
TEMPERATURE (F)
 TODAY
  MAXIMUM          4    322 PM  41    2007  24    -20       26
                                      1898
  MINIMUM         -6    914 AM -32    1884   8    -14       10
  AVERAGE         -1                        16    -17       18

PRECIPITATION (IN)
  TODAY            T             0.57 1997   0.03  -0.03     0.00
  MONTH TO DATE    0.02                      0.13  -0.11      T
  SINCE DEC 1      2.16                      1.29   0.87     2.32
  SINCE JAN 1      0.02                      0.13  -0.11      T

SNOWFALL (IN)
  TODAY            T             3.2  1910   0.4   -0.4      0.0
  MONTH TO DATE    T                         1.5   -1.5       T
  SINCE DEC 1     15.8                      13.4    2.4      9.5
  SINCE JUL 1     18.1                      23.3   -5.2     14.6
  SNOW DEPTH       1

DEGREE DAYS
 HEATING
  TODAY           66                        49     17       47
  MONTH TO DATE  186                       196    -10      171
  SINCE DEC 1   1544                      1600    -56     1242
  SINCE JUL 1   2588                      3219   -631     2417

 COOLING
  TODAY            0                         0      0        0
  MONTH TO DATE    0                         0      0        0
  SINCE DEC 1      0                         0      0        0
  SINCE JAN 1      0                         0      0        0
..................................................................


WIND (MPH)
  HIGHEST WIND SPEED    22   HIGHEST WIND DIRECTION    NW (320)
  HIGHEST GUST SPEED    27   HIGHEST GUST DIRECTION    NW (330)
  AVERAGE WIND SPEED    16.1


SKY COVER
  POSSIBLE SUNSHINE  MM
  AVERAGE SKY COVER 0.2


WEATHER CONDITIONS
 THE FOLLOWING WEATHER WAS RECORDED TODAY.
  LIGHT SNOW


RELATIVE HUMIDITY (PERCENT)
 HIGHEST    75          1200 AM
 LOWEST     59          1200 PM
 AVERAGE    67

..........................................................


THE TWIN CITIES MN CLIMATE NORMALS FOR TOMORROW
                         NORMAL    RECORD    YEAR
 MAXIMUM TEMPERATURE (F)   24        47      1885
 MINIMUM TEMPERATURE (F)    8       -28      1924
                                             1912
                                             1884


SUNRISE AND SUNSET
JANUARY  4 2017.......SUNRISE   751 AM CST   SUNSET   446 PM CST
JANUARY  5 2017.......SUNRISE   750 AM CST   SUNSET   447 PM CST


-  INDICATES NEGATIVE NUMBERS.
R  INDICATES RECORD WAS SET OR TIED.
MM INDICATES DATA IS MISSING.
T  INDICATES TRACE AMOUNT.




$$
