000
CDUS43 KMPX 282242
CLIMSP


CLIMATE REPORT
NATIONAL WEATHER SERVICE CHANHASSEN MN
442 PM CST SUN DEC 28 2014


...................................

...THE TWIN CITIES MN CLIMATE SUMMARY FOR DECEMBER 28 2014...
VALID AS OF 0400 PM LOCAL TIME.

CLIMATE NORMAL PERIOD 1981 TO 2010
CLIMATE RECORD PERIOD 1871 TO 2014


WEATHER ITEM   OBSERVED TIME   RECORD YEAR NORMAL DEPARTURE LAST
                VALUE   (LST)  VALUE       VALUE  FROM      YEAR
                                                  NORMAL
..................................................................
TEMPERATURE (F)
 TODAY
  MAXIMUM         24    240 PM  47    2013  24      0       47
  MINIMUM          7    804 AM -27    1880   9     -2       20
  AVERAGE         16                        17     -1       34

PRECIPITATION (IN)
  TODAY            0.00          1.09 1982   0.03  -0.03      T
  MONTH TO DATE    0.86                      1.06  -0.20     1.37
  SINCE DEC 1      0.86                      1.06  -0.20     1.37
  SINCE JAN 1     35.40                     30.51   4.89    32.68

SNOWFALL (IN)
  TODAY            0.0          12.0  1982   0.3   -0.3       T
  MONTH TO DATE    5.6                      10.8   -5.2     15.0
  SINCE DEC 1      5.6                      10.8   -5.2     15.0
  SINCE JUL 1     15.0                      20.7   -5.7     16.1
  SNOW DEPTH       4

DEGREE DAYS
 HEATING
  TODAY           49                        48      1       31
  MONTH TO DATE 1064                      1258   -194     1423
  SINCE DEC 1   1064                      1258   -194     1423
  SINCE JUL 1   2857                      2877    -20     2924

 COOLING
  TODAY            0                         0      0        0
  MONTH TO DATE    0                         0      0        0
  SINCE DEC 1      0                         0      0        0
  SINCE JAN 1    759                       753      6      983
..................................................................


WIND (MPH)
  HIGHEST WIND SPEED     9   HIGHEST WIND DIRECTION    NE (30)
  HIGHEST GUST SPEED    16   HIGHEST GUST DIRECTION     N (20)
  AVERAGE WIND SPEED     3.7


SKY COVER
  POSSIBLE SUNSHINE  MM
  AVERAGE SKY COVER 0.6


WEATHER CONDITIONS
 THE FOLLOWING WEATHER WAS RECORDED TODAY.
  FOG
  HAZE


RELATIVE HUMIDITY (PERCENT)
 HIGHEST    92          1000 AM
 LOWEST     68           300 PM
 AVERAGE    80

..........................................................


THE TWIN CITIES MN CLIMATE NORMALS FOR TOMORROW
                         NORMAL    RECORD    YEAR
 MAXIMUM TEMPERATURE (F)   24        53      1999
 MINIMUM TEMPERATURE (F)    9       -24      1917


SUNRISE AND SUNSET
DECEMBER 28 2014......SUNRISE   750 AM CST   SUNSET   439 PM CST
DECEMBER 29 2014......SUNRISE   750 AM CST   SUNSET   440 PM CST


-  INDICATES NEGATIVE NUMBERS.
R  INDICATES RECORD WAS SET OR TIED.
MM INDICATES DATA IS MISSING.
T  INDICATES TRACE AMOUNT.




$$
