000
CDUS43 KMPX 252147
CLIMSP


CLIMATE REPORT
NATIONAL WEATHER SERVICE CHANHASSEN MN
447 PM CDT TUE JUL 25 2017


...................................

...THE TWIN CITIES MN CLIMATE SUMMARY FOR JULY 25 2017...
VALID TODAY AS OF 0400 PM LOCAL TIME.

CLIMATE NORMAL PERIOD 1981 TO 2010
CLIMATE RECORD PERIOD 1871 TO 2017


WEATHER ITEM   OBSERVED TIME   RECORD YEAR NORMAL DEPARTURE LAST
                VALUE   (LST)  VALUE       VALUE  FROM      YEAR
                                                  NORMAL
..................................................................
TEMPERATURE (F)
 TODAY
  MAXIMUM         82    248 PM  99    1999  83     -1       87
                                      1941
  MINIMUM         67    539 AM  50    1891  64      3       67
  AVERAGE         75                        74      1       77

PRECIPITATION (IN)
  TODAY            T             2.07 1878   0.13  -0.13     0.00
  MONTH TO DATE    2.29                      3.22  -0.93     4.61
  SINCE JUN 1      6.52                      7.47  -0.95     9.10
  SINCE JAN 1     18.07                     17.05   1.02    18.02

SNOWFALL (IN)
  TODAY            0.0           0.0    MM   0.0    0.0      0.0
  MONTH TO DATE    0.0                       0.0    0.0      0.0
  SINCE JUN 1      T                         0.0    0.0      0.0
  SINCE JUL 1      0.0                       0.0    0.0      0.0
  SNOW DEPTH       0

DEGREE DAYS
 HEATING
  TODAY            0                         0      0        0
  MONTH TO DATE    0                         0      0        1
  SINCE JUN 1     12                        44    -32        8
  SINCE JUL 1      0                         0      0        1

 COOLING
  TODAY           10                         9      1       12
  MONTH TO DATE  263                       223     40      267
  SINCE JUN 1    473                       381     92      470
  SINCE JAN 1    494                       423     71      546
..................................................................


WIND (MPH)
  HIGHEST WIND SPEED    22   HIGHEST WIND DIRECTION     S (180)
  HIGHEST GUST SPEED    30   HIGHEST GUST DIRECTION     S (190)
  AVERAGE WIND SPEED    14.1


SKY COVER
  POSSIBLE SUNSHINE  MM
  AVERAGE SKY COVER 0.9


WEATHER CONDITIONS
 THE FOLLOWING WEATHER WAS RECORDED TODAY.
  THUNDERSTORM
  LIGHT RAIN


RELATIVE HUMIDITY (PERCENT)
 HIGHEST    81           500 AM
 LOWEST     62          1100 AM
 AVERAGE    72

..........................................................


THE TWIN CITIES MN CLIMATE NORMALS FOR TOMORROW
                         NORMAL    RECORD    YEAR
 MAXIMUM TEMPERATURE (F)   83       100      1955
                                             1894
 MINIMUM TEMPERATURE (F)   64        45      1962


SUNRISE AND SUNSET
JULY 25 2017..........SUNRISE   551 AM CDT   SUNSET   847 PM CDT
JULY 26 2017..........SUNRISE   552 AM CDT   SUNSET   846 PM CDT


-  INDICATES NEGATIVE NUMBERS.
R  INDICATES RECORD WAS SET OR TIED.
MM INDICATES DATA IS MISSING.
T  INDICATES TRACE AMOUNT.




$$
