708
CDUS43 KMPX 272142
CLIMSP


CLIMATE REPORT
NATIONAL WEATHER SERVICE CHANHASSEN MN
442 PM CDT SAT AUG 27 2016


...................................

...THE TWIN CITIES MN CLIMATE SUMMARY FOR AUGUST 27 2016...
VALID AS OF 0400 PM LOCAL TIME.

CLIMATE NORMAL PERIOD 1981 TO 2010
CLIMATE RECORD PERIOD 1871 TO 2016


WEATHER ITEM   OBSERVED TIME   RECORD YEAR NORMAL DEPARTURE LAST
                VALUE   (LST)  VALUE       VALUE  FROM      YEAR
                                                  NORMAL
..................................................................
TEMPERATURE (F)
 TODAY
  MAXIMUM         67    234 PM  99    1926  79    -12       76
  MINIMUM         64    956 AM  42    1887  60      4       59
  AVERAGE         66                        69     -3       68

PRECIPITATION (IN)
  TODAY            0.01          2.80 1978   0.13  -0.12     0.00
  MONTH TO DATE    6.21                      3.82   2.39     2.99
  SINCE JUN 1     15.79                     12.11   3.68    14.71
  SINCE JAN 1     24.71                     21.69   3.02    22.04

SNOWFALL (IN)
  TODAY            0.0           0.0    MM   0.0    0.0      0.0
  MONTH TO DATE    0.0                       0.0    0.0      0.0
  SINCE JUN 1      0.0                       0.0    0.0      0.0
  SINCE JUL 1      0.0                       0.0    0.0      0.0
  SNOW DEPTH       0

DEGREE DAYS
 HEATING
  TODAY            0                         1     -1        0
  MONTH TO DATE    2                         6     -4       13
  SINCE JUN 1     10                        55    -45       22
  SINCE JUL 1      3                        11     -8       15

 COOLING
  TODAY            1                         5     -4        3
  MONTH TO DATE  236                       185     51      179
  SINCE JUN 1    763                       619    144      602
  SINCE JAN 1    839                       661    178      629
..................................................................


WIND (MPH)
  HIGHEST WIND SPEED    16   HIGHEST WIND DIRECTION    SE (130)
  HIGHEST GUST SPEED    19   HIGHEST GUST DIRECTION    SE (130)
  AVERAGE WIND SPEED     7.5


SKY COVER
  POSSIBLE SUNSHINE  MM
  AVERAGE SKY COVER 1.0


WEATHER CONDITIONS
 THE FOLLOWING WEATHER WAS RECORDED TODAY.
  LIGHT RAIN
  FOG
  HAZE


RELATIVE HUMIDITY (PERCENT)
 HIGHEST    84           500 AM
 LOWEST     73          1200 AM
 AVERAGE    79

..........................................................


THE TWIN CITIES MN CLIMATE NORMALS FOR TOMORROW
                         NORMAL    RECORD    YEAR
 MAXIMUM TEMPERATURE (F)   78        94      1955
                                             1899
 MINIMUM TEMPERATURE (F)   60        42      1934


SUNRISE AND SUNSET
AUGUST 27 2016........SUNRISE   630 AM CDT   SUNSET   758 PM CDT
AUGUST 28 2016........SUNRISE   631 AM CDT   SUNSET   756 PM CDT


-  INDICATES NEGATIVE NUMBERS.
R  INDICATES RECORD WAS SET OR TIED.
MM INDICATES DATA IS MISSING.
T  INDICATES TRACE AMOUNT.




$$
