135
CDUS43 KMPX 202136
CLIMSP


CLIMATE REPORT
NATIONAL WEATHER SERVICE CHANHASSEN MN
435 PM CDT WED MAY 20 2015


...................................

...THE TWIN CITIES MN CLIMATE SUMMARY FOR MAY 20 2015...
VALID AS OF 0400 PM LOCAL TIME.

CLIMATE NORMAL PERIOD 1981 TO 2010
CLIMATE RECORD PERIOD 1871 TO 2015


WEATHER ITEM   OBSERVED TIME   RECORD YEAR NORMAL DEPARTURE LAST
                VALUE   (LST)  VALUE       VALUE  FROM      YEAR
                                                  NORMAL
..................................................................
TEMPERATURE (F)
 TODAY
  MAXIMUM         62    228 PM  94    2009  71     -9       78
  MINIMUM         41    523 AM  31    1892  50     -9       50
  AVERAGE         52                        60     -8       64

PRECIPITATION (IN)
  TODAY            0.00          1.14 1937   0.11  -0.11     0.00
  MONTH TO DATE    1.74                      2.17  -0.43     3.88
  SINCE MAR 1      4.83                      6.72  -1.89    10.97
  SINCE JAN 1      5.52                      8.39  -2.87    13.80

SNOWFALL (IN)
  TODAY            0.0           3.0  1892   0.0    0.0      0.0
  MONTH TO DATE    0.0                       0.0    0.0      0.0
  SINCE MAR 1      7.1                      12.7   -5.6     11.7
  SINCE JUL 1     32.4                      54.4  -22.0     69.8
  SNOW DEPTH       0

DEGREE DAYS
 HEATING
  TODAY           13                         6      7        1
  MONTH TO DATE  156                       166    -10      230
  SINCE MAR 1   1513                      1694   -181     2109
  SINCE JUL 1   7478                      7484     -6     8562

 COOLING
  TODAY            0                         1     -1        0
  MONTH TO DATE   14                        18     -4        0
  SINCE MAR 1     14                        23     -9        0
  SINCE JAN 1     14                        23     -9        0
..................................................................


WIND (MPH)
  HIGHEST WIND SPEED    15   HIGHEST WIND DIRECTION     W (290)
  HIGHEST GUST SPEED    20   HIGHEST GUST DIRECTION     N (360)
  AVERAGE WIND SPEED     3.2


SKY COVER
  POSSIBLE SUNSHINE  MM
  AVERAGE SKY COVER 0.7


WEATHER CONDITIONS
 THE FOLLOWING WEATHER WAS RECORDED TODAY.
  FOG
  HAZE


RELATIVE HUMIDITY (PERCENT)
 HIGHEST    83           600 AM
 LOWEST     27           200 PM
 AVERAGE    55

..........................................................


THE TWIN CITIES MN CLIMATE NORMALS FOR TOMORROW
                         NORMAL    RECORD    YEAR
 MAXIMUM TEMPERATURE (F)   71        92      1964
 MINIMUM TEMPERATURE (F)   51        33      1997


SUNRISE AND SUNSET
MAY 20 2015...........SUNRISE   539 AM CDT   SUNSET   840 PM CDT
MAY 21 2015...........SUNRISE   538 AM CDT   SUNSET   841 PM CDT


-  INDICATES NEGATIVE NUMBERS.
R  INDICATES RECORD WAS SET OR TIED.
MM INDICATES DATA IS MISSING.
T  INDICATES TRACE AMOUNT.




$$
