000
CDUS43 KMPX 260842
CLIMSP


CLIMATE REPORT
NATIONAL WEATHER SERVICE CHANHASSEN MN
341 AM CDT THU MAR 26 2015


...................................

...THE TWIN CITIES MN CLIMATE SUMMARY FOR MARCH 25 2015...

CLIMATE NORMAL PERIOD 1981 TO 2010
CLIMATE RECORD PERIOD 1871 TO 2015


WEATHER ITEM   OBSERVED TIME   RECORD YEAR NORMAL DEPARTURE LAST
                VALUE   (LST)  VALUE       VALUE  FROM      YEAR
                                                  NORMAL
..................................................................
TEMPERATURE (F)
 YESTERDAY
  MAXIMUM         38    317 PM  78    1939  46     -8       24
  MINIMUM         31   1159 PM  -5    1940  28      3       10
  AVERAGE         35                        37     -2       17

PRECIPITATION (IN)
  YESTERDAY        T             0.51 1995   0.07  -0.07      T
  MONTH TO DATE    0.48                      1.47  -0.99     0.37
  SINCE MAR 1      0.48                      1.47  -0.99     0.37
  SINCE JAN 1      1.17                      3.14  -1.97     3.20

SNOWFALL (IN)
  YESTERDAY        0.1           3.6  1996   0.3   -0.2       T
  MONTH TO DATE    6.8                       9.1   -2.3      4.6
  SINCE MAR 1      6.8                       9.1   -2.3      4.6
  SINCE JUL 1     32.1                      50.8  -18.7     62.7
  SNOW DEPTH       1

DEGREE DAYS
 HEATING
  YESTERDAY       30                        28      2       48
  MONTH TO DATE  745                       840    -95     1048
  SINCE MAR 1    745                       840    -95     1048
  SINCE JUL 1   6710                      6630     80     7501

 COOLING
  YESTERDAY        0                         0      0        0
  MONTH TO DATE    0                         0      0        0
  SINCE MAR 1      0                         0      0        0
  SINCE JAN 1      0                         0      0        0
..................................................................


WIND (MPH)
  HIGHEST WIND SPEED    32   HIGHEST WIND DIRECTION     W (270)
  HIGHEST GUST SPEED    42   HIGHEST GUST DIRECTION     W (270)
  AVERAGE WIND SPEED    15.0


SKY COVER
  POSSIBLE SUNSHINE  MM
  AVERAGE SKY COVER 0.9


WEATHER CONDITIONS
 THE FOLLOWING WEATHER WAS RECORDED YESTERDAY.
  LIGHT SNOW
  FOG


RELATIVE HUMIDITY (PERCENT)
 HIGHEST   100          1200 AM
 LOWEST     59           500 PM
 AVERAGE    80

..........................................................


THE TWIN CITIES MN CLIMATE NORMALS FOR TODAY
                         NORMAL    RECORD    YEAR
 MAXIMUM TEMPERATURE (F)   47        81      2007
 MINIMUM TEMPERATURE (F)   28       -10      1996


SUNRISE AND SUNSET
MARCH 26 2015.........SUNRISE   705 AM CDT   SUNSET   733 PM CDT
MARCH 27 2015.........SUNRISE   703 AM CDT   SUNSET   734 PM CDT


-  INDICATES NEGATIVE NUMBERS.
R  INDICATES RECORD WAS SET OR TIED.
MM INDICATES DATA IS MISSING.
T  INDICATES TRACE AMOUNT.




$$
