584
CDUS43 KMPX 280648
CLIMSP


CLIMATE REPORT
NATIONAL WEATHER SERVICE CHANHASSEN MN
148 AM CDT THU JUL 28 2016


...................................

...THE TWIN CITIES MN CLIMATE SUMMARY FOR JULY 27 2016...

CLIMATE NORMAL PERIOD 1981 TO 2010
CLIMATE RECORD PERIOD 1871 TO 2016


WEATHER ITEM   OBSERVED TIME   RECORD YEAR NORMAL DEPARTURE LAST
                VALUE   (LST)  VALUE       VALUE  FROM      YEAR
                                                  NORMAL
..................................................................
TEMPERATURE (F)
 YESTERDAY
  MAXIMUM         80   1140 AM 104    1931  83     -3       86
  MINIMUM         68   1159 PM  49    1971  64      4       71
                                      1962
  AVERAGE         74                        74      0       79

PRECIPITATION (IN)
  YESTERDAY        0.48          6.35 1892   0.13   0.35     0.00
  MONTH TO DATE    5.09                      3.49   1.60     6.03
  SINCE JUN 1      9.58                      7.74   1.84    10.43
  SINCE JAN 1     18.50                     17.32   1.18    17.76

SNOWFALL (IN)
  YESTERDAY        0.0           0.0    MM   0.0    0.0      0.0
  MONTH TO DATE    0.0                       0.0    0.0      0.0
  SINCE JUN 1      0.0                       0.0    0.0      0.0
  SINCE JUL 1      0.0                       0.0    0.0      0.0
  SNOW DEPTH       0

DEGREE DAYS
 HEATING
  YESTERDAY        0                         0      0        0
  MONTH TO DATE    1                         0      1        2
  SINCE JUN 1      8                        44    -36        9
  SINCE JUL 1      1                         0      1        2

 COOLING
  YESTERDAY        9                         9      0       14
  MONTH TO DATE  293                       241     52      228
  SINCE JUN 1    496                       399     97      384
  SINCE JAN 1    572                       441    131      411
..................................................................


WIND (MPH)
  HIGHEST WIND SPEED    22   HIGHEST WIND DIRECTION     S (200)
  HIGHEST GUST SPEED    30   HIGHEST GUST DIRECTION     S (200)
  AVERAGE WIND SPEED     7.0


SKY COVER
  POSSIBLE SUNSHINE  MM
  AVERAGE SKY COVER 1.0


WEATHER CONDITIONS
 THE FOLLOWING WEATHER WAS RECORDED YESTERDAY.
  THUNDERSTORM
  HEAVY RAIN
  LIGHT RAIN
  FOG


RELATIVE HUMIDITY (PERCENT)
 HIGHEST    90           300 PM
 LOWEST     67          1200 AM
 AVERAGE    79

..........................................................


THE TWIN CITIES MN CLIMATE NORMALS FOR TODAY
                         NORMAL    RECORD    YEAR
 MAXIMUM TEMPERATURE (F)   83       100      1955
 MINIMUM TEMPERATURE (F)   64        50      1981


SUNRISE AND SUNSET
JULY 28 2016..........SUNRISE   555 AM CDT   SUNSET   843 PM CDT
JULY 29 2016..........SUNRISE   556 AM CDT   SUNSET   842 PM CDT


-  INDICATES NEGATIVE NUMBERS.
R  INDICATES RECORD WAS SET OR TIED.
MM INDICATES DATA IS MISSING.
T  INDICATES TRACE AMOUNT.




$$
