000
CDUS43 KMPX 230625
CLIMSP


CLIMATE REPORT
NATIONAL WEATHER SERVICE CHANHASSEN MN
125 AM CDT WED JUL 23 2014


...................................

...THE TWIN CITIES MN CLIMATE SUMMARY FOR JULY 22 2014...

CLIMATE NORMAL PERIOD 1981 TO 2010
CLIMATE RECORD PERIOD 1871 TO 2014


WEATHER ITEM   OBSERVED TIME   RECORD YEAR NORMAL DEPARTURE LAST
                VALUE   (LST)  VALUE       VALUE  FROM      YEAR
                                                  NORMAL
..................................................................
TEMPERATURE (F)
 YESTERDAY
  MAXIMUM         86    426 PM 105    1934  83      3       88
  MINIMUM         70   1159 PM  49    1947  64      6       67
  AVERAGE         78                        74      4       78

PRECIPITATION (IN)
  YESTERDAY        0.00          2.69 1997   0.13  -0.13      T
  MONTH TO DATE    1.82                      2.83  -1.01     3.45
  SINCE JUN 1     13.18                      7.08   6.10     8.62
  SINCE JAN 1     27.65                     16.66  10.99    24.31

SNOWFALL (IN)
  YESTERDAY        0.0           0.0    MM   0.0    0.0      0.0
  MONTH TO DATE    0.0                       0.0    0.0      0.0
  SINCE JUN 1      0.0                       0.0    0.0       T
  SINCE JUL 1      0.0                       0.0    0.0      0.0
  SNOW DEPTH       0

DEGREE DAYS
 HEATING
  YESTERDAY        0                         0      0        0
  MONTH TO DATE    7                         0      7        0
  SINCE JUN 1     28                        44    -16       42
  SINCE JUL 1      7                         0      7        0

 COOLING
  YESTERDAY       13                         9      4       13
  MONTH TO DATE  146                       196    -50      288
  SINCE JUN 1    308                       354    -46      452
  SINCE JAN 1    360                       396    -36      505
..................................................................


WIND (MPH)
  HIGHEST WIND SPEED    23   HIGHEST WIND DIRECTION     N (340)
  HIGHEST GUST SPEED    32   HIGHEST GUST DIRECTION     N (10)
  AVERAGE WIND SPEED    12.7


SKY COVER
  POSSIBLE SUNSHINE  MM
  AVERAGE SKY COVER 0.4


WEATHER CONDITIONS
 THE FOLLOWING WEATHER WAS RECORDED YESTERDAY.
  NO SIGNIFICANT WEATHER WAS OBSERVED.


RELATIVE HUMIDITY (PERCENT)
 HIGHEST    85           400 AM
 LOWEST     35           400 PM
 AVERAGE    60

..........................................................


THE TWIN CITIES MN CLIMATE NORMALS FOR TODAY
                         NORMAL    RECORD    YEAR
 MAXIMUM TEMPERATURE (F)   83       105      1934
 MINIMUM TEMPERATURE (F)   64        47      1876


SUNRISE AND SUNSET
JULY 23 2014..........SUNRISE   549 AM CDT   SUNSET   849 PM CDT
JULY 24 2014..........SUNRISE   550 AM CDT   SUNSET   848 PM CDT


-  INDICATES NEGATIVE NUMBERS.
R  INDICATES RECORD WAS SET OR TIED.
MM INDICATES DATA IS MISSING.
T  INDICATES TRACE AMOUNT.




$$
