489
CDUS43 KMPX 240624
CLIMSP


CLIMATE REPORT
NATIONAL WEATHER SERVICE CHANHASSEN MN
123 AM CDT WED AUG 24 2016


...................................

...THE TWIN CITIES MN CLIMATE SUMMARY FOR AUGUST 23 2016...

CLIMATE NORMAL PERIOD 1981 TO 2010
CLIMATE RECORD PERIOD 1871 TO 2016


WEATHER ITEM   OBSERVED TIME   RECORD YEAR NORMAL DEPARTURE LAST
                VALUE   (LST)  VALUE       VALUE  FROM      YEAR
                                                  NORMAL
..................................................................
TEMPERATURE (F)
 YESTERDAY
  MAXIMUM         84    244 PM  97    1948  80      4       70
  MINIMUM         67    621 AM  42    1891  61      6       57
  AVERAGE         76                        70      6       64

PRECIPITATION (IN)
  YESTERDAY        1.01          1.43 1899   0.13   0.88      T
  MONTH TO DATE    6.13                      3.31   2.82     2.99
  SINCE JUN 1     15.71                     11.60   4.11    14.71
  SINCE JAN 1     24.63                     21.18   3.45    22.04

SNOWFALL (IN)
  YESTERDAY        0.0           0.0    MM   0.0    0.0      0.0
  MONTH TO DATE    0.0                       0.0    0.0      0.0
  SINCE JUN 1      0.0                       0.0    0.0      0.0
  SINCE JUL 1      0.0                       0.0    0.0      0.0
  SNOW DEPTH       0

DEGREE DAYS
 HEATING
  YESTERDAY        0                         1     -1        1
  MONTH TO DATE    2                         2      0        6
  SINCE JUN 1     10                        51    -41       15
  SINCE JUL 1      3                         7     -4        8

 COOLING
  YESTERDAY       11                         6      5        0
  MONTH TO DATE  223                       164     59      176
  SINCE JUN 1    750                       598    152      599
  SINCE JAN 1    826                       640    186      626
..................................................................


WIND (MPH)
  HIGHEST WIND SPEED    23   HIGHEST WIND DIRECTION     S (170)
  HIGHEST GUST SPEED    29   HIGHEST GUST DIRECTION     S (160)
  AVERAGE WIND SPEED    13.5


SKY COVER
  POSSIBLE SUNSHINE  MM
  AVERAGE SKY COVER 0.6


WEATHER CONDITIONS
 THE FOLLOWING WEATHER WAS RECORDED YESTERDAY.
  THUNDERSTORM
  HEAVY RAIN
  RAIN
  LIGHT RAIN
  FOG
  HAZE


RELATIVE HUMIDITY (PERCENT)
 HIGHEST    87          1000 PM
 LOWEST     58          1200 PM
 AVERAGE    73

..........................................................


THE TWIN CITIES MN CLIMATE NORMALS FOR TODAY
                         NORMAL    RECORD    YEAR
 MAXIMUM TEMPERATURE (F)   79        98      1948
 MINIMUM TEMPERATURE (F)   61        43      1887


SUNRISE AND SUNSET
AUGUST 24 2016........SUNRISE   626 AM CDT   SUNSET   803 PM CDT
AUGUST 25 2016........SUNRISE   627 AM CDT   SUNSET   801 PM CDT


-  INDICATES NEGATIVE NUMBERS.
R  INDICATES RECORD WAS SET OR TIED.
MM INDICATES DATA IS MISSING.
T  INDICATES TRACE AMOUNT.




$$
