000
CDUS43 KMPX 130634
CLIMSP


CLIMATE REPORT
NATIONAL WEATHER SERVICE CHANHASSEN MN
1234 AM CST SAT JAN 13 2018


...................................

...THE TWIN CITIES MN CLIMATE SUMMARY FOR JANUARY 12 2018...

CLIMATE NORMAL PERIOD 1981 TO 2010
CLIMATE RECORD PERIOD 1871 TO 2018


WEATHER ITEM   OBSERVED TIME   RECORD YEAR NORMAL DEPARTURE LAST
                VALUE   (LST)  VALUE       VALUE  FROM      YEAR
                                                  NORMAL
..................................................................
TEMPERATURE (F)
 YESTERDAY
  MAXIMUM          3    432 PM  48    1987  23    -20       14
  MINIMUM        -10    829 AM -31    1912   7    -17       -6
  AVERAGE         -3                        15    -18        4

PRECIPITATION (IN)
  YESTERDAY        0.00          0.70 1935   0.03  -0.03     0.00
  MONTH TO DATE    0.21                      0.38  -0.17     0.44
  SINCE DEC 1      1.00                      1.54  -0.54     2.58
  SINCE JAN 1      0.21                      0.38  -0.17     0.44

SNOWFALL (IN)
  YESTERDAY        0.0           8.7  2000   0.4   -0.4      0.0
  MONTH TO DATE    2.5                       4.8   -2.3      5.0
  SINCE DEC 1      8.9                      16.7   -7.8     20.8
  SINCE JUL 1      9.6                      26.6  -17.0     23.1
  SNOW DEPTH       2

DEGREE DAYS
 HEATING
  YESTERDAY       68                        50     18       61
  MONTH TO DATE  642                       593     49      651
  SINCE DEC 1   2065                      1997     68     2009
  SINCE JUL 1   3475                      3616   -141     3053

 COOLING
  YESTERDAY        0                         0      0        0
  MONTH TO DATE    0                         0      0        0
  SINCE DEC 1      0                         0      0        0
  SINCE JAN 1      0                         0      0        0
..................................................................


WIND (MPH)
  HIGHEST WIND SPEED    20   HIGHEST WIND DIRECTION    NW (330)
  HIGHEST GUST SPEED    25   HIGHEST GUST DIRECTION     N (360)
  AVERAGE WIND SPEED     9.9


SKY COVER
  POSSIBLE SUNSHINE  MM
  AVERAGE SKY COVER 0.0


WEATHER CONDITIONS
 THE FOLLOWING WEATHER WAS RECORDED YESTERDAY.
  NO SIGNIFICANT WEATHER WAS OBSERVED.


RELATIVE HUMIDITY (PERCENT)
 HIGHEST    79           600 AM
 LOWEST     51           300 PM
 AVERAGE    65

..........................................................


THE TWIN CITIES MN CLIMATE NORMALS FOR TODAY
                         NORMAL    RECORD    YEAR
 MAXIMUM TEMPERATURE (F)   23        48      1987
                                             1980
                                             1891
 MINIMUM TEMPERATURE (F)    7       -30      1916


SUNRISE AND SUNSET
JANUARY 13 2018.......SUNRISE   748 AM CST   SUNSET   455 PM CST
JANUARY 14 2018.......SUNRISE   748 AM CST   SUNSET   457 PM CST


-  INDICATES NEGATIVE NUMBERS.
R  INDICATES RECORD WAS SET OR TIED.
MM INDICATES DATA IS MISSING.
T  INDICATES TRACE AMOUNT.




$$
