000
CDUS43 KMPX 220024
CLIMSP


CLIMATE REPORT
NATIONAL WEATHER SERVICE CHANHASSEN MN
724 PM CDT SUN AUG 21 2016


...................................

...THE TWIN CITIES MN CLIMATE SUMMARY FOR AUGUST 21 2016...
VALID TODAY AS OF 0700 PM LOCAL TIME.

CLIMATE NORMAL PERIOD 1981 TO 2010
CLIMATE RECORD PERIOD 1871 TO 2016


WEATHER ITEM   OBSERVED TIME   RECORD YEAR NORMAL DEPARTURE LAST
                VALUE   (LST)  VALUE       VALUE  FROM      YEAR
                                                  NORMAL
..................................................................
TEMPERATURE (F)
 TODAY
  MAXIMUM         74    511 PM  98    1947  80     -6       81
  MINIMUM         56    557 AM  44    2004  61     -5       59
  AVERAGE         65                        71     -6       70

PRECIPITATION (IN)
  TODAY            0.00          3.64 1924   0.14  -0.14     0.00
  MONTH TO DATE    5.12                      3.05   2.07     2.40
  SINCE JUN 1     14.70                     11.34   3.36    14.12
  SINCE JAN 1     23.62                     20.92   2.70    21.45

SNOWFALL (IN)
  TODAY            0.0           0.0    MM   0.0    0.0      0.0
  MONTH TO DATE    0.0                       0.0    0.0      0.0
  SINCE JUN 1      0.0                       0.0    0.0      0.0
  SINCE JUL 1      0.0                       0.0    0.0      0.0
  SNOW DEPTH       0

DEGREE DAYS
 HEATING
  TODAY            0                         0      0        0
  MONTH TO DATE    2                         0      2        5
  SINCE JUN 1     10                        49    -39       14
  SINCE JUL 1      3                         5     -2        7

 COOLING
  TODAY            0                         6     -6        5
  MONTH TO DATE  206                       152     54      168
  SINCE JUN 1    733                       586    147      591
  SINCE JAN 1    809                       628    181      618
..................................................................


WIND (MPH)
  HIGHEST WIND SPEED    16   HIGHEST WIND DIRECTION    NW (310)
  HIGHEST GUST SPEED    22   HIGHEST GUST DIRECTION    NW (320)
  AVERAGE WIND SPEED     7.9


SKY COVER
  POSSIBLE SUNSHINE  MM
  AVERAGE SKY COVER 0.5


WEATHER CONDITIONS
 THE FOLLOWING WEATHER WAS RECORDED TODAY.
  NO SIGNIFICANT WEATHER WAS OBSERVED.


RELATIVE HUMIDITY (PERCENT)
 HIGHEST    93           400 AM
 LOWEST     41           100 PM
 AVERAGE    67

..........................................................


THE TWIN CITIES MN CLIMATE NORMALS FOR TOMORROW
                         NORMAL    RECORD    YEAR
 MAXIMUM TEMPERATURE (F)   80        97      1971
                                             1898
 MINIMUM TEMPERATURE (F)   61        43      1890
                                             1875


SUNRISE AND SUNSET
AUGUST 21 2016........SUNRISE   623 AM CDT   SUNSET   808 PM CDT
AUGUST 22 2016........SUNRISE   624 AM CDT   SUNSET   807 PM CDT


-  INDICATES NEGATIVE NUMBERS.
R  INDICATES RECORD WAS SET OR TIED.
MM INDICATES DATA IS MISSING.
T  INDICATES TRACE AMOUNT.




$$
