505
CDUS43 KMPX 212143
CLIMSP


CLIMATE REPORT
NATIONAL WEATHER SERVICE CHANHASSEN MN
443 PM CDT WED JUN 21 2017


...................................

...THE TWIN CITIES MN CLIMATE SUMMARY FOR JUNE 21 2017...
VALID TODAY AS OF 0400 PM LOCAL TIME.

CLIMATE NORMAL PERIOD 1981 TO 2010
CLIMATE RECORD PERIOD 1871 TO 2017


WEATHER ITEM   OBSERVED TIME   RECORD YEAR NORMAL DEPARTURE LAST
                VALUE   (LST)  VALUE       VALUE  FROM      YEAR
                                                  NORMAL
..................................................................
TEMPERATURE (F)
 TODAY
  MAXIMUM         81    259 PM  95    1910  81      0       83
  MINIMUM         59    151 AM  39    1992  61     -2       60
  AVERAGE         70                        71     -1       72

PRECIPITATION (IN)
  TODAY            0.00          2.95 2002   0.15  -0.15     0.00
  MONTH TO DATE    2.72                      2.94  -0.22     3.92
  SINCE JUN 1      2.72                      2.94  -0.22     3.92
  SINCE JAN 1     14.27                     12.52   1.75    12.84

SNOWFALL (IN)
  TODAY            0.0           0.0    MM   0.0    0.0      0.0
  MONTH TO DATE    T                         0.0    0.0      0.0
  SINCE JUN 1      T                         0.0    0.0      0.0
  SINCE JUL 1     32.0                      54.4  -22.4     36.7
  SNOW DEPTH       0

DEGREE DAYS
 HEATING
  TODAY            0                         1     -1        0
  MONTH TO DATE    1                        40    -39        7
  SINCE JUN 1      1                        40    -39        7
  SINCE JUL 1   6299                      7576  -1277     6283

 COOLING
  TODAY            5                         6     -1        7
  MONTH TO DATE  186                        91     95      135
  SINCE JUN 1    186                        91     95      135
  SINCE JAN 1    207                       133     74      211
..................................................................


WIND (MPH)
  HIGHEST WIND SPEED    20   HIGHEST WIND DIRECTION     S (160)
  HIGHEST GUST SPEED    24   HIGHEST GUST DIRECTION     S (170)
  AVERAGE WIND SPEED     8.2


SKY COVER
  POSSIBLE SUNSHINE  MM
  AVERAGE SKY COVER 0.4


WEATHER CONDITIONS
 THE FOLLOWING WEATHER WAS RECORDED TODAY.
  NO SIGNIFICANT WEATHER WAS OBSERVED.


RELATIVE HUMIDITY (PERCENT)
 HIGHEST    72          1200 AM
 LOWEST     39           100 PM
 AVERAGE    56

..........................................................


THE TWIN CITIES MN CLIMATE NORMALS FOR TOMORROW
                         NORMAL    RECORD    YEAR
 MAXIMUM TEMPERATURE (F)   81        98      1911
 MINIMUM TEMPERATURE (F)   61        42      1960


SUNRISE AND SUNSET
JUNE 21 2017..........SUNRISE   527 AM CDT   SUNSET   903 PM CDT
JUNE 22 2017..........SUNRISE   527 AM CDT   SUNSET   903 PM CDT


-  INDICATES NEGATIVE NUMBERS.
R  INDICATES RECORD WAS SET OR TIED.
MM INDICATES DATA IS MISSING.
T  INDICATES TRACE AMOUNT.




$$
