974
CDUS43 KMPX 220712
CLIMSP


CLIMATE REPORT
NATIONAL WEATHER SERVICE CHANHASSEN MN
212 AM CDT TUE AUG 22 2017


...................................

...THE TWIN CITIES MN CLIMATE SUMMARY FOR AUGUST 21 2017...

CLIMATE NORMAL PERIOD 1981 TO 2010
CLIMATE RECORD PERIOD 1871 TO 2017


WEATHER ITEM   OBSERVED TIME   RECORD YEAR NORMAL DEPARTURE LAST
                VALUE   (LST)  VALUE       VALUE  FROM      YEAR
                                                  NORMAL
..................................................................
TEMPERATURE (F)
 YESTERDAY
  MAXIMUM         80   1111 AM  98    1947  80      0       74
  MINIMUM         66    500 AM  44    2004  61      5       56
  AVERAGE         73                        71      2       65

PRECIPITATION (IN)
  YESTERDAY        0.19          3.64 1924   0.14   0.05     0.00
  MONTH TO DATE    4.72                      3.05   1.67     5.12
  SINCE JUN 1     12.07                     11.34   0.73    14.70
  SINCE JAN 1     23.62                     20.92   2.70    23.62

SNOWFALL (IN)
  YESTERDAY        0.0           0.0    MM   0.0    0.0      0.0
  MONTH TO DATE    0.0                       0.0    0.0      0.0
  SINCE JUN 1      T                         0.0    0.0      0.0
  SINCE JUL 1      0.0                       0.0    0.0      0.0
  SNOW DEPTH       0

DEGREE DAYS
 HEATING
  YESTERDAY        0                         0      0        0
  MONTH TO DATE    4                         0      4        2
  SINCE JUN 1     16                        49    -33       10
  SINCE JUL 1      4                         5     -1        3

 COOLING
  YESTERDAY        8                         6      2        0
  MONTH TO DATE  105                       152    -47      206
  SINCE JUN 1    643                       586     57      733
  SINCE JAN 1    664                       628     36      809
..................................................................


WIND (MPH)
  HIGHEST WIND SPEED    36   HIGHEST WIND DIRECTION    SE (150)
  HIGHEST GUST SPEED    42   HIGHEST GUST DIRECTION    SE (150)
  AVERAGE WIND SPEED     7.5


SKY COVER
  POSSIBLE SUNSHINE  MM
  AVERAGE SKY COVER 0.8


WEATHER CONDITIONS
 THE FOLLOWING WEATHER WAS RECORDED YESTERDAY.
  THUNDERSTORM
  RAIN
  LIGHT RAIN


RELATIVE HUMIDITY (PERCENT)
 HIGHEST    84           400 PM
 LOWEST     58          1200 PM
 AVERAGE    71

..........................................................


THE TWIN CITIES MN CLIMATE NORMALS FOR TODAY
                         NORMAL    RECORD    YEAR
 MAXIMUM TEMPERATURE (F)   80        97      1971
                                             1898
 MINIMUM TEMPERATURE (F)   61        43      1890
                                             1875


SUNRISE AND SUNSET
AUGUST 22 2017........SUNRISE   623 AM CDT   SUNSET   807 PM CDT
AUGUST 23 2017........SUNRISE   625 AM CDT   SUNSET   805 PM CDT


-  INDICATES NEGATIVE NUMBERS.
R  INDICATES RECORD WAS SET OR TIED.
MM INDICATES DATA IS MISSING.
T  INDICATES TRACE AMOUNT.




$$
