000
CDUS43 KMPX 270652
CLIMSP


CLIMATE REPORT
NATIONAL WEATHER SERVICE CHANHASSEN MN
1252 AM CST SAT DEC 27 2014


...................................

...THE TWIN CITIES MN CLIMATE SUMMARY FOR DECEMBER 26 2014...

CLIMATE NORMAL PERIOD 1981 TO 2010
CLIMATE RECORD PERIOD 1871 TO 2014


WEATHER ITEM   OBSERVED TIME   RECORD YEAR NORMAL DEPARTURE LAST
                VALUE   (LST)  VALUE       VALUE  FROM      YEAR
                                                  NORMAL
..................................................................
TEMPERATURE (F)
 YESTERDAY
  MAXIMUM         32    401 PM  52    2011  25      7       26
  MINIMUM         28   1159 PM -27    1996   9     19       11
  AVERAGE         30                        17     13       19

PRECIPITATION (IN)
  YESTERDAY        0.05          0.60 1880   0.03   0.02     0.01
  MONTH TO DATE    0.64                      0.99  -0.35     1.37
  SINCE DEC 1      0.64                      0.99  -0.35     1.37
  SINCE JAN 1     35.18                     30.44   4.74    32.68

SNOWFALL (IN)
  YESTERDAY        0.8           5.1  1988   0.3    0.5      0.2
  MONTH TO DATE    2.2                      10.1   -7.9     15.0
  SINCE DEC 1      2.2                      10.1   -7.9     15.0
  SINCE JUL 1     11.6                      20.0   -8.4     16.1
  SNOW DEPTH       0

DEGREE DAYS
 HEATING
  YESTERDAY       35                        48    -13       46
  MONTH TO DATE  970                      1162   -192     1354
  SINCE DEC 1    970                      1162   -192     1354
  SINCE JUL 1   2763                      2781    -18     2855

 COOLING
  YESTERDAY        0                         0      0        0
  MONTH TO DATE    0                         0      0        0
  SINCE DEC 1      0                         0      0        0
  SINCE JAN 1    759                       753      6      983
..................................................................


WIND (MPH)
  HIGHEST WIND SPEED    17   HIGHEST WIND DIRECTION     N (360)
  HIGHEST GUST SPEED    27   HIGHEST GUST DIRECTION     N (20)
  AVERAGE WIND SPEED    10.8


SKY COVER
  POSSIBLE SUNSHINE  MM
  AVERAGE SKY COVER 1.0


WEATHER CONDITIONS
 THE FOLLOWING WEATHER WAS RECORDED YESTERDAY.
  LIGHT SNOW
  FOG


RELATIVE HUMIDITY (PERCENT)
 HIGHEST    92          1200 AM
 LOWEST     72           300 PM
 AVERAGE    82

..........................................................


THE TWIN CITIES MN CLIMATE NORMALS FOR TODAY
                         NORMAL    RECORD    YEAR
 MAXIMUM TEMPERATURE (F)   24        46      1959
 MINIMUM TEMPERATURE (F)    9       -24      1886
                                             1872


SUNRISE AND SUNSET
DECEMBER 27 2014......SUNRISE   750 AM CST   SUNSET   438 PM CST
DECEMBER 28 2014......SUNRISE   750 AM CST   SUNSET   439 PM CST


-  INDICATES NEGATIVE NUMBERS.
R  INDICATES RECORD WAS SET OR TIED.
MM INDICATES DATA IS MISSING.
T  INDICATES TRACE AMOUNT.




$$
