466
CDUS43 KMPX 250628
CLIMSP


CLIMATE REPORT
NATIONAL WEATHER SERVICE CHANHASSEN MN
127 AM CDT SAT MAR 25 2017


...................................

...THE TWIN CITIES MN CLIMATE SUMMARY FOR MARCH 24 2017...

CLIMATE NORMAL PERIOD 1981 TO 2010
CLIMATE RECORD PERIOD 1871 TO 2017


WEATHER ITEM   OBSERVED TIME   RECORD YEAR NORMAL DEPARTURE LAST
                VALUE   (LST)  VALUE       VALUE  FROM      YEAR
                                                  NORMAL
..................................................................
TEMPERATURE (F)
 YESTERDAY
  MAXIMUM         45    317 PM  76    1939  45      0       47
  MINIMUM         38    819 AM  -8    1965  27     11       28
  AVERAGE         42                        36      6       38

PRECIPITATION (IN)
  YESTERDAY        0.01          1.06 1949   0.07  -0.06     0.00
  MONTH TO DATE    0.57                      1.40  -0.83     1.35
  SINCE MAR 1      0.57                      1.40  -0.83     1.35
  SINCE JAN 1      2.19                      3.07  -0.88     2.75

SNOWFALL (IN)
  YESTERDAY        0.0           6.8  1996   0.2   -0.2      0.0
  MONTH TO DATE    4.7                       8.8   -4.1      5.4
  SINCE MAR 1      4.7                       8.8   -4.1      5.4
  SINCE JUL 1     31.5                      50.5  -19.0     36.2
  SNOW DEPTH       0

DEGREE DAYS
 HEATING
  YESTERDAY       23                        29     -6       27
  MONTH TO DATE  815                       812      3      582
  SINCE MAR 1    815                       812      3      582
  SINCE JUL 1   5516                      6602  -1086     5447

 COOLING
  YESTERDAY        0                         0      0        0
  MONTH TO DATE    0                         0      0        0
  SINCE MAR 1      0                         0      0        0
  SINCE JAN 1      0                         0      0        0
..................................................................


WIND (MPH)
  HIGHEST WIND SPEED    18   HIGHEST WIND DIRECTION    NE (30)
  HIGHEST GUST SPEED    26   HIGHEST GUST DIRECTION    NE (30)
  AVERAGE WIND SPEED    10.3


SKY COVER
  POSSIBLE SUNSHINE  MM
  AVERAGE SKY COVER 1.0


WEATHER CONDITIONS
 THE FOLLOWING WEATHER WAS RECORDED YESTERDAY.
  LIGHT RAIN
  FOG
  HAZE


RELATIVE HUMIDITY (PERCENT)
 HIGHEST    92           600 AM
 LOWEST     70           100 PM
 AVERAGE    81

..........................................................


THE TWIN CITIES MN CLIMATE NORMALS FOR TODAY
                         NORMAL    RECORD    YEAR
 MAXIMUM TEMPERATURE (F)   46        78      1939
 MINIMUM TEMPERATURE (F)   28        -5      1940


SUNRISE AND SUNSET
MARCH 25 2017.........SUNRISE   706 AM CDT   SUNSET   732 PM CDT
MARCH 26 2017.........SUNRISE   704 AM CDT   SUNSET   733 PM CDT


-  INDICATES NEGATIVE NUMBERS.
R  INDICATES RECORD WAS SET OR TIED.
MM INDICATES DATA IS MISSING.
T  INDICATES TRACE AMOUNT.




$$
