000
CDUS43 KMPX 190945
CLIMSP


CLIMATE REPORT
NATIONAL WEATHER SERVICE CHANHASSEN MN
344 AM CST THU JAN 19 2017


...................................

...THE TWIN CITIES MN CLIMATE SUMMARY FOR JANUARY 18 2017...

CLIMATE NORMAL PERIOD 1981 TO 2010
CLIMATE RECORD PERIOD 1871 TO 2017


WEATHER ITEM   OBSERVED TIME   RECORD YEAR NORMAL DEPARTURE LAST
                VALUE   (LST)  VALUE       VALUE  FROM      YEAR
                                                  NORMAL
..................................................................
TEMPERATURE (F)
 YESTERDAY
  MAXIMUM         41    354 PM  48    1891  23     18        2
                                      1880
  MINIMUM         25    533 AM -36    1887   7     18      -13
  AVERAGE         33                        15     18       -5

PRECIPITATION (IN)
  YESTERDAY        0.00          0.31 1895   0.03  -0.03     0.00
  MONTH TO DATE    0.67                      0.55   0.12     0.20
  SINCE DEC 1      2.81                      1.71   1.10     2.52
  SINCE JAN 1      0.67                      0.55   0.12     0.20

SNOWFALL (IN)
  YESTERDAY        0.0           4.5  2014   0.4   -0.4      0.0
  MONTH TO DATE    5.6                       7.2   -1.6      2.6
  SINCE DEC 1     21.4                      19.1    2.3     12.1
  SINCE JUL 1     23.7                      29.0   -5.3     17.2
  SNOW DEPTH       2

DEGREE DAYS
 HEATING
  YESTERDAY       32                        50    -18       70
  MONTH TO DATE  920                       893     27      930
  SINCE DEC 1   2278                      2297    -19     2001
  SINCE JUL 1   3322                      3916   -594     3176

 COOLING
  YESTERDAY        0                         0      0        0
  MONTH TO DATE    0                         0      0        0
  SINCE DEC 1      0                         0      0        0
  SINCE JAN 1      0                         0      0        0
..................................................................


WIND (MPH)
  HIGHEST WIND SPEED    14   HIGHEST WIND DIRECTION    SW (230)
  HIGHEST GUST SPEED    21   HIGHEST GUST DIRECTION    SW (220)
  AVERAGE WIND SPEED     7.3


SKY COVER
  POSSIBLE SUNSHINE  MM
  AVERAGE SKY COVER 0.1


WEATHER CONDITIONS
 THE FOLLOWING WEATHER WAS RECORDED YESTERDAY.
  FOG
  HAZE


RELATIVE HUMIDITY (PERCENT)
 HIGHEST    89           700 PM
 LOWEST     65           300 PM
 AVERAGE    77

..........................................................


THE TWIN CITIES MN CLIMATE NORMALS FOR TODAY
                         NORMAL    RECORD    YEAR
 MAXIMUM TEMPERATURE (F)   24        49      1921
 MINIMUM TEMPERATURE (F)    7       -34      1970


SUNRISE AND SUNSET
JANUARY 19 2017.......SUNRISE   744 AM CST   SUNSET   503 PM CST
JANUARY 20 2017.......SUNRISE   744 AM CST   SUNSET   505 PM CST


-  INDICATES NEGATIVE NUMBERS.
R  INDICATES RECORD WAS SET OR TIED.
MM INDICATES DATA IS MISSING.
T  INDICATES TRACE AMOUNT.




$$
