000
CDUS43 KMPX 200821
CLIMSP


CLIMATE REPORT
NATIONAL WEATHER SERVICE CHANHASSEN MN
321 AM CDT MON OCT 20 2014


...................................

...THE TWIN CITIES MN CLIMATE SUMMARY FOR OCTOBER 19 2014...

CLIMATE NORMAL PERIOD 1981 TO 2010
CLIMATE RECORD PERIOD 1871 TO 2014


WEATHER ITEM   OBSERVED TIME   RECORD YEAR NORMAL DEPARTURE LAST
                VALUE   (LST)  VALUE       VALUE  FROM      YEAR
                                                  NORMAL
..................................................................
TEMPERATURE (F)
 YESTERDAY
  MAXIMUM         69    419 PM  84    2000  57     12       49
  MINIMUM         40    333 AM  15    1972  39      1       34
  AVERAGE         55                        48      7       42

PRECIPITATION (IN)
  YESTERDAY        0.00          2.75 1934   0.07  -0.07     0.06
  MONTH TO DATE    1.61                      1.66  -0.05     2.76
  SINCE SEP 1      2.53                      4.74  -2.21     4.11
  SINCE JAN 1     33.53                     26.91   6.62    30.55

SNOWFALL (IN)
  YESTERDAY        0.0           1.3  1916   0.0    0.0       T
  MONTH TO DATE    0.0                       0.1   -0.1       T
  SINCE SEP 1      0.0                       0.1   -0.1       T
  SINCE JUL 1      0.0                       0.1   -0.1       T
  SNOW DEPTH       0

DEGREE DAYS
 HEATING
  YESTERDAY       10                        17     -7       23
  MONTH TO DATE  286                       264     22      186
  SINCE SEP 1    410                       418     -8      244
  SINCE JUL 1    417                       437    -20      252

 COOLING
  YESTERDAY        0                         0      0        0
  MONTH TO DATE    0                         3     -3        2
  SINCE SEP 1     63                        69     -6      134
  SINCE JAN 1    759                       750      9      983
..................................................................


WIND (MPH)
  HIGHEST WIND SPEED    21   HIGHEST WIND DIRECTION    SW (210)
  HIGHEST GUST SPEED    27   HIGHEST GUST DIRECTION    SW (210)
  AVERAGE WIND SPEED     9.6


SKY COVER
  POSSIBLE SUNSHINE  MM
  AVERAGE SKY COVER 0.3


WEATHER CONDITIONS
 THE FOLLOWING WEATHER WAS RECORDED YESTERDAY.
  NO SIGNIFICANT WEATHER WAS OBSERVED.


RELATIVE HUMIDITY (PERCENT)
 HIGHEST    85           300 AM
 LOWEST     42           400 PM
 AVERAGE    64

..........................................................


THE TWIN CITIES MN CLIMATE NORMALS FOR TODAY
                         NORMAL    RECORD    YEAR
 MAXIMUM TEMPERATURE (F)   56        83      1953
 MINIMUM TEMPERATURE (F)   38        18      1960


SUNRISE AND SUNSET
OCTOBER 20 2014.......SUNRISE   735 AM CDT   SUNSET   620 PM CDT
OCTOBER 21 2014.......SUNRISE   736 AM CDT   SUNSET   618 PM CDT


-  INDICATES NEGATIVE NUMBERS.
R  INDICATES RECORD WAS SET OR TIED.
MM INDICATES DATA IS MISSING.
T  INDICATES TRACE AMOUNT.




$$
