000
CDUS43 KMPX 280757
CLIMSP


CLIMATE REPORT
NATIONAL WEATHER SERVICE CHANHASSEN MN
156 AM CST SAT FEB 28 2015


...................................

...THE TWIN CITIES MN CLIMATE SUMMARY FOR FEBRUARY 27 2015...

CLIMATE NORMAL PERIOD 1981 TO 2010
CLIMATE RECORD PERIOD 1871 TO 2015


WEATHER ITEM   OBSERVED TIME   RECORD YEAR NORMAL DEPARTURE LAST
                VALUE   (LST)  VALUE       VALUE  FROM      YEAR
                                                  NORMAL
..................................................................
TEMPERATURE (F)
 YESTERDAY
  MAXIMUM         15    413 PM  54    1896  33    -18        1
  MINIMUM         -6    722 AM -22    1879  18    -24      -14
  AVERAGE          5                        25    -20       -6

PRECIPITATION (IN)
  YESTERDAY        0.00          1.01 1981   0.04  -0.04     0.00
  MONTH TO DATE    0.35                      0.73  -0.38     1.37
  SINCE DEC 1      1.55                      2.79  -1.24     4.25
  SINCE JAN 1      0.69                      1.63  -0.94     2.79

SNOWFALL (IN)
  YESTERDAY        0.0           5.5  1893   0.3   -0.3      0.0
  MONTH TO DATE    4.9                       7.4   -2.5     17.5
  SINCE DEC 1     15.9                      31.5  -15.6     56.1
  SINCE JUL 1     25.3                      41.4  -16.1     57.2
  SNOW DEPTH       T

DEGREE DAYS
 HEATING
  YESTERDAY       60                        40     20       71
  MONTH TO DATE 1445                      1198    247     1506
  SINCE DEC 1   4116                      4133    -17     4890
  SINCE JUL 1   5909                      5752    157     6391

 COOLING
  YESTERDAY        0                         0      0        0
  MONTH TO DATE    0                         0      0        0
  SINCE DEC 1      0                         0      0        0
  SINCE JAN 1      0                         0      0        0
..................................................................


WIND (MPH)
  HIGHEST WIND SPEED    13   HIGHEST WIND DIRECTION    SW (210)
  HIGHEST GUST SPEED    17   HIGHEST GUST DIRECTION    SW (230)
  AVERAGE WIND SPEED     6.7


SKY COVER
  POSSIBLE SUNSHINE  MM
  AVERAGE SKY COVER 0.0


WEATHER CONDITIONS
 THE FOLLOWING WEATHER WAS RECORDED YESTERDAY.
  NO SIGNIFICANT WEATHER WAS OBSERVED.


RELATIVE HUMIDITY (PERCENT)
 HIGHEST    82           800 AM
 LOWEST     48           100 PM
 AVERAGE    65

..........................................................


THE TWIN CITIES MN CLIMATE NORMALS FOR TODAY
                         NORMAL    RECORD    YEAR
 MAXIMUM TEMPERATURE (F)   34        57      1932
 MINIMUM TEMPERATURE (F)   18       -26      1962


SUNRISE AND SUNSET
FEBRUARY 28 2015......SUNRISE   653 AM CST   SUNSET   559 PM CST
MARCH  1 2015.........SUNRISE   651 AM CST   SUNSET   600 PM CST


-  INDICATES NEGATIVE NUMBERS.
R  INDICATES RECORD WAS SET OR TIED.
MM INDICATES DATA IS MISSING.
T  INDICATES TRACE AMOUNT.




$$
