000
CDUS43 KMPX 270057
CLIMSP


CLIMATE REPORT
NATIONAL WEATHER SERVICE CHANHASSEN MN
757 PM CDT THU MAY 26 2016


...................................

...THE TWIN CITIES MN CLIMATE SUMMARY FOR MAY 26 2016...
VALID TODAY AS OF 0700 PM LOCAL TIME.

CLIMATE NORMAL PERIOD 1981 TO 2010
CLIMATE RECORD PERIOD 1871 TO 2016


WEATHER ITEM   OBSERVED TIME   RECORD YEAR NORMAL DEPARTURE LAST
                VALUE   (LST)  VALUE       VALUE  FROM      YEAR
                                                  NORMAL
..................................................................
TEMPERATURE (F)
 TODAY
  MAXIMUM         81    417 PM  96    1978  72      9       63
  MINIMUM         61    556 AM  34    1992  52      9       57
  AVERAGE         71                        62      9       60

PRECIPITATION (IN)
  TODAY            0.27          1.60 1873   0.11   0.16     0.59
  MONTH TO DATE    1.85                      2.82  -0.97     3.01
  SINCE MAR 1      6.95                      7.37  -0.42     6.10
  SINCE JAN 1      8.35                      9.04  -0.69     6.79

SNOWFALL (IN)
  TODAY            0.0           T    1951   0.0    0.0      0.0
  MONTH TO DATE    0.0                       0.0    0.0      0.0
  SINCE MAR 1      5.9                      12.7   -6.8      7.1
  SINCE JUL 1     36.7                      54.4  -17.7     32.4
  SNOW DEPTH       0

DEGREE DAYS
 HEATING
  TODAY            0                         5     -5        5
  MONTH TO DATE  174                       198    -24      177
  SINCE MAR 1   1411                      1726   -315     1534
  SINCE JUL 1   6276                      7516  -1240     7499

 COOLING
  TODAY            6                         2      4        0
  MONTH TO DATE   50                        28     22       14
  SINCE MAR 1     58                        33     25       14
  SINCE JAN 1     58                        33     25       14
..................................................................


WIND (MPH)
  HIGHEST WIND SPEED    24   HIGHEST WIND DIRECTION     S (180)
  HIGHEST GUST SPEED    32   HIGHEST GUST DIRECTION     S (190)
  AVERAGE WIND SPEED    10.0


SKY COVER
  POSSIBLE SUNSHINE  MM
  AVERAGE SKY COVER 0.6


WEATHER CONDITIONS
 THE FOLLOWING WEATHER WAS RECORDED TODAY.
  THUNDERSTORM
  RAIN
  LIGHT RAIN
  FOG
  HAZE


RELATIVE HUMIDITY (PERCENT)
 HIGHEST    90           600 AM
 LOWEST     35           200 PM
 AVERAGE    63

..........................................................


THE TWIN CITIES MN CLIMATE NORMALS FOR TOMORROW
                         NORMAL    RECORD    YEAR
 MAXIMUM TEMPERATURE (F)   73        95      1969
 MINIMUM TEMPERATURE (F)   52        34      1907


SUNRISE AND SUNSET
MAY 26 2016...........SUNRISE   533 AM CDT   SUNSET   847 PM CDT
MAY 27 2016...........SUNRISE   533 AM CDT   SUNSET   848 PM CDT


-  INDICATES NEGATIVE NUMBERS.
R  INDICATES RECORD WAS SET OR TIED.
MM INDICATES DATA IS MISSING.
T  INDICATES TRACE AMOUNT.




$$
