000
CDUS43 KMPX 192131
CLIMSP


CLIMATE REPORT
NATIONAL WEATHER SERVICE CHANHASSEN MN
431 PM CDT TUE AUG 19 2014


...................................

...THE TWIN CITIES MN CLIMATE SUMMARY FOR AUGUST 19 2014...
VALID AS OF 0400 PM LOCAL TIME.

CLIMATE NORMAL PERIOD 1981 TO 2010
CLIMATE RECORD PERIOD 1871 TO 2014


WEATHER ITEM   OBSERVED TIME   RECORD YEAR NORMAL DEPARTURE LAST
                VALUE   (LST)  VALUE       VALUE  FROM      YEAR
                                                  NORMAL
..................................................................
TEMPERATURE (F)
 TODAY
  MAXIMUM         81    216 PM  97    1976  80      1       88
  MINIMUM         65    554 AM  39    1967  62      3       69
  AVERAGE         73                        71      2       79

PRECIPITATION (IN)
  TODAY            0.00          3.19 1997   0.14  -0.14     0.00
  MONTH TO DATE    1.22                      2.77  -1.55     1.98
  SINCE JUN 1     14.85                     11.06   3.79    10.66
  SINCE JAN 1     29.32                     20.64   8.68    26.35

SNOWFALL (IN)
  TODAY            0.0           0.0    MM   0.0    0.0      0.0
  MONTH TO DATE    0.0                       0.0    0.0       T
  SINCE JUN 1      0.0                       0.0    0.0       T
  SINCE JUL 1      0.0                       0.0    0.0       T
  SNOW DEPTH       0

DEGREE DAYS
 HEATING
  TODAY            0                         0      0        0
  MONTH TO DATE    0                         0      0        0
  SINCE JUN 1     28                        49    -21       50
  SINCE JUL 1      7                         5      2        8

 COOLING
  TODAY            8                         6      2       14
  MONTH TO DATE  172                       140     32      103
  SINCE JUN 1    551                       574    -23      589
  SINCE JAN 1    603                       616    -13      642
..................................................................


WIND (MPH)
  HIGHEST WIND SPEED    16   HIGHEST WIND DIRECTION    NW (310)
  HIGHEST GUST SPEED    23   HIGHEST GUST DIRECTION     W (290)
  AVERAGE WIND SPEED     8.1


SKY COVER
  POSSIBLE SUNSHINE  MM
  AVERAGE SKY COVER 0.5


WEATHER CONDITIONS
 THE FOLLOWING WEATHER WAS RECORDED TODAY.
  NO SIGNIFICANT WEATHER WAS OBSERVED.


RELATIVE HUMIDITY (PERCENT)
 HIGHEST   100           300 AM
 LOWEST     51           200 PM
 AVERAGE    76

..........................................................


THE TWIN CITIES MN CLIMATE NORMALS FOR TOMORROW
                         NORMAL    RECORD    YEAR
 MAXIMUM TEMPERATURE (F)   80        97      1972
 MINIMUM TEMPERATURE (F)   62        40      1950


SUNRISE AND SUNSET
AUGUST 19 2014........SUNRISE   620 AM CDT   SUNSET   812 PM CDT
AUGUST 20 2014........SUNRISE   621 AM CDT   SUNSET   811 PM CDT


-  INDICATES NEGATIVE NUMBERS.
R  INDICATES RECORD WAS SET OR TIED.
MM INDICATES DATA IS MISSING.
T  INDICATES TRACE AMOUNT.




$$
