000
CDUS43 KMPX 070832
CLIMSP


CLIMATE REPORT
NATIONAL WEATHER SERVICE CHANHASSEN MN
231 AM CST SUN FEB 7 2016


...................................

...THE TWIN CITIES MN CLIMATE SUMMARY FOR FEBRUARY 6 2016...

CLIMATE NORMAL PERIOD 1981 TO 2010
CLIMATE RECORD PERIOD 1871 TO 2016


WEATHER ITEM   OBSERVED TIME   RECORD YEAR NORMAL DEPARTURE LAST
                VALUE   (LST)  VALUE       VALUE  FROM      YEAR
                                                  NORMAL
..................................................................
TEMPERATURE (F)
 YESTERDAY
  MAXIMUM         36    806 PM  51    1925  26     10       30
  MINIMUM         25    522 AM -24    1936  10     15       13
                                      1875
  AVERAGE         31                        18     13       22

PRECIPITATION (IN)
  YESTERDAY        T             0.62 1881   0.02  -0.02     0.00
  MONTH TO DATE    0.58                      0.14   0.44     0.09
  SINCE DEC 1      3.21                      2.20   1.01     1.29
  SINCE JAN 1      0.89                      1.04  -0.15     0.43

SNOWFALL (IN)
  YESTERDAY        0.0           5.4  1946   0.2   -0.2      0.0
  MONTH TO DATE    9.7                       1.7    8.0      2.4
  SINCE DEC 1     23.3                      25.8   -2.5     13.4
  SINCE JUL 1     28.4                      35.7   -7.3     22.8
  SNOW DEPTH       6

DEGREE DAYS
 HEATING
  YESTERDAY       34                        47    -13       43
  MONTH TO DATE  249                       286    -37      323
  SINCE DEC 1   2783                      3221   -438     2994
  SINCE JUL 1   3958                      4840   -882     4787

 COOLING
  YESTERDAY        0                         0      0        0
  MONTH TO DATE    0                         0      0        0
  SINCE DEC 1      0                         0      0        0
  SINCE JAN 1      0                         0      0        0
..................................................................


WIND (MPH)
  HIGHEST WIND SPEED    18   HIGHEST WIND DIRECTION     S (170)
  HIGHEST GUST SPEED    24   HIGHEST GUST DIRECTION     S (190)
  AVERAGE WIND SPEED    10.0


SKY COVER
  POSSIBLE SUNSHINE  MM
  AVERAGE SKY COVER 1.0


WEATHER CONDITIONS
 THE FOLLOWING WEATHER WAS RECORDED YESTERDAY.
  LIGHT RAIN
  FOG
  HAZE


RELATIVE HUMIDITY (PERCENT)
 HIGHEST    88           300 AM
 LOWEST     64           100 PM
 AVERAGE    76

..........................................................


THE TWIN CITIES MN CLIMATE NORMALS FOR TODAY
                         NORMAL    RECORD    YEAR
 MAXIMUM TEMPERATURE (F)   27        53      1987
 MINIMUM TEMPERATURE (F)   10       -29      1875


SUNRISE AND SUNSET
FEBRUARY  7 2016......SUNRISE   725 AM CST   SUNSET   529 PM CST
FEBRUARY  8 2016......SUNRISE   724 AM CST   SUNSET   530 PM CST


-  INDICATES NEGATIVE NUMBERS.
R  INDICATES RECORD WAS SET OR TIED.
MM INDICATES DATA IS MISSING.
T  INDICATES TRACE AMOUNT.




$$
