347
CDUS43 KMPX 270707
CLIMSP


CLIMATE REPORT
NATIONAL WEATHER SERVICE CHANHASSEN MN
207 AM CDT WED APR 27 2016


...................................

...THE TWIN CITIES MN CLIMATE SUMMARY FOR APRIL 26 2016...

CLIMATE NORMAL PERIOD 1981 TO 2010
CLIMATE RECORD PERIOD 1871 TO 2016


WEATHER ITEM   OBSERVED TIME   RECORD YEAR NORMAL DEPARTURE LAST
                VALUE   (LST)  VALUE       VALUE  FROM      YEAR
                                                  NORMAL
..................................................................
TEMPERATURE (F)
 YESTERDAY
  MAXIMUM         49    540 PM  85    1970  63    -14       64
  MINIMUM         42    636 AM  26    1950  42      0       36
  AVERAGE         46                        52     -6       50

PRECIPITATION (IN)
  YESTERDAY        T             1.46 2011   0.11  -0.11     0.00
  MONTH TO DATE    1.91                      2.23  -0.32     2.42
  SINCE MAR 1      4.17                      4.12   0.05     3.09
  SINCE JAN 1      5.57                      5.79  -0.22     3.78

SNOWFALL (IN)
  YESTERDAY        0.0           3.0  1893   0.0    0.0      0.0
  MONTH TO DATE    0.5                       2.2   -1.7      0.3
  SINCE MAR 1      5.9                      12.5   -6.6      7.1
  SINCE JUL 1     36.7                      54.2  -17.5     32.4
  SNOW DEPTH       0

DEGREE DAYS
 HEATING
  YESTERDAY       19                        13      6       15
  MONTH TO DATE  433                       484    -51      414
  SINCE MAR 1   1161                      1482   -321     1320
  SINCE JUL 1   6026                      7272  -1246     7285

 COOLING
  YESTERDAY        0                         0      0        0
  MONTH TO DATE    8                         0      8        0
  SINCE MAR 1      8                         0      8        0
  SINCE JAN 1      8                         0      8        0
..................................................................


WIND (MPH)
  HIGHEST WIND SPEED    20   HIGHEST WIND DIRECTION     E (70)
  HIGHEST GUST SPEED    27   HIGHEST GUST DIRECTION    NE (50)
  AVERAGE WIND SPEED    11.5


SKY COVER
  POSSIBLE SUNSHINE  MM
  AVERAGE SKY COVER 0.9


WEATHER CONDITIONS
 THE FOLLOWING WEATHER WAS RECORDED YESTERDAY.
  LIGHT RAIN
  FOG


RELATIVE HUMIDITY (PERCENT)
 HIGHEST    89           100 AM
 LOWEST     66           300 PM
 AVERAGE    78

..........................................................


THE TWIN CITIES MN CLIMATE NORMALS FOR TODAY
                         NORMAL    RECORD    YEAR
 MAXIMUM TEMPERATURE (F)   63        85      1977
                                             1970
                                             1952
 MINIMUM TEMPERATURE (F)   42        21      1909


SUNRISE AND SUNSET
APRIL 27 2016.........SUNRISE   608 AM CDT   SUNSET   814 PM CDT
APRIL 28 2016.........SUNRISE   606 AM CDT   SUNSET   815 PM CDT


-  INDICATES NEGATIVE NUMBERS.
R  INDICATES RECORD WAS SET OR TIED.
MM INDICATES DATA IS MISSING.
T  INDICATES TRACE AMOUNT.




$$
