000
CDUS43 KMPX 300633
CLIMSP


CLIMATE REPORT
NATIONAL WEATHER SERVICE CHANHASSEN MN
133 AM CDT SUN AUG 30 2015


...................................

...THE TWIN CITIES MN CLIMATE SUMMARY FOR AUGUST 29 2015...

CLIMATE NORMAL PERIOD 1981 TO 2010
CLIMATE RECORD PERIOD 1871 TO 2015


WEATHER ITEM   OBSERVED TIME   RECORD YEAR NORMAL DEPARTURE LAST
                VALUE   (LST)  VALUE       VALUE  FROM      YEAR
                                                  NORMAL
..................................................................
TEMPERATURE (F)
 YESTERDAY
  MAXIMUM         74    547 PM  96    1969  78     -4       80
  MINIMUM         56    445 AM  45    1946  60     -4       66
                                      1911
  AVERAGE         65                        69     -4       73

PRECIPITATION (IN)
  YESTERDAY        0.00          2.05 1964   0.12  -0.12     0.68
  MONTH TO DATE    2.99                      4.06  -1.07     2.13
  SINCE JUN 1     14.71                     12.35   2.36    15.76
  SINCE JAN 1     22.04                     21.93   0.11    30.23

SNOWFALL (IN)
  YESTERDAY        0.0           0.0    MM   0.0    0.0      0.0
  MONTH TO DATE    0.0                       0.0    0.0      0.0
  SINCE JUN 1      0.0                       0.0    0.0      0.0
  SINCE JUL 1      0.0                       0.0    0.0      0.0
  SNOW DEPTH       0

DEGREE DAYS
 HEATING
  YESTERDAY        0                         1     -1        0
  MONTH TO DATE   13                         8      5        0
  SINCE JUN 1     22                        57    -35       28
  SINCE JUL 1     15                        13      2        7

 COOLING
  YESTERDAY        0                         5     -5        8
  MONTH TO DATE  182                       195    -13      250
  SINCE JUN 1    605                       629    -24      629
  SINCE JAN 1    632                       671    -39      681
..................................................................


WIND (MPH)
  HIGHEST WIND SPEED    10   HIGHEST WIND DIRECTION     E (110)
  HIGHEST GUST SPEED    14   HIGHEST GUST DIRECTION    SE (150)
  AVERAGE WIND SPEED     4.9


SKY COVER
  POSSIBLE SUNSHINE  MM
  AVERAGE SKY COVER 0.6


WEATHER CONDITIONS
 THE FOLLOWING WEATHER WAS RECORDED YESTERDAY.
  FOG


RELATIVE HUMIDITY (PERCENT)
 HIGHEST    93           200 AM
 LOWEST     64           300 PM
 AVERAGE    79

..........................................................


THE TWIN CITIES MN CLIMATE NORMALS FOR TODAY
                         NORMAL    RECORD    YEAR
 MAXIMUM TEMPERATURE (F)   78        96      1941
 MINIMUM TEMPERATURE (F)   59        45      1974
                                             1935


SUNRISE AND SUNSET
AUGUST 30 2015........SUNRISE   632 AM CDT   SUNSET   754 PM CDT
AUGUST 31 2015........SUNRISE   634 AM CDT   SUNSET   752 PM CDT


-  INDICATES NEGATIVE NUMBERS.
R  INDICATES RECORD WAS SET OR TIED.
MM INDICATES DATA IS MISSING.
T  INDICATES TRACE AMOUNT.




$$
