000
CDUS43 KMPX 040635
CLIMSP


CLIMATE REPORT
NATIONAL WEATHER SERVICE CHANHASSEN MN
1235 AM CST WED MAR 4 2015


...................................

...THE TWIN CITIES MN CLIMATE SUMMARY FOR MARCH 3 2015...

CLIMATE NORMAL PERIOD 1981 TO 2010
CLIMATE RECORD PERIOD 1871 TO 2015


WEATHER ITEM   OBSERVED TIME   RECORD YEAR NORMAL DEPARTURE LAST
                VALUE   (LST)  VALUE       VALUE  FROM      YEAR
                                                  NORMAL
..................................................................
TEMPERATURE (F)
 YESTERDAY
  MAXIMUM         29    112 PM  65    1905  35     -6       10
  MINIMUM          6   1159 PM -13    1873  19    -13      -10
  AVERAGE         18                        27     -9        0

PRECIPITATION (IN)
  YESTERDAY        0.13          1.19 1970   0.05   0.08     0.02
  MONTH TO DATE    0.13                      0.15  -0.02     0.02
  SINCE MAR 1      0.13                      0.15  -0.02     0.02
  SINCE JAN 1      0.82                      1.82  -1.00     2.85

SNOWFALL (IN)
  YESTERDAY        1.9          12.6  1985   0.4    1.5      0.3
  MONTH TO DATE    1.9                       1.2    0.7      0.3
  SINCE MAR 1      1.9                       1.2    0.7      0.3
  SINCE JUL 1     27.2                      42.9  -15.7     58.4
  SNOW DEPTH       T

DEGREE DAYS
 HEATING
  YESTERDAY       47                        38      9       65
  MONTH TO DATE  138                       115     23      200
  SINCE MAR 1    138                       115     23      200
  SINCE JUL 1   6103                      5905    198     6653

 COOLING
  YESTERDAY        0                         0      0        0
  MONTH TO DATE    0                         0      0        0
  SINCE MAR 1      0                         0      0        0
  SINCE JAN 1      0                         0      0        0
..................................................................


WIND (MPH)
  HIGHEST WIND SPEED    28   HIGHEST WIND DIRECTION    NW (310)
  HIGHEST GUST SPEED    36   HIGHEST GUST DIRECTION    NW (300)
  AVERAGE WIND SPEED    12.5


SKY COVER
  POSSIBLE SUNSHINE  MM
  AVERAGE SKY COVER 0.7


WEATHER CONDITIONS
 THE FOLLOWING WEATHER WAS RECORDED YESTERDAY.
  SNOW
  LIGHT SNOW
  FOG
  HAZE


RELATIVE HUMIDITY (PERCENT)
 HIGHEST    96          1000 AM
 LOWEST     50           400 PM
 AVERAGE    73

..........................................................


THE TWIN CITIES MN CLIMATE NORMALS FOR TODAY
                         NORMAL    RECORD    YEAR
 MAXIMUM TEMPERATURE (F)   35        61      2000
                                             1983
 MINIMUM TEMPERATURE (F)   20       -22      1873


SUNRISE AND SUNSET
MARCH  4 2015.........SUNRISE   646 AM CST   SUNSET   604 PM CST
MARCH  5 2015.........SUNRISE   644 AM CST   SUNSET   606 PM CST


-  INDICATES NEGATIVE NUMBERS.
R  INDICATES RECORD WAS SET OR TIED.
MM INDICATES DATA IS MISSING.
T  INDICATES TRACE AMOUNT.




$$
