000
CDUS43 KMPX 240644
CLIMSP


CLIMATE REPORT
NATIONAL WEATHER SERVICE CHANHASSEN MN
144 AM CDT TUE MAR 24 2015


...................................

...THE TWIN CITIES MN CLIMATE SUMMARY FOR MARCH 23 2015...

CLIMATE NORMAL PERIOD 1981 TO 2010
CLIMATE RECORD PERIOD 1871 TO 2015


WEATHER ITEM   OBSERVED TIME   RECORD YEAR NORMAL DEPARTURE LAST
                VALUE   (LST)  VALUE       VALUE  FROM      YEAR
                                                  NORMAL
..................................................................
TEMPERATURE (F)
 YESTERDAY
  MAXIMUM         32    922 PM  83    1910  45    -13       26
  MINIMUM         30   1159 PM  -4    1965  27      3        8
  AVERAGE         31                        36     -5       17

PRECIPITATION (IN)
  YESTERDAY        0.03          1.18 1966   0.07  -0.04      T
  MONTH TO DATE    0.36                      1.33  -0.97     0.29
  SINCE MAR 1      0.36                      1.33  -0.97     0.29
  SINCE JAN 1      1.05                      3.00  -1.95     3.12

SNOWFALL (IN)
  YESTERDAY        0.5          11.6  1966   0.3    0.2       T
  MONTH TO DATE    5.5                       8.6   -3.1      3.4
  SINCE MAR 1      5.5                       8.6   -3.1      3.4
  SINCE JUL 1     30.8                      50.3  -19.5     61.5
  SNOW DEPTH       4

DEGREE DAYS
 HEATING
  YESTERDAY       34                        29      5       48
  MONTH TO DATE  682                       783   -101      959
  SINCE MAR 1    682                       783   -101      959
  SINCE JUL 1   6647                      6573     74     7412

 COOLING
  YESTERDAY        0                         0      0        0
  MONTH TO DATE    0                         0      0        0
  SINCE MAR 1      0                         0      0        0
  SINCE JAN 1      0                         0      0        0
..................................................................


WIND (MPH)
  HIGHEST WIND SPEED    16   HIGHEST WIND DIRECTION     E (100)
  HIGHEST GUST SPEED    20   HIGHEST GUST DIRECTION     E (110)
  AVERAGE WIND SPEED     9.6


SKY COVER
  POSSIBLE SUNSHINE  MM
  AVERAGE SKY COVER 1.0


WEATHER CONDITIONS
 THE FOLLOWING WEATHER WAS RECORDED YESTERDAY.
  LIGHT SNOW
  FOG


RELATIVE HUMIDITY (PERCENT)
 HIGHEST    92          1200 AM
 LOWEST     72           100 PM
 AVERAGE    82

..........................................................


THE TWIN CITIES MN CLIMATE NORMALS FOR TODAY
                         NORMAL    RECORD    YEAR
 MAXIMUM TEMPERATURE (F)   45        76      1939
 MINIMUM TEMPERATURE (F)   27        -8      1965


SUNRISE AND SUNSET
MARCH 24 2015.........SUNRISE   709 AM CDT   SUNSET   730 PM CDT
MARCH 25 2015.........SUNRISE   707 AM CDT   SUNSET   731 PM CDT


-  INDICATES NEGATIVE NUMBERS.
R  INDICATES RECORD WAS SET OR TIED.
MM INDICATES DATA IS MISSING.
T  INDICATES TRACE AMOUNT.




$$
