000
CDUS43 KMPX 250658
CLIMSP


CLIMATE REPORT
NATIONAL WEATHER SERVICE CHANHASSEN MN
1257 AM CST THU DEC 25 2014


...................................

...THE TWIN CITIES MN CLIMATE SUMMARY FOR DECEMBER 24 2014...

CLIMATE NORMAL PERIOD 1981 TO 2010
CLIMATE RECORD PERIOD 1871 TO 2014


WEATHER ITEM   OBSERVED TIME   RECORD YEAR NORMAL DEPARTURE LAST
                VALUE   (LST)  VALUE       VALUE  FROM      YEAR
                                                  NORMAL
..................................................................
TEMPERATURE (F)
 YESTERDAY
  MAXIMUM         36    313 PM  46    1957  25     11       11
  MINIMUM         31   1159 PM -31    1872  10     21      -13
  AVERAGE         34                        17     17       -1

PRECIPITATION (IN)
  YESTERDAY        0.00          1.26 1982   0.03  -0.03     0.23
  MONTH TO DATE    0.59                      0.92  -0.33     1.34
  SINCE DEC 1      0.59                      0.92  -0.33     1.34
  SINCE JAN 1     35.13                     30.37   4.76    32.65

SNOWFALL (IN)
  YESTERDAY        0.0           5.2  2009   0.4   -0.4      2.8
  MONTH TO DATE    1.4                       9.4   -8.0     14.6
  SINCE DEC 1      1.4                       9.4   -8.0     14.6
  SINCE JUL 1     10.8                      19.3   -8.5     15.7
  SNOW DEPTH       0

DEGREE DAYS
 HEATING
  YESTERDAY       31                        48    -17       66
  MONTH TO DATE  903                      1066   -163     1262
  SINCE DEC 1    903                      1066   -163     1262
  SINCE JUL 1   2696                      2685     11     2763

 COOLING
  YESTERDAY        0                         0      0        0
  MONTH TO DATE    0                         0      0        0
  SINCE DEC 1      0                         0      0        0
  SINCE JAN 1    759                       753      6      983
..................................................................


WIND (MPH)
  HIGHEST WIND SPEED    15   HIGHEST WIND DIRECTION    SW (230)
  HIGHEST GUST SPEED    21   HIGHEST GUST DIRECTION    SW (230)
  AVERAGE WIND SPEED     9.7


SKY COVER
  POSSIBLE SUNSHINE  MM
  AVERAGE SKY COVER 1.0


WEATHER CONDITIONS
 THE FOLLOWING WEATHER WAS RECORDED YESTERDAY.
  NO SIGNIFICANT WEATHER WAS OBSERVED.


RELATIVE HUMIDITY (PERCENT)
 HIGHEST    89           700 AM
 LOWEST     78          1000 PM
 AVERAGE    84

..........................................................


THE TWIN CITIES MN CLIMATE NORMALS FOR TODAY
                         NORMAL    RECORD    YEAR
 MAXIMUM TEMPERATURE (F)   25        51      1922
 MINIMUM TEMPERATURE (F)   10       -39      1879


SUNRISE AND SUNSET
DECEMBER 25 2014......SUNRISE   749 AM CST   SUNSET   437 PM CST
DECEMBER 26 2014......SUNRISE   750 AM CST   SUNSET   437 PM CST


-  INDICATES NEGATIVE NUMBERS.
R  INDICATES RECORD WAS SET OR TIED.
MM INDICATES DATA IS MISSING.
T  INDICATES TRACE AMOUNT.




$$
