000
CDUS43 KMPX 110632
CLIMSP


CLIMATE REPORT
NATIONAL WEATHER SERVICE CHANHASSEN MN
1230 AM CST MON DEC 11 2017


...................................

...THE TWIN CITIES MN CLIMATE SUMMARY FOR DECEMBER 10 2017...

CLIMATE NORMAL PERIOD 1981 TO 2010
CLIMATE RECORD PERIOD 1871 TO 2017


WEATHER ITEM   OBSERVED TIME   RECORD YEAR NORMAL DEPARTURE LAST
                VALUE   (LST)  VALUE       VALUE  FROM      YEAR
                                                  NORMAL
..................................................................
TEMPERATURE (F)
 YESTERDAY
  MAXIMUM         29    401 PM  54    1979  29      0       14
  MINIMUM         20    409 AM -18    1977  14      6        4
  AVERAGE         25                        21      4        9

PRECIPITATION (IN)
  YESTERDAY        0.00          0.61 1911   0.04  -0.04     0.16
  MONTH TO DATE    0.39                      0.42  -0.03     0.29
  SINCE DEC 1      0.39                      0.42  -0.03     0.29
  SINCE JAN 1     31.96                     29.87   2.09    38.47

SNOWFALL (IN)
  YESTERDAY        0.0           2.0  2016   0.4   -0.4      2.0
  MONTH TO DATE    2.4                       4.1   -1.7      4.4
  SINCE DEC 1      2.4                       4.1   -1.7      4.4
  SINCE JUL 1      3.1                      14.0  -10.9      6.7
  SNOW DEPTH       0

DEGREE DAYS
 HEATING
  YESTERDAY       40                        44     -4       56
  MONTH TO DATE  360                       419    -59      391
  SINCE DEC 1    360                       419    -59      391
  SINCE JUL 1   1770                      2038   -268     1435

 COOLING
  YESTERDAY        0                         0      0        0
  MONTH TO DATE    0                         0      0        0
  SINCE DEC 1      0                         0      0        0
  SINCE JAN 1    830                       753     77      964
..................................................................


WIND (MPH)
  HIGHEST WIND SPEED    15   HIGHEST WIND DIRECTION    NW (320)
  HIGHEST GUST SPEED    21   HIGHEST GUST DIRECTION    NW (330)
  AVERAGE WIND SPEED     6.0


SKY COVER
  POSSIBLE SUNSHINE  MM
  AVERAGE SKY COVER 0.6


WEATHER CONDITIONS
 THE FOLLOWING WEATHER WAS RECORDED YESTERDAY.
  NO SIGNIFICANT WEATHER WAS OBSERVED.


RELATIVE HUMIDITY (PERCENT)
 HIGHEST    91           400 AM
 LOWEST     75          1100 AM
 AVERAGE    83

..........................................................


THE TWIN CITIES MN CLIMATE NORMALS FOR TODAY
                         NORMAL    RECORD    YEAR
 MAXIMUM TEMPERATURE (F)   28        56      1913
 MINIMUM TEMPERATURE (F)   14       -14      1972


SUNRISE AND SUNSET
DECEMBER 11 2017......SUNRISE   741 AM CST   SUNSET   432 PM CST
DECEMBER 12 2017......SUNRISE   742 AM CST   SUNSET   432 PM CST


-  INDICATES NEGATIVE NUMBERS.
R  INDICATES RECORD WAS SET OR TIED.
MM INDICATES DATA IS MISSING.
T  INDICATES TRACE AMOUNT.




$$
