065
CDUS43 KMPX 090815
CLIMSP


CLIMATE REPORT
NATIONAL WEATHER SERVICE CHANHASSEN MN
215 AM CST TUE FEB 9 2016


...................................

...THE TWIN CITIES MN CLIMATE SUMMARY FOR FEBRUARY 8 2016...

CLIMATE NORMAL PERIOD 1981 TO 2010
CLIMATE RECORD PERIOD 1871 TO 2016


WEATHER ITEM   OBSERVED TIME   RECORD YEAR NORMAL DEPARTURE LAST
                VALUE   (LST)  VALUE       VALUE  FROM      YEAR
                                                  NORMAL
..................................................................
TEMPERATURE (F)
 YESTERDAY
  MAXIMUM         17    132 PM  50    2002  27    -10       32
                                      1991
  MINIMUM         11    952 AM -29    1899  10      1       23
  AVERAGE         14                        18     -4       28

PRECIPITATION (IN)
  YESTERDAY        T             1.08 1966   0.02  -0.02     0.00
  MONTH TO DATE    0.60                      0.18   0.42     0.09
  SINCE DEC 1      3.23                      2.24   0.99     1.29
  SINCE JAN 1      0.91                      1.08  -0.17     0.43

SNOWFALL (IN)
  YESTERDAY        T             5.0  1905   0.2   -0.2      0.0
  MONTH TO DATE   10.1                       2.2    7.9      2.4
  SINCE DEC 1     23.7                      26.3   -2.6     13.4
  SINCE JUL 1     28.8                      36.2   -7.4     22.8
  SNOW DEPTH       2

DEGREE DAYS
 HEATING
  YESTERDAY       51                        46      5       37
  MONTH TO DATE  337                       379    -42      397
  SINCE DEC 1   2871                      3314   -443     3068
  SINCE JUL 1   4046                      4933   -887     4861

 COOLING
  YESTERDAY        0                         0      0        0
  MONTH TO DATE    0                         0      0        0
  SINCE DEC 1      0                         0      0        0
  SINCE JAN 1      0                         0      0        0
..................................................................


WIND (MPH)
  HIGHEST WIND SPEED    25   HIGHEST WIND DIRECTION    NW (320)
  HIGHEST GUST SPEED    33   HIGHEST GUST DIRECTION    NW (330)
  AVERAGE WIND SPEED    18.9


SKY COVER
  POSSIBLE SUNSHINE  MM
  AVERAGE SKY COVER 1.0


WEATHER CONDITIONS
 THE FOLLOWING WEATHER WAS RECORDED YESTERDAY.
  LIGHT SNOW
  HAZE


RELATIVE HUMIDITY (PERCENT)
 HIGHEST    73          1200 AM
 LOWEST     61           100 PM
 AVERAGE    67

..........................................................


THE TWIN CITIES MN CLIMATE NORMALS FOR TODAY
                         NORMAL    RECORD    YEAR
 MAXIMUM TEMPERATURE (F)   27        52      1966
 MINIMUM TEMPERATURE (F)   11       -33      1899
                                             1888


SUNRISE AND SUNSET
FEBRUARY  9 2016......SUNRISE   723 AM CST   SUNSET   532 PM CST
FEBRUARY 10 2016......SUNRISE   721 AM CST   SUNSET   533 PM CST


-  INDICATES NEGATIVE NUMBERS.
R  INDICATES RECORD WAS SET OR TIED.
MM INDICATES DATA IS MISSING.
T  INDICATES TRACE AMOUNT.




$$
