470
CDUS43 KMPX 260141
CLIMSP


CLIMATE REPORT
NATIONAL WEATHER SERVICE CHANHASSEN MN
841 PM CDT THU AUG 25 2016


...................................

...THE TWIN CITIES MN CLIMATE SUMMARY FOR AUGUST 25 2016...
VALID TODAY AS OF 0800 PM LOCAL TIME.

CLIMATE NORMAL PERIOD 1981 TO 2010
CLIMATE RECORD PERIOD 1871 TO 2016


WEATHER ITEM   OBSERVED TIME   RECORD YEAR NORMAL DEPARTURE LAST
                VALUE   (LST)  VALUE       VALUE  FROM      YEAR
                                                  NORMAL
..................................................................
TEMPERATURE (F)
 TODAY
  MAXIMUM         74    253 PM  96    2013  79     -5       74
  MINIMUM         62    611 AM  41    1887  61      1       53
  AVERAGE         68                        70     -2       64

PRECIPITATION (IN)
  TODAY            0.00          1.51 1960   0.13  -0.13     0.00
  MONTH TO DATE    6.20                      3.57   2.63     2.99
  SINCE JUN 1     15.78                     11.86   3.92    14.71
  SINCE JAN 1     24.70                     21.44   3.26    22.04

SNOWFALL (IN)
  TODAY            0.0           0.0    MM   0.0    0.0      0.0
  MONTH TO DATE    0.0                       0.0    0.0      0.0
  SINCE JUN 1      0.0                       0.0    0.0      0.0
  SINCE JUL 1      0.0                       0.0    0.0      0.0
  SNOW DEPTH       0

DEGREE DAYS
 HEATING
  TODAY            0                         1     -1        1
  MONTH TO DATE    2                         4     -2       11
  SINCE JUN 1     10                        53    -43       20
  SINCE JUL 1      3                         9     -6       13

 COOLING
  TODAY            3                         5     -2        0
  MONTH TO DATE  235                       175     60      176
  SINCE JUN 1    762                       609    153      599
  SINCE JAN 1    838                       651    187      626
..................................................................


WIND (MPH)
  HIGHEST WIND SPEED    21   HIGHEST WIND DIRECTION     W (270)
  HIGHEST GUST SPEED    25   HIGHEST GUST DIRECTION     W (270)
  AVERAGE WIND SPEED    10.0


SKY COVER
  POSSIBLE SUNSHINE  MM
  AVERAGE SKY COVER 0.5


WEATHER CONDITIONS
 THE FOLLOWING WEATHER WAS RECORDED TODAY.
  NO SIGNIFICANT WEATHER WAS OBSERVED.


RELATIVE HUMIDITY (PERCENT)
 HIGHEST    84           200 AM
 LOWEST     49          1100 AM
 AVERAGE    67

..........................................................


THE TWIN CITIES MN CLIMATE NORMALS FOR TOMORROW
                         NORMAL    RECORD    YEAR
 MAXIMUM TEMPERATURE (F)   79        97      2013
 MINIMUM TEMPERATURE (F)   60        44      1968
                                             1964


SUNRISE AND SUNSET
AUGUST 25 2016........SUNRISE   627 AM CDT   SUNSET   801 PM CDT
AUGUST 26 2016........SUNRISE   629 AM CDT   SUNSET   800 PM CDT


-  INDICATES NEGATIVE NUMBERS.
R  INDICATES RECORD WAS SET OR TIED.
MM INDICATES DATA IS MISSING.
T  INDICATES TRACE AMOUNT.




$$
