000
CDUS43 KMPX 190730
CLIMSP


CLIMATE REPORT
NATIONAL WEATHER SERVICE CHANHASSEN MN
229 AM CDT TUE AUG 19 2014


...................................

...THE TWIN CITIES MN CLIMATE SUMMARY FOR AUGUST 18 2014...

CLIMATE NORMAL PERIOD 1981 TO 2010
CLIMATE RECORD PERIOD 1871 TO 2014


WEATHER ITEM   OBSERVED TIME   RECORD YEAR NORMAL DEPARTURE LAST
                VALUE   (LST)  VALUE       VALUE  FROM      YEAR
                                                  NORMAL
..................................................................
TEMPERATURE (F)
 YESTERDAY
  MAXIMUM         87    339 PM  98    1976  80      7       83
  MINIMUM         67   1127 PM  41    1977  62      5       62
  AVERAGE         77                        71      6       73

PRECIPITATION (IN)
  YESTERDAY        0.01          2.26 1907   0.14  -0.13     0.00
  MONTH TO DATE    1.22                      2.63  -1.41     1.98
  SINCE JUN 1     14.85                     10.92   3.93    10.66
  SINCE JAN 1     29.32                     20.50   8.82    26.35

SNOWFALL (IN)
  YESTERDAY        0.0           0.0    MM   0.0    0.0      0.0
  MONTH TO DATE    0.0                       0.0    0.0       T
  SINCE JUN 1      0.0                       0.0    0.0       T
  SINCE JUL 1      0.0                       0.0    0.0       T
  SNOW DEPTH       0

DEGREE DAYS
 HEATING
  YESTERDAY        0                         0      0        0
  MONTH TO DATE    0                         0      0        0
  SINCE JUN 1     28                        49    -21       50
  SINCE JUL 1      7                         5      2        8

 COOLING
  YESTERDAY       12                         6      6        8
  MONTH TO DATE  164                       134     30       89
  SINCE JUN 1    543                       568    -25      575
  SINCE JAN 1    595                       610    -15      628
..................................................................


WIND (MPH)
  HIGHEST WIND SPEED    24   HIGHEST WIND DIRECTION    SW (220)
  HIGHEST GUST SPEED    33   HIGHEST GUST DIRECTION    SW (230)
  AVERAGE WIND SPEED     6.6


SKY COVER
  POSSIBLE SUNSHINE  MM
  AVERAGE SKY COVER 0.6


WEATHER CONDITIONS
 THE FOLLOWING WEATHER WAS RECORDED YESTERDAY.
  THUNDERSTORM
  LIGHT RAIN
  FOG


RELATIVE HUMIDITY (PERCENT)
 HIGHEST   100           500 AM
 LOWEST     45           300 PM
 AVERAGE    73

..........................................................


THE TWIN CITIES MN CLIMATE NORMALS FOR TODAY
                         NORMAL    RECORD    YEAR
 MAXIMUM TEMPERATURE (F)   80        97      1976
 MINIMUM TEMPERATURE (F)   62        39      1967


SUNRISE AND SUNSET
AUGUST 19 2014........SUNRISE   620 AM CDT   SUNSET   812 PM CDT
AUGUST 20 2014........SUNRISE   621 AM CDT   SUNSET   811 PM CDT


-  INDICATES NEGATIVE NUMBERS.
R  INDICATES RECORD WAS SET OR TIED.
MM INDICATES DATA IS MISSING.
T  INDICATES TRACE AMOUNT.




$$
