000
CDUS43 KMPX 010842
CLIMSP


CLIMATE REPORT
NATIONAL WEATHER SERVICE CHANHASSEN MN
240 AM CST THU DEC 1 2016


...................................

...THE TWIN CITIES MN CLIMATE SUMMARY FOR NOVEMBER 30 2016...

CLIMATE NORMAL PERIOD 1981 TO 2010
CLIMATE RECORD PERIOD 1871 TO 2016


WEATHER ITEM   OBSERVED TIME   RECORD YEAR NORMAL DEPARTURE LAST
                VALUE   (LST)  VALUE       VALUE  FROM      YEAR
                                                  NORMAL
..................................................................
TEMPERATURE (F)
 YESTERDAY
  MAXIMUM         40    105 PM  62    1922  33      7       35
  MINIMUM         36    815 PM -17    1964  18     18       28
  AVERAGE         38                        26     12       32

PRECIPITATION (IN)
  YESTERDAY        0.05          0.84 1934   0.05   0.00     0.41
  MONTH TO DATE    2.98                      1.77   1.21     4.52
  SINCE SEP 1     11.86                      7.28   4.58    11.78
  SINCE JAN 1     38.18                     29.45   8.73    33.82

SNOWFALL (IN)
  YESTERDAY        0.0           8.0  1934   0.5   -0.5      3.8
  MONTH TO DATE    2.3                       9.3   -7.0      5.1
  SINCE SEP 1      2.3                       9.9   -7.6      5.1
  SINCE JUL 1      2.3                       9.9   -7.6      5.1
  SNOW DEPTH       0

DEGREE DAYS
 HEATING
  YESTERDAY       27                        39    -12       33
  MONTH TO DATE  622                       939   -317      703
  SINCE SEP 1   1041                      1600   -559     1160
  SINCE JUL 1   1044                      1619   -575     1175

 COOLING
  YESTERDAY        0                         0      0        0
  MONTH TO DATE    0                         0      0        0
  SINCE SEP 1     93                        72     21      160
  SINCE JAN 1    964                       753    211      809
..................................................................


WIND (MPH)
  HIGHEST WIND SPEED    13   HIGHEST WIND DIRECTION    NW (320)
  HIGHEST GUST SPEED    20   HIGHEST GUST DIRECTION     N (10)
  AVERAGE WIND SPEED     6.2


SKY COVER
  POSSIBLE SUNSHINE  MM
  AVERAGE SKY COVER 1.0


WEATHER CONDITIONS
 THE FOLLOWING WEATHER WAS RECORDED YESTERDAY.
  LIGHT RAIN


RELATIVE HUMIDITY (PERCENT)
 HIGHEST    92          1200 AM
 LOWEST     79           100 PM
 AVERAGE    86

..........................................................


THE TWIN CITIES MN CLIMATE NORMALS FOR TODAY
                         NORMAL    RECORD    YEAR
 MAXIMUM TEMPERATURE (F)   32        68      1998
 MINIMUM TEMPERATURE (F)   18       -15      1893


SUNRISE AND SUNSET
DECEMBER  1 2016......SUNRISE   731 AM CST   SUNSET   433 PM CST
DECEMBER  2 2016......SUNRISE   732 AM CST   SUNSET   433 PM CST


-  INDICATES NEGATIVE NUMBERS.
R  INDICATES RECORD WAS SET OR TIED.
MM INDICATES DATA IS MISSING.
T  INDICATES TRACE AMOUNT.




$$
