000
CDUS43 KMPX 280625
CLIMSP


CLIMATE REPORT
NATIONAL WEATHER SERVICE CHANHASSEN MN
123 AM CDT TUE JUL 28 2015


...................................

...THE TWIN CITIES MN CLIMATE SUMMARY FOR JULY 27 2015...

CLIMATE NORMAL PERIOD 1981 TO 2010
CLIMATE RECORD PERIOD 1871 TO 2015


WEATHER ITEM   OBSERVED TIME   RECORD YEAR NORMAL DEPARTURE LAST
                VALUE   (LST)  VALUE       VALUE  FROM      YEAR
                                                  NORMAL
..................................................................
TEMPERATURE (F)
 YESTERDAY
  MAXIMUM         86    307 PM 104    1931  83      3       78
  MINIMUM         71    521 AM  49    1971  64      7       65
                                      1962
  AVERAGE         79                        74      5       72

PRECIPITATION (IN)
  YESTERDAY        0.00          6.35 1892   0.13  -0.13     0.03
  MONTH TO DATE    6.03                      3.49   2.54     2.27
  SINCE JUN 1     10.43                      7.74   2.69    13.63
  SINCE JAN 1     17.76                     17.32   0.44    28.10

SNOWFALL (IN)
  YESTERDAY        0.0           0.0    MM   0.0    0.0      0.0
  MONTH TO DATE    0.0                       0.0    0.0      0.0
  SINCE JUN 1      0.0                       0.0    0.0      0.0
  SINCE JUL 1      0.0                       0.0    0.0      0.0
  SNOW DEPTH       0

DEGREE DAYS
 HEATING
  YESTERDAY        0                         0      0        0
  MONTH TO DATE    2                         0      2        7
  SINCE JUN 1      9                        44    -35       28
  SINCE JUL 1      2                         0      2        7

 COOLING
  YESTERDAY       14                         9      5        7
  MONTH TO DATE  228                       241    -13      191
  SINCE JUN 1    384                       399    -15      353
  SINCE JAN 1    411                       441    -30      405
..................................................................


WIND (MPH)
  HIGHEST WIND SPEED    18   HIGHEST WIND DIRECTION    SE (120)
  HIGHEST GUST SPEED    22   HIGHEST GUST DIRECTION    SE (150)
  AVERAGE WIND SPEED    10.2


SKY COVER
  POSSIBLE SUNSHINE  MM
  AVERAGE SKY COVER 0.5


WEATHER CONDITIONS
 THE FOLLOWING WEATHER WAS RECORDED YESTERDAY.
  NO SIGNIFICANT WEATHER WAS OBSERVED.


RELATIVE HUMIDITY (PERCENT)
 HIGHEST    84           300 AM
 LOWEST     65          1100 AM
 AVERAGE    75

..........................................................


THE TWIN CITIES MN CLIMATE NORMALS FOR TODAY
                         NORMAL    RECORD    YEAR
 MAXIMUM TEMPERATURE (F)   83       100      1955
 MINIMUM TEMPERATURE (F)   64        50      1981


SUNRISE AND SUNSET
JULY 28 2015..........SUNRISE   554 AM CDT   SUNSET   844 PM CDT
JULY 29 2015..........SUNRISE   555 AM CDT   SUNSET   843 PM CDT


-  INDICATES NEGATIVE NUMBERS.
R  INDICATES RECORD WAS SET OR TIED.
MM INDICATES DATA IS MISSING.
T  INDICATES TRACE AMOUNT.




$$
