000
CDUS43 KMPX 190026
CLIMSP


CLIMATE REPORT
NATIONAL WEATHER SERVICE CHANHASSEN MN
726 PM CDT FRI APR 18 2014


...................................

...THE TWIN CITIES MN CLIMATE SUMMARY FOR APRIL 18 2014...
VALID TODAY AS OF 0700 PM LOCAL TIME.

CLIMATE NORMAL PERIOD 1981 TO 2010
CLIMATE RECORD PERIOD 1871 TO 2014


WEATHER ITEM   OBSERVED TIME   RECORD YEAR NORMAL DEPARTURE LAST
                VALUE   (LST)  VALUE       VALUE  FROM      YEAR
                                                  NORMAL
..................................................................
TEMPERATURE (F)
 TODAY
  MAXIMUM         52    537 PM  89    1985  59     -7       35
  MINIMUM         26    506 AM  21    1953  38    -12       32
  AVERAGE         39                        49    -10       34

PRECIPITATION (IN)
  TODAY            0.00          1.04 2004   0.09  -0.09     1.02
  MONTH TO DATE    1.63                      1.46   0.17     4.01
  SINCE MAR 1      2.45                      3.35  -0.90     6.05
  SINCE JAN 1      5.28                      5.02   0.26     8.24

SNOWFALL (IN)
  TODAY            0.0           6.4  2013   0.1   -0.1      6.4
  MONTH TO DATE    7.0                       1.8    5.2     13.2
  SINCE MAR 1     11.7                      12.1   -0.4     27.0
  SINCE JUL 1     69.8                      53.8   16.0     62.5
  SNOW DEPTH       0

DEGREE DAYS
 HEATING
  TODAY           26                        16     10       31
  MONTH TO DATE  448                       369     79      510
  SINCE MAR 1   1665                      1367    298     1676
  SINCE JUL 1   8118                      7157    961     7210

 COOLING
  TODAY            0                         0      0        0
  MONTH TO DATE    0                         0      0        0
  SINCE MAR 1      0                         0      0        0
  SINCE JAN 1      0                         0      0        0
..................................................................


WIND (MPH)
  HIGHEST WIND SPEED    22   HIGHEST WIND DIRECTION    SE (120)
  HIGHEST GUST SPEED    25   HIGHEST GUST DIRECTION    SE (120)
  AVERAGE WIND SPEED     7.4


SKY COVER
  POSSIBLE SUNSHINE  MM
  AVERAGE SKY COVER 0.6


WEATHER CONDITIONS
 THE FOLLOWING WEATHER WAS RECORDED TODAY.
  FOG
  HAZE


RELATIVE HUMIDITY (PERCENT)
 HIGHEST   100           300 AM
 LOWEST     38           500 PM
 AVERAGE    69

..........................................................


THE TWIN CITIES MN CLIMATE NORMALS FOR TOMORROW
                         NORMAL    RECORD    YEAR
 MAXIMUM TEMPERATURE (F)   60        87      1985
 MINIMUM TEMPERATURE (F)   39        19      1928


SUNRISE AND SUNSET
APRIL 18 2014.........SUNRISE   623 AM CDT   SUNSET   802 PM CDT
APRIL 19 2014.........SUNRISE   621 AM CDT   SUNSET   803 PM CDT


-  INDICATES NEGATIVE NUMBERS.
R  INDICATES RECORD WAS SET OR TIED.
MM INDICATES DATA IS MISSING.
T  INDICATES TRACE AMOUNT.




$$
