000
CDUS43 KMPX 160054
CLIMSP


CLIMATE REPORT
NATIONAL WEATHER SERVICE CHANHASSEN MN
753 PM CDT SUN OCT 15 2017


...................................

...THE TWIN CITIES MN CLIMATE SUMMARY FOR OCTOBER 15 2017...
VALID TODAY AS OF 0700 PM LOCAL TIME.

CLIMATE NORMAL PERIOD 1981 TO 2010
CLIMATE RECORD PERIOD 1871 TO 2017


WEATHER ITEM   OBSERVED TIME   RECORD YEAR NORMAL DEPARTURE LAST
                VALUE   (LST)  VALUE       VALUE  FROM      YEAR
                                                  NORMAL
..................................................................
TEMPERATURE (F)
 TODAY
  MAXIMUM         53    313 PM  85    1968  59     -6       69
                                      1947
  MINIMUM         41    641 AM  21    1876  40      1       51
  AVERAGE         47                        49     -2       60

PRECIPITATION (IN)
  TODAY            0.03          1.24 1966   0.08  -0.05      T
  MONTH TO DATE    3.76                      1.34   2.42     1.79
  SINCE SEP 1      4.80                      4.42   0.38     7.26
  SINCE JAN 1     30.45                     26.59   3.86    33.58

SNOWFALL (IN)
  TODAY            0.0           0.3  1992   0.0    0.0      0.0
  MONTH TO DATE    0.0                       0.0    0.0      0.0
  SINCE SEP 1      0.0                       T      0.0       T
  SINCE JUL 1      0.0                       T      0.0       T
  SNOW DEPTH       0

DEGREE DAYS
 HEATING
  TODAY           18                        16      2        5
  MONTH TO DATE  155                       197    -42      140
  SINCE SEP 1    220                       351   -131      190
  SINCE JUL 1    227                       370   -143      193

 COOLING
  TODAY            0                         0      0        0
  MONTH TO DATE    0                         3     -3        2
  SINCE SEP 1    141                        69     72       93
  SINCE JAN 1    829                       750     79      964
..................................................................


WIND (MPH)
  HIGHEST WIND SPEED    30   HIGHEST WIND DIRECTION    NW (330)
  HIGHEST GUST SPEED    37   HIGHEST GUST DIRECTION    NW (320)
  AVERAGE WIND SPEED    12.5


SKY COVER
  POSSIBLE SUNSHINE  MM
  AVERAGE SKY COVER 0.8


WEATHER CONDITIONS
 THE FOLLOWING WEATHER WAS RECORDED TODAY.
  LIGHT RAIN
  FOG


RELATIVE HUMIDITY (PERCENT)
 HIGHEST   100           100 AM
 LOWEST     46           300 PM
 AVERAGE    73

..........................................................


THE TWIN CITIES MN CLIMATE NORMALS FOR TOMORROW
                         NORMAL    RECORD    YEAR
 MAXIMUM TEMPERATURE (F)   58        86      1938
 MINIMUM TEMPERATURE (F)   40        23      1952


SUNRISE AND SUNSET
OCTOBER 15 2017.......SUNRISE   729 AM CDT   SUNSET   628 PM CDT
OCTOBER 16 2017.......SUNRISE   730 AM CDT   SUNSET   626 PM CDT


-  INDICATES NEGATIVE NUMBERS.
R  INDICATES RECORD WAS SET OR TIED.
MM INDICATES DATA IS MISSING.
T  INDICATES TRACE AMOUNT.




$$
