000
CDUS43 KMPX 280653
CLIMSP


CLIMATE REPORT
NATIONAL WEATHER SERVICE CHANHASSEN MN
1252 AM CST WED JAN 28 2015


...................................

...THE TWIN CITIES MN CLIMATE SUMMARY FOR JANUARY 27 2015...

CLIMATE NORMAL PERIOD 1981 TO 2010
CLIMATE RECORD PERIOD 1871 TO 2015


WEATHER ITEM   OBSERVED TIME   RECORD YEAR NORMAL DEPARTURE LAST
                VALUE   (LST)  VALUE       VALUE  FROM      YEAR
                                                  NORMAL
..................................................................
TEMPERATURE (F)
 YESTERDAY
  MAXIMUM         36   1210 AM  47    1934  24     12       -6
  MINIMUM         30   1159 PM -23    1950   8     22      -16
  AVERAGE         33                        16     17      -11

PRECIPITATION (IN)
  YESTERDAY        0.00          0.49 2013   0.03  -0.03     0.00
  MONTH TO DATE    0.34                      0.80  -0.46     0.98
  SINCE DEC 1      1.20                      1.96  -0.76     2.44
  SINCE JAN 1      0.34                      0.80  -0.46     0.98

SNOWFALL (IN)
  YESTERDAY        0.0           3.8  1916   0.4   -0.4      0.0
  MONTH TO DATE    5.4                      10.8   -5.4     16.3
  SINCE DEC 1     11.0                      22.7  -11.7     32.2
  SINCE JUL 1     20.4                      32.6  -12.2     33.3
  SNOW DEPTH       T

DEGREE DAYS
 HEATING
  YESTERDAY       32                        49    -17       76
  MONTH TO DATE 1256                      1339    -83     1520
  SINCE DEC 1   2509                      2743   -234     3142
  SINCE JUL 1   4302                      4362    -60     4643

 COOLING
  YESTERDAY        0                         0      0        0
  MONTH TO DATE    0                         0      0        0
  SINCE DEC 1      0                         0      0        0
  SINCE JAN 1      0                         0      0        0
..................................................................


WIND (MPH)
  HIGHEST WIND SPEED    15   HIGHEST WIND DIRECTION    SE (140)
  HIGHEST GUST SPEED    20   HIGHEST GUST DIRECTION    SE (150)
  AVERAGE WIND SPEED     7.4


SKY COVER
  POSSIBLE SUNSHINE  MM
  AVERAGE SKY COVER 1.0


WEATHER CONDITIONS
 THE FOLLOWING WEATHER WAS RECORDED YESTERDAY.
  NO SIGNIFICANT WEATHER WAS OBSERVED.


RELATIVE HUMIDITY (PERCENT)
 HIGHEST    85          1100 PM
 LOWEST     69           300 AM
 AVERAGE    77

..........................................................


THE TWIN CITIES MN CLIMATE NORMALS FOR TODAY
                         NORMAL    RECORD    YEAR
 MAXIMUM TEMPERATURE (F)   25        47      1892
 MINIMUM TEMPERATURE (F)    8       -29      1873


SUNRISE AND SUNSET
JANUARY 28 2015.......SUNRISE   737 AM CST   SUNSET   515 PM CST
JANUARY 29 2015.......SUNRISE   736 AM CST   SUNSET   517 PM CST


-  INDICATES NEGATIVE NUMBERS.
R  INDICATES RECORD WAS SET OR TIED.
MM INDICATES DATA IS MISSING.
T  INDICATES TRACE AMOUNT.




$$
