000
CDUS43 KMPX 170642
CLIMSP


CLIMATE REPORT
NATIONAL WEATHER SERVICE CHANHASSEN MN
1239 AM CST WED DEC 17 2014


...................................

...THE TWIN CITIES MN CLIMATE SUMMARY FOR DECEMBER 16 2014...

CLIMATE NORMAL PERIOD 1981 TO 2010
CLIMATE RECORD PERIOD 1871 TO 2014


WEATHER ITEM   OBSERVED TIME   RECORD YEAR NORMAL DEPARTURE LAST
                VALUE   (LST)  VALUE       VALUE  FROM      YEAR
                                                  NORMAL
..................................................................
TEMPERATURE (F)
 YESTERDAY
  MAXIMUM         30   1202 AM  58    1939  27      3       22
  MINIMUM         17   1159 PM -22    1876  12      5        1
  AVERAGE         24                        19      5       12

PRECIPITATION (IN)
  YESTERDAY        0.04          0.93 1894   0.04   0.00     0.10
  MONTH TO DATE    0.26                      0.64  -0.38     1.03
  SINCE DEC 1      0.26                      0.64  -0.38     1.03
  SINCE JAN 1     34.80                     30.09   4.71    32.34

SNOWFALL (IN)
  YESTERDAY        0.8           5.3  2000   0.4    0.4      1.1
  MONTH TO DATE    0.9                       6.5   -5.6     10.0
  SINCE DEC 1      0.9                       6.5   -5.6     10.0
  SINCE JUL 1     10.3                      16.4   -6.1     11.1
  SNOW DEPTH       1

DEGREE DAYS
 HEATING
  YESTERDAY       41                        46     -5       53
  MONTH TO DATE  612                       690    -78      857
  SINCE DEC 1    612                       690    -78      857
  SINCE JUL 1   2405                      2309     96     2358

 COOLING
  YESTERDAY        0                         0      0        0
  MONTH TO DATE    0                         0      0        0
  SINCE DEC 1      0                         0      0        0
  SINCE JAN 1    759                       753      6      983
..................................................................


WIND (MPH)
  HIGHEST WIND SPEED    26   HIGHEST WIND DIRECTION    NW (320)
  HIGHEST GUST SPEED    32   HIGHEST GUST DIRECTION    NW (320)
  AVERAGE WIND SPEED    14.3


SKY COVER
  POSSIBLE SUNSHINE  MM
  AVERAGE SKY COVER 1.0


WEATHER CONDITIONS
 THE FOLLOWING WEATHER WAS RECORDED YESTERDAY.
  LIGHT SNOW
  FOG
  HAZE


RELATIVE HUMIDITY (PERCENT)
 HIGHEST    88           300 AM
 LOWEST     71          1100 AM
 AVERAGE    80

..........................................................


THE TWIN CITIES MN CLIMATE NORMALS FOR TODAY
                         NORMAL    RECORD    YEAR
 MAXIMUM TEMPERATURE (F)   26        53      1939
 MINIMUM TEMPERATURE (F)   12       -17      1985
                                             1983
                                             1875


SUNRISE AND SUNSET
DECEMBER 17 2014......SUNRISE   745 AM CST   SUNSET   433 PM CST
DECEMBER 18 2014......SUNRISE   746 AM CST   SUNSET   433 PM CST


-  INDICATES NEGATIVE NUMBERS.
R  INDICATES RECORD WAS SET OR TIED.
MM INDICATES DATA IS MISSING.
T  INDICATES TRACE AMOUNT.




$$
