000
CDUS43 KMPX 170824
CLIMSP


CLIMATE REPORT
NATIONAL WEATHER SERVICE CHANHASSEN MN
224 AM CST WED JAN 17 2018


...................................

...THE TWIN CITIES MN CLIMATE SUMMARY FOR JANUARY 16 2018...

CLIMATE NORMAL PERIOD 1981 TO 2010
CLIMATE RECORD PERIOD 1871 TO 2018


WEATHER ITEM   OBSERVED TIME   RECORD YEAR NORMAL DEPARTURE LAST
                VALUE   (LST)  VALUE       VALUE  FROM      YEAR
                                                  NORMAL
..................................................................
TEMPERATURE (F)
 YESTERDAY
  MAXIMUM          8    258 PM  46    1961  23    -15       32
  MINIMUM         -2    249 AM -29    1888   7     -9       14
  AVERAGE          3                        15    -12       23

PRECIPITATION (IN)
  YESTERDAY        T             1.05 1887   0.03  -0.03     0.12
  MONTH TO DATE    0.38                      0.49  -0.11     0.56
  SINCE DEC 1      1.17                      1.65  -0.48     2.70
  SINCE JAN 1      0.38                      0.49  -0.11     0.56

SNOWFALL (IN)
  YESTERDAY        T             8.4  1994   0.4   -0.4       T
  MONTH TO DATE    5.8                       6.4   -0.6      5.0
  SINCE DEC 1     12.2                      18.3   -6.1     20.8
  SINCE JUL 1     12.9                      28.2  -15.3     23.1
  SNOW DEPTH       4

DEGREE DAYS
 HEATING
  YESTERDAY       62                        50     12       42
  MONTH TO DATE  891                       793     98      855
  SINCE DEC 1   2314                      2197    117     2213
  SINCE JUL 1   3724                      3816    -92     3257

 COOLING
  YESTERDAY        0                         0      0        0
  MONTH TO DATE    0                         0      0        0
  SINCE DEC 1      0                         0      0        0
  SINCE JAN 1      0                         0      0        0
..................................................................


WIND (MPH)
  HIGHEST WIND SPEED    14   HIGHEST WIND DIRECTION    NW (330)
  HIGHEST GUST SPEED    19   HIGHEST GUST DIRECTION     N (340)
  AVERAGE WIND SPEED     8.1


SKY COVER
  POSSIBLE SUNSHINE  MM
  AVERAGE SKY COVER 0.4


WEATHER CONDITIONS
 THE FOLLOWING WEATHER WAS RECORDED YESTERDAY.
  LIGHT SNOW
  FOG


RELATIVE HUMIDITY (PERCENT)
 HIGHEST    91          1100 PM
 LOWEST     69          1200 PM
 AVERAGE    80

..........................................................


THE TWIN CITIES MN CLIMATE NORMALS FOR TODAY
                         NORMAL    RECORD    YEAR
 MAXIMUM TEMPERATURE (F)   23        44      1894
 MINIMUM TEMPERATURE (F)    7       -26      1967


SUNRISE AND SUNSET
JANUARY 17 2018.......SUNRISE   746 AM CST   SUNSET   501 PM CST
JANUARY 18 2018.......SUNRISE   745 AM CST   SUNSET   502 PM CST


-  INDICATES NEGATIVE NUMBERS.
R  INDICATES RECORD WAS SET OR TIED.
MM INDICATES DATA IS MISSING.
T  INDICATES TRACE AMOUNT.




$$
