000
CDUS43 KMPX 170733
CLIMSP


CLIMATE REPORT
NATIONAL WEATHER SERVICE CHANHASSEN MN
233 AM CDT SAT JUN 17 2017


...................................

...THE TWIN CITIES MN CLIMATE SUMMARY FOR JUNE 16 2017...

CLIMATE NORMAL PERIOD 1981 TO 2010
CLIMATE RECORD PERIOD 1871 TO 2017


WEATHER ITEM   OBSERVED TIME   RECORD YEAR NORMAL DEPARTURE LAST
                VALUE   (LST)  VALUE       VALUE  FROM      YEAR
                                                  NORMAL
..................................................................
TEMPERATURE (F)
 YESTERDAY
  MAXIMUM         86   1247 PM  97    1933  79      7       80
  MINIMUM         65    256 AM  43    1961  59      6       63
  AVERAGE         76                        69      7       72

PRECIPITATION (IN)
  YESTERDAY        T             2.16 1935   0.15  -0.15     0.00
  MONTH TO DATE    2.26                      2.19   0.07     3.72
  SINCE JUN 1      2.26                      2.19   0.07     3.72
  SINCE JAN 1     13.81                     11.77   2.04    12.64

SNOWFALL (IN)
  YESTERDAY        0.0           0.0    MM   0.0    0.0      0.0
  MONTH TO DATE    T                         0.0    0.0      0.0
  SINCE JUN 1      T                         0.0    0.0      0.0
  SINCE JUL 1     32.0                      54.4  -22.4     36.7
  SNOW DEPTH       0

DEGREE DAYS
 HEATING
  YESTERDAY        0                         1     -1        0
  MONTH TO DATE    1                        35    -34        7
  SINCE JUN 1      1                        35    -34        7
  SINCE JUL 1   6299                      7571  -1272     6283

 COOLING
  YESTERDAY       11                         5      6        7
  MONTH TO DATE  165                        61    104       77
  SINCE JUN 1    165                        61    104       77
  SINCE JAN 1    186                       103     83      153
..................................................................


WIND (MPH)
  HIGHEST WIND SPEED    18   HIGHEST WIND DIRECTION    NW (330)
  HIGHEST GUST SPEED    24   HIGHEST GUST DIRECTION     N (350)
  AVERAGE WIND SPEED     6.9


SKY COVER
  POSSIBLE SUNSHINE  MM
  AVERAGE SKY COVER 0.7


WEATHER CONDITIONS
 THE FOLLOWING WEATHER WAS RECORDED YESTERDAY.
  HAZE


RELATIVE HUMIDITY (PERCENT)
 HIGHEST    73           300 AM
 LOWEST     34           100 PM
 AVERAGE    54

..........................................................


THE TWIN CITIES MN CLIMATE NORMALS FOR TODAY
                         NORMAL    RECORD    YEAR
 MAXIMUM TEMPERATURE (F)   80        97      1933
 MINIMUM TEMPERATURE (F)   60        42      1960


SUNRISE AND SUNSET
JUNE 17 2017..........SUNRISE   526 AM CDT   SUNSET   902 PM CDT
JUNE 18 2017..........SUNRISE   526 AM CDT   SUNSET   902 PM CDT


-  INDICATES NEGATIVE NUMBERS.
R  INDICATES RECORD WAS SET OR TIED.
MM INDICATES DATA IS MISSING.
T  INDICATES TRACE AMOUNT.




$$
