000
CDUS43 KMPX 270837
CLIMSP


CLIMATE REPORT
NATIONAL WEATHER SERVICE CHANHASSEN MN
335 AM CDT FRI MAR 27 2015


...................................

...THE TWIN CITIES MN CLIMATE SUMMARY FOR MARCH 26 2015...

CLIMATE NORMAL PERIOD 1981 TO 2010
CLIMATE RECORD PERIOD 1871 TO 2015


WEATHER ITEM   OBSERVED TIME   RECORD YEAR NORMAL DEPARTURE LAST
                VALUE   (LST)  VALUE       VALUE  FROM      YEAR
                                                  NORMAL
..................................................................
TEMPERATURE (F)
 YESTERDAY
  MAXIMUM         36    431 PM  81    2007  47    -11       40
  MINIMUM         25   1159 PM -10    1996  28     -3       13
  AVERAGE         31                        37     -6       27

PRECIPITATION (IN)
  YESTERDAY        0.00          1.02 1921   0.07  -0.07     0.00
  MONTH TO DATE    0.48                      1.54  -1.06     0.37
  SINCE MAR 1      0.48                      1.54  -1.06     0.37
  SINCE JAN 1      1.17                      3.21  -2.04     3.20

SNOWFALL (IN)
  YESTERDAY        0.0           8.5  1936   0.2   -0.2      0.0
  MONTH TO DATE    6.8                       9.3   -2.5      4.6
  SINCE MAR 1      6.8                       9.3   -2.5      4.6
  SINCE JUL 1     32.1                      51.0  -18.9     62.7
  SNOW DEPTH       0

DEGREE DAYS
 HEATING
  YESTERDAY       34                        28      6       38
  MONTH TO DATE  779                       868    -89     1086
  SINCE MAR 1    779                       868    -89     1086
  SINCE JUL 1   6744                      6658     86     7539

 COOLING
  YESTERDAY        0                         0      0        0
  MONTH TO DATE    0                         0      0        0
  SINCE MAR 1      0                         0      0        0
  SINCE JAN 1      0                         0      0        0
..................................................................


WIND (MPH)
  HIGHEST WIND SPEED    21   HIGHEST WIND DIRECTION    NW (320)
  HIGHEST GUST SPEED    26   HIGHEST GUST DIRECTION    NW (320)
  AVERAGE WIND SPEED    12.5


SKY COVER
  POSSIBLE SUNSHINE  MM
  AVERAGE SKY COVER 0.6


WEATHER CONDITIONS
 THE FOLLOWING WEATHER WAS RECORDED YESTERDAY.
  NO SIGNIFICANT WEATHER WAS OBSERVED.


RELATIVE HUMIDITY (PERCENT)
 HIGHEST    75           600 AM
 LOWEST     36           700 PM
 AVERAGE    56

..........................................................


THE TWIN CITIES MN CLIMATE NORMALS FOR TODAY
                         NORMAL    RECORD    YEAR
 MAXIMUM TEMPERATURE (F)   47        75      1946
 MINIMUM TEMPERATURE (F)   29         5      1921


SUNRISE AND SUNSET
MARCH 27 2015.........SUNRISE   703 AM CDT   SUNSET   734 PM CDT
MARCH 28 2015.........SUNRISE   701 AM CDT   SUNSET   735 PM CDT


-  INDICATES NEGATIVE NUMBERS.
R  INDICATES RECORD WAS SET OR TIED.
MM INDICATES DATA IS MISSING.
T  INDICATES TRACE AMOUNT.




$$
