000
CDUS43 KMPX 230642
CLIMSP


CLIMATE REPORT
NATIONAL WEATHER SERVICE CHANHASSEN MN
1241 AM CST SUN NOV 23 2014


...................................

...THE TWIN CITIES MN CLIMATE SUMMARY FOR NOVEMBER 22 2014...

CLIMATE NORMAL PERIOD 1981 TO 2010
CLIMATE RECORD PERIOD 1871 TO 2014


WEATHER ITEM   OBSERVED TIME   RECORD YEAR NORMAL DEPARTURE LAST
                VALUE   (LST)  VALUE       VALUE  FROM      YEAR
                                                  NORMAL
..................................................................
TEMPERATURE (F)
 YESTERDAY
  MAXIMUM         39   1159 PM  60    2012  37      2       33
  MINIMUM         34    520 PM  -6    1880  23     11       13
  AVERAGE         37                        30      7       23

PRECIPITATION (IN)
  YESTERDAY        0.00          0.58 1898   0.05  -0.05     0.00
  MONTH TO DATE    0.56                      1.33  -0.77     0.52
  SINCE SEP 1      3.23                      6.84  -3.61     4.87
  SINCE JAN 1     34.23                     29.01   5.22    31.31

SNOWFALL (IN)
  YESTERDAY        0.0           5.5  1898   0.4   -0.4      0.0
  MONTH TO DATE    5.5                       6.0   -0.5      1.1
  SINCE SEP 1      5.5                       6.6   -1.1      1.1
  SINCE JUL 1      5.5                       6.6   -1.1      1.1
  SNOW DEPTH       3

DEGREE DAYS
 HEATING
  YESTERDAY       28                        35     -7       42
  MONTH TO DATE  822                       639    183      615
  SINCE SEP 1   1429                      1300    129     1160
  SINCE JUL 1   1436                      1319    117     1168

 COOLING
  YESTERDAY        0                         0      0        0
  MONTH TO DATE    0                         0      0        0
  SINCE SEP 1     63                        72     -9      134
  SINCE JAN 1    759                       753      6      983
..................................................................


WIND (MPH)
  HIGHEST WIND SPEED    14   HIGHEST WIND DIRECTION    SE (150)
  HIGHEST GUST SPEED    21   HIGHEST GUST DIRECTION     S (200)
  AVERAGE WIND SPEED     8.7


SKY COVER
  POSSIBLE SUNSHINE  MM
  AVERAGE SKY COVER 1.0


WEATHER CONDITIONS
 THE FOLLOWING WEATHER WAS RECORDED YESTERDAY.
  FOG
  FOG W/VISIBILITY <= 1/4 MILE
  HAZE


RELATIVE HUMIDITY (PERCENT)
 HIGHEST   100           900 AM
 LOWEST     82          1200 AM
 AVERAGE    91

..........................................................


THE TWIN CITIES MN CLIMATE NORMALS FOR TODAY
                         NORMAL    RECORD    YEAR
 MAXIMUM TEMPERATURE (F)   37        55      1905
 MINIMUM TEMPERATURE (F)   22        -6      1898


SUNRISE AND SUNSET
NOVEMBER 23 2014......SUNRISE   721 AM CST   SUNSET   437 PM CST
NOVEMBER 24 2014......SUNRISE   722 AM CST   SUNSET   437 PM CST


-  INDICATES NEGATIVE NUMBERS.
R  INDICATES RECORD WAS SET OR TIED.
MM INDICATES DATA IS MISSING.
T  INDICATES TRACE AMOUNT.




$$
