000
CDUS43 KMPX 272146
CLIMSP


CLIMATE REPORT
NATIONAL WEATHER SERVICE CHANHASSEN MN
440 PM CDT SAT SEP 27 2014


...................................

...THE TWIN CITIES MN CLIMATE SUMMARY FOR SEPTEMBER 27 2014...
VALID AS OF 0400 PM LOCAL TIME.

CLIMATE NORMAL PERIOD 1981 TO 2010
CLIMATE RECORD PERIOD 1871 TO 2014


WEATHER ITEM   OBSERVED TIME   RECORD YEAR NORMAL DEPARTURE LAST
                VALUE   (LST)  VALUE       VALUE  FROM      YEAR
                                                  NORMAL
..................................................................
TEMPERATURE (F)
 TODAY
  MAXIMUM         83    159 PM  88    1987  67     16       86
  MINIMUM         63    703 AM  29    1991  47     16       65
                                      1942
  AVERAGE         73                        57     16       76

PRECIPITATION (IN)
  TODAY            0.00          0.54 1947   0.10  -0.10      T
  MONTH TO DATE    0.85                      2.80  -1.95     1.21
  SINCE SEP 1      0.85                      2.80  -1.95     1.21
  SINCE JAN 1     31.85                     24.97   6.88    27.65

SNOWFALL (IN)
  TODAY            0.0           T    1951   0.0    0.0      0.0
  MONTH TO DATE    0.0                       0.0    0.0      0.0
  SINCE SEP 1      0.0                       0.0    0.0      0.0
  SINCE JUL 1      0.0                       0.0    0.0       T
  SNOW DEPTH       0

DEGREE DAYS
 HEATING
  TODAY            0                         9     -9        0
  MONTH TO DATE  101                       126    -25       53
  SINCE SEP 1    101                       126    -25       53
  SINCE JUL 1    108                       145    -37       61

 COOLING
  TODAY            8                         1      7       11
  MONTH TO DATE   57                        64     -7      128
  SINCE SEP 1     57                        64     -7      128
  SINCE JAN 1    753                       745      8      977
..................................................................


WIND (MPH)
  HIGHEST WIND SPEED    16   HIGHEST WIND DIRECTION    SE (150)
  HIGHEST GUST SPEED    20   HIGHEST GUST DIRECTION     S (170)
  AVERAGE WIND SPEED     8.2


SKY COVER
  POSSIBLE SUNSHINE  MM
  AVERAGE SKY COVER 0.4


WEATHER CONDITIONS
 THE FOLLOWING WEATHER WAS RECORDED TODAY.
  NO SIGNIFICANT WEATHER WAS OBSERVED.


RELATIVE HUMIDITY (PERCENT)
 HIGHEST    84           700 AM
 LOWEST     45           100 PM
 AVERAGE    65

..........................................................


THE TWIN CITIES MN CLIMATE NORMALS FOR TOMORROW
                         NORMAL    RECORD    YEAR
 MAXIMUM TEMPERATURE (F)   66        91      1898
 MINIMUM TEMPERATURE (F)   47        26      1942


SUNRISE AND SUNSET
SEPTEMBER 27 2014.....SUNRISE   706 AM CDT   SUNSET   701 PM CDT
SEPTEMBER 28 2014.....SUNRISE   707 AM CDT   SUNSET   659 PM CDT


-  INDICATES NEGATIVE NUMBERS.
R  INDICATES RECORD WAS SET OR TIED.
MM INDICATES DATA IS MISSING.
T  INDICATES TRACE AMOUNT.




$$
