000
CDUS43 KMPX 081146
CLIMSP


CLIMATE REPORT
NATIONAL WEATHER SERVICE CHANHASSEN MN
546 AM CST MON FEB 8 2016


...................................

...THE TWIN CITIES MN CLIMATE SUMMARY FOR FEBRUARY 7 2016...

CLIMATE NORMAL PERIOD 1981 TO 2010
CLIMATE RECORD PERIOD 1871 TO 2016


WEATHER ITEM   OBSERVED TIME   RECORD YEAR NORMAL DEPARTURE LAST
                VALUE   (LST)  VALUE       VALUE  FROM      YEAR
                                                  NORMAL
..................................................................
TEMPERATURE (F)
 YESTERDAY
  MAXIMUM         40   1201 PM  53    1987  27     13       36
  MINIMUM         16   1159 PM -29    1875  10      6       20
  AVERAGE         28                        18     10       28

PRECIPITATION (IN)
  YESTERDAY        0.02          0.94 1928   0.02   0.00     0.00
  MONTH TO DATE    0.60                      0.16   0.44     0.09
  SINCE DEC 1      3.23                      2.22   1.01     1.29
  SINCE JAN 1      0.91                      1.06  -0.15     0.43

SNOWFALL (IN)
  YESTERDAY        0.4           3.0  1892   0.3    0.1      0.0
                                      1904
                                      1932
  MONTH TO DATE   10.1                       2.0    8.1      2.4
  SINCE DEC 1     23.7                      26.1   -2.4     13.4
  SINCE JUL 1     28.8                      36.0   -7.2     22.8
  SNOW DEPTH       5

DEGREE DAYS
 HEATING
  YESTERDAY       37                        47    -10       37
  MONTH TO DATE  286                       333    -47      360
  SINCE DEC 1   2820                      3268   -448     3031
  SINCE JUL 1   3995                      4887   -892     4824

 COOLING
  YESTERDAY        0                         0      0        0
  MONTH TO DATE    0                         0      0        0
  SINCE DEC 1      0                         0      0        0
  SINCE JAN 1      0                         0      0        0
..................................................................


WIND (MPH)
  HIGHEST WIND SPEED    33   HIGHEST WIND DIRECTION    NW (300)
  HIGHEST GUST SPEED    43   HIGHEST GUST DIRECTION    NW (300)
  AVERAGE WIND SPEED    16.3


SKY COVER
  POSSIBLE SUNSHINE  MM
  AVERAGE SKY COVER 0.8


WEATHER CONDITIONS
 THE FOLLOWING WEATHER WAS RECORDED YESTERDAY.
  LIGHT SNOW
  FOG
  BLOWING SNOW


RELATIVE HUMIDITY (PERCENT)
 HIGHEST    85           400 AM
 LOWEST     54          1100 AM
 AVERAGE    70

..........................................................


THE TWIN CITIES MN CLIMATE NORMALS FOR TODAY
                         NORMAL    RECORD    YEAR
 MAXIMUM TEMPERATURE (F)   27        50      2002
                                             1991
 MINIMUM TEMPERATURE (F)   10       -29      1899


SUNRISE AND SUNSET
FEBRUARY  8 2016......SUNRISE   724 AM CST   SUNSET   530 PM CST
FEBRUARY  9 2016......SUNRISE   723 AM CST   SUNSET   532 PM CST


-  INDICATES NEGATIVE NUMBERS.
R  INDICATES RECORD WAS SET OR TIED.
MM INDICATES DATA IS MISSING.
T  INDICATES TRACE AMOUNT.




$$
