000
CDUS43 KMPX 262156
CLIMSP


CLIMATE REPORT
NATIONAL WEATHER SERVICE CHANHASSEN MN
456 PM CDT FRI SEP 26 2014


...................................

...THE TWIN CITIES MN CLIMATE SUMMARY FOR SEPTEMBER 26 2014...
VALID AS OF 0400 PM LOCAL TIME.

CLIMATE NORMAL PERIOD 1981 TO 2010
CLIMATE RECORD PERIOD 1871 TO 2014


WEATHER ITEM   OBSERVED TIME   RECORD YEAR NORMAL DEPARTURE LAST
                VALUE   (LST)  VALUE       VALUE  FROM      YEAR
                                                  NORMAL
..................................................................
TEMPERATURE (F)
 TODAY
  MAXIMUM         82    218 PM  87    1923  67     15       82
  MINIMUM         58    636 AM  27    1965  48     10       56
  AVERAGE         70                        57     13       69

PRECIPITATION (IN)
  TODAY            0.00          1.81 1930   0.10  -0.10     0.00
  MONTH TO DATE    0.85                      2.70  -1.85     1.21
  SINCE SEP 1      0.85                      2.70  -1.85     1.21
  SINCE JAN 1     31.85                     24.87   6.98    27.65

SNOWFALL (IN)
  TODAY            0.0           1.7  1942   0.0    0.0      0.0
  MONTH TO DATE    0.0                       0.0    0.0      0.0
  SINCE SEP 1      0.0                       0.0    0.0      0.0
  SINCE JUL 1      0.0                       0.0    0.0       T
  SNOW DEPTH       0

DEGREE DAYS
 HEATING
  TODAY            0                         8     -8        0
  MONTH TO DATE  101                       117    -16       53
  SINCE SEP 1    101                       117    -16       53
  SINCE JUL 1    108                       136    -28       61

 COOLING
  TODAY            5                         1      4        4
  MONTH TO DATE   49                        63    -14      117
  SINCE SEP 1     49                        63    -14      117
  SINCE JAN 1    745                       744      1      966
..................................................................


WIND (MPH)
  HIGHEST WIND SPEED    17   HIGHEST WIND DIRECTION    SE (130)
  HIGHEST GUST SPEED    23   HIGHEST GUST DIRECTION    SE (150)
  AVERAGE WIND SPEED     7.7


SKY COVER
  POSSIBLE SUNSHINE  MM
  AVERAGE SKY COVER 0.2


WEATHER CONDITIONS
 THE FOLLOWING WEATHER WAS RECORDED TODAY.
  NO SIGNIFICANT WEATHER WAS OBSERVED.


RELATIVE HUMIDITY (PERCENT)
 HIGHEST    86           600 AM
 LOWEST     42          1200 PM
 AVERAGE    64

..........................................................


THE TWIN CITIES MN CLIMATE NORMALS FOR TOMORROW
                         NORMAL    RECORD    YEAR
 MAXIMUM TEMPERATURE (F)   67        88      1987
 MINIMUM TEMPERATURE (F)   47        29      1991
                                             1942


SUNRISE AND SUNSET
SEPTEMBER 26 2014.....SUNRISE   705 AM CDT   SUNSET   703 PM CDT
SEPTEMBER 27 2014.....SUNRISE   706 AM CDT   SUNSET   701 PM CDT


-  INDICATES NEGATIVE NUMBERS.
R  INDICATES RECORD WAS SET OR TIED.
MM INDICATES DATA IS MISSING.
T  INDICATES TRACE AMOUNT.




$$
