000
CDUS43 KMPX 270628
CLIMSP


CLIMATE REPORT
NATIONAL WEATHER SERVICE CHANHASSEN MN
1227 AM CST FRI FEB 27 2015


...................................

...THE TWIN CITIES MN CLIMATE SUMMARY FOR FEBRUARY 26 2015...

CLIMATE NORMAL PERIOD 1981 TO 2010
CLIMATE RECORD PERIOD 1871 TO 2015


WEATHER ITEM   OBSERVED TIME   RECORD YEAR NORMAL DEPARTURE LAST
                VALUE   (LST)  VALUE       VALUE  FROM      YEAR
                                                  NORMAL
..................................................................
TEMPERATURE (F)
 YESTERDAY
  MAXIMUM         11    349 PM  64    1896  33    -22       20
  MINIMUM         -3    730 AM -21    1897  17    -20      -11
  AVERAGE          4                        25    -21        5

PRECIPITATION (IN)
  YESTERDAY        0.00          0.83 1873   0.04  -0.04      T
  MONTH TO DATE    0.35                      0.69  -0.34     1.37
  SINCE DEC 1      1.55                      2.75  -1.20     4.25
  SINCE JAN 1      0.69                      1.59  -0.90     2.79

SNOWFALL (IN)
  YESTERDAY        0.0           7.0  1936   0.3   -0.3       T
  MONTH TO DATE    4.9                       7.1   -2.2     17.5
  SINCE DEC 1     15.9                      31.2  -15.3     56.1
  SINCE JUL 1     25.3                      41.1  -15.8     57.2
  SNOW DEPTH       1

DEGREE DAYS
 HEATING
  YESTERDAY       61                        40     21       60
  MONTH TO DATE 1385                      1158    227     1435
  SINCE DEC 1   4056                      4093    -37     4819
  SINCE JUL 1   5849                      5712    137     6320

 COOLING
  YESTERDAY        0                         0      0        0
  MONTH TO DATE    0                         0      0        0
  SINCE DEC 1      0                         0      0        0
  SINCE JAN 1      0                         0      0        0
..................................................................


WIND (MPH)
  HIGHEST WIND SPEED    16   HIGHEST WIND DIRECTION    NW (310)
  HIGHEST GUST SPEED    22   HIGHEST GUST DIRECTION    NW (320)
  AVERAGE WIND SPEED    10.1


SKY COVER
  POSSIBLE SUNSHINE  MM
  AVERAGE SKY COVER 0.1


WEATHER CONDITIONS
 THE FOLLOWING WEATHER WAS RECORDED YESTERDAY.
  NO SIGNIFICANT WEATHER WAS OBSERVED.


RELATIVE HUMIDITY (PERCENT)
 HIGHEST    69          1100 PM
 LOWEST     45           100 PM
 AVERAGE    57

..........................................................


THE TWIN CITIES MN CLIMATE NORMALS FOR TODAY
                         NORMAL    RECORD    YEAR
 MAXIMUM TEMPERATURE (F)   33        54      1896
 MINIMUM TEMPERATURE (F)   18       -22      1879


SUNRISE AND SUNSET
FEBRUARY 27 2015......SUNRISE   654 AM CST   SUNSET   557 PM CST
FEBRUARY 28 2015......SUNRISE   653 AM CST   SUNSET   559 PM CST


-  INDICATES NEGATIVE NUMBERS.
R  INDICATES RECORD WAS SET OR TIED.
MM INDICATES DATA IS MISSING.
T  INDICATES TRACE AMOUNT.




$$
