000
CDUS43 KMPX 140722
CLIMSP


CLIMATE REPORT
NATIONAL WEATHER SERVICE CHANHASSEN MN
222 AM CDT SUN MAY 14 2017


...................................

...THE TWIN CITIES MN CLIMATE SUMMARY FOR MAY 13 2017...

CLIMATE NORMAL PERIOD 1981 TO 2010
CLIMATE RECORD PERIOD 1871 TO 2017


WEATHER ITEM   OBSERVED TIME   RECORD YEAR NORMAL DEPARTURE LAST
                VALUE   (LST)  VALUE       VALUE  FROM      YEAR
                                                  NORMAL
..................................................................
TEMPERATURE (F)
 YESTERDAY
  MAXIMUM         80    454 PM  92    2007  69     11       50
  MINIMUM         54    527 AM  29    1953  48      6       39
                                      1888
  AVERAGE         67                        58      9       45

PRECIPITATION (IN)
  YESTERDAY        0.00          0.98 1962   0.10  -0.10     0.18
  MONTH TO DATE    0.57                      1.42  -0.85     1.25
  SINCE MAR 1      5.70                      5.97  -0.27     6.35
  SINCE JAN 1      7.32                      7.64  -0.32     7.75

SNOWFALL (IN)
  YESTERDAY        0.0           T    1902   0.0    0.0      0.0
                                      1935
  MONTH TO DATE    T                         0.0    0.0      0.0
  SINCE MAR 1      5.2                      12.7   -7.5      5.9
  SINCE JUL 1     32.0                      54.4  -22.4     36.7
  SNOW DEPTH       0

DEGREE DAYS
 HEATING
  YESTERDAY        0                         8     -8       20
  MONTH TO DATE  102                       120    -18      110
  SINCE MAR 1   1485                      1648   -163     1347
  SINCE JUL 1   6186                      7438  -1252     6212

 COOLING
  YESTERDAY        2                         1      1        0
  MONTH TO DATE    2                        11     -9       11
  SINCE MAR 1      2                        16    -14       19
  SINCE JAN 1      2                        16    -14       19
..................................................................


WIND (MPH)
  HIGHEST WIND SPEED    16   HIGHEST WIND DIRECTION    SE (120)
  HIGHEST GUST SPEED    21   HIGHEST GUST DIRECTION     E (110)
  AVERAGE WIND SPEED     6.2


SKY COVER
  POSSIBLE SUNSHINE  MM
  AVERAGE SKY COVER 0.2


WEATHER CONDITIONS
 THE FOLLOWING WEATHER WAS RECORDED YESTERDAY.
  NO SIGNIFICANT WEATHER WAS OBSERVED.


RELATIVE HUMIDITY (PERCENT)
 HIGHEST    67           400 AM
 LOWEST     28           200 PM
 AVERAGE    48

..........................................................


THE TWIN CITIES MN CLIMATE NORMALS FOR TODAY
                         NORMAL    RECORD    YEAR
 MAXIMUM TEMPERATURE (F)   69        98      2013
 MINIMUM TEMPERATURE (F)   48        32      1907


SUNRISE AND SUNSET
MAY 14 2017...........SUNRISE   545 AM CDT   SUNSET   834 PM CDT
MAY 15 2017...........SUNRISE   544 AM CDT   SUNSET   835 PM CDT


-  INDICATES NEGATIVE NUMBERS.
R  INDICATES RECORD WAS SET OR TIED.
MM INDICATES DATA IS MISSING.
T  INDICATES TRACE AMOUNT.




$$
