000
CDUS43 KMPX 130037
CLIMSP


CLIMATE REPORT
NATIONAL WEATHER SERVICE CHANHASSEN MN
636 PM CST SUN NOV 12 2017


...................................

...THE TWIN CITIES MN CLIMATE SUMMARY FOR NOVEMBER 12 2017...
VALID TODAY AS OF 0600 PM LOCAL TIME.

CLIMATE NORMAL PERIOD 1981 TO 2010
CLIMATE RECORD PERIOD 1871 TO 2017


WEATHER ITEM   OBSERVED TIME   RECORD YEAR NORMAL DEPARTURE LAST
                VALUE   (LST)  VALUE       VALUE  FROM      YEAR
                                                  NORMAL
..................................................................
TEMPERATURE (F)
 TODAY
  MAXIMUM         36    352 PM  65    2001  43     -7       54
  MINIMUM         24    618 AM  -4    1966  28     -4       34
  AVERAGE         30                        36     -6       44

PRECIPITATION (IN)
  TODAY            0.00          0.90 1965   0.06  -0.06     0.00
  MONTH TO DATE    0.22                      0.72  -0.50     0.00
  SINCE SEP 1      5.75                      6.23  -0.48     8.88
  SINCE JAN 1     31.40                     28.40   3.00    35.20

SNOWFALL (IN)
  TODAY            0.0           8.5  1940   0.2   -0.2      0.0
  MONTH TO DATE    0.6                       2.4   -1.8      0.0
  SINCE SEP 1      0.7                       3.0   -2.3       T
  SINCE JUL 1      0.7                       3.0   -2.3       T
  SNOW DEPTH       0

DEGREE DAYS
 HEATING
  TODAY           35                        29      6       21
  MONTH TO DATE  409                       314     95      153
  SINCE SEP 1    891                       975    -84      572
  SINCE JUL 1    898                       994    -96      575

 COOLING
  TODAY            0                         0      0        0
  MONTH TO DATE    0                         0      0        0
  SINCE SEP 1    142                        72     70       93
  SINCE JAN 1    830                       753     77      964
..................................................................


WIND (MPH)
  HIGHEST WIND SPEED    12   HIGHEST WIND DIRECTION     N (350)
  HIGHEST GUST SPEED    18   HIGHEST GUST DIRECTION     N (20)
  AVERAGE WIND SPEED     6.5


SKY COVER
  POSSIBLE SUNSHINE  MM
  AVERAGE SKY COVER 0.3


WEATHER CONDITIONS
 THE FOLLOWING WEATHER WAS RECORDED TODAY.
  NO SIGNIFICANT WEATHER WAS OBSERVED.


RELATIVE HUMIDITY (PERCENT)
 HIGHEST    92           100 AM
 LOWEST     70           200 PM
 AVERAGE    81

..........................................................


THE TWIN CITIES MN CLIMATE NORMALS FOR TOMORROW
                         NORMAL    RECORD    YEAR
 MAXIMUM TEMPERATURE (F)   43        71      1999
 MINIMUM TEMPERATURE (F)   28         0      1986


SUNRISE AND SUNSET
NOVEMBER 12 2017......SUNRISE   707 AM CST   SUNSET   447 PM CST
NOVEMBER 13 2017......SUNRISE   708 AM CST   SUNSET   446 PM CST


-  INDICATES NEGATIVE NUMBERS.
R  INDICATES RECORD WAS SET OR TIED.
MM INDICATES DATA IS MISSING.
T  INDICATES TRACE AMOUNT.




$$
