000
CDUS43 KMPX 200021
CLIMSP


CLIMATE REPORT
NATIONAL WEATHER SERVICE CHANHASSEN MN
721 PM CDT TUE APR 19 2016


...................................

...THE TWIN CITIES MN CLIMATE SUMMARY FOR APRIL 19 2016...
VALID TODAY AS OF 0700 PM LOCAL TIME.

CLIMATE NORMAL PERIOD 1981 TO 2010
CLIMATE RECORD PERIOD 1871 TO 2016


WEATHER ITEM   OBSERVED TIME   RECORD YEAR NORMAL DEPARTURE LAST
                VALUE   (LST)  VALUE       VALUE  FROM      YEAR
                                                  NORMAL
..................................................................
TEMPERATURE (F)
 TODAY
  MAXIMUM         59    241 PM  87    1985  60     -1       60
  MINIMUM         48    152 AM  19    1928  39      9       45
  AVERAGE         54                        49      5       53

PRECIPITATION (IN)
  TODAY            0.08          1.28 1871   0.09  -0.01     0.14
  MONTH TO DATE    0.42                      1.55  -1.13     2.03
  SINCE MAR 1      2.68                      3.44  -0.76     2.70
  SINCE JAN 1      4.08                      5.11  -1.03     3.39

SNOWFALL (IN)
  TODAY            0.0           1.2  1982   0.0    0.0      0.0
  MONTH TO DATE    0.5                       1.8   -1.3      0.3
  SINCE MAR 1      5.9                      12.1   -6.2      7.1
  SINCE JUL 1     36.7                      53.8  -17.1     32.4
  SNOW DEPTH       0

DEGREE DAYS
 HEATING
  TODAY           11                        16     -5       12
  MONTH TO DATE  357                       385    -28      271
  SINCE MAR 1   1085                      1383   -298     1177
  SINCE JUL 1   5950                      7173  -1223     7142

 COOLING
  TODAY            0                         0      0        0
  MONTH TO DATE    8                         0      8        0
  SINCE MAR 1      8                         0      8        0
  SINCE JAN 1      8                         0      8        0
..................................................................


WIND (MPH)
  HIGHEST WIND SPEED    18   HIGHEST WIND DIRECTION    SE (120)
  HIGHEST GUST SPEED    23   HIGHEST GUST DIRECTION     E (110)
  AVERAGE WIND SPEED    11.9


SKY COVER
  POSSIBLE SUNSHINE  MM
  AVERAGE SKY COVER 1.0


WEATHER CONDITIONS
 THE FOLLOWING WEATHER WAS RECORDED TODAY.
  RAIN
  LIGHT RAIN


RELATIVE HUMIDITY (PERCENT)
 HIGHEST    93           100 AM
 LOWEST     67           100 PM
 AVERAGE    80

..........................................................


THE TWIN CITIES MN CLIMATE NORMALS FOR TOMORROW
                         NORMAL    RECORD    YEAR
 MAXIMUM TEMPERATURE (F)   60        83      1980
 MINIMUM TEMPERATURE (F)   39        21      2013


SUNRISE AND SUNSET
APRIL 19 2016.........SUNRISE   621 AM CDT   SUNSET   804 PM CDT
APRIL 20 2016.........SUNRISE   619 AM CDT   SUNSET   805 PM CDT


-  INDICATES NEGATIVE NUMBERS.
R  INDICATES RECORD WAS SET OR TIED.
MM INDICATES DATA IS MISSING.
T  INDICATES TRACE AMOUNT.




$$
