000
CDUS43 KMPX 101034
CLIMSP


CLIMATE REPORT
NATIONAL WEATHER SERVICE CHANHASSEN MN
433 AM CST TUE JAN 10 2017


...................................

...THE TWIN CITIES MN CLIMATE SUMMARY FOR JANUARY 9 2017...

CLIMATE NORMAL PERIOD 1981 TO 2010
CLIMATE RECORD PERIOD 1871 TO 2017


WEATHER ITEM   OBSERVED TIME   RECORD YEAR NORMAL DEPARTURE LAST
                VALUE   (LST)  VALUE       VALUE  FROM      YEAR
                                                  NORMAL
..................................................................
TEMPERATURE (F)
 YESTERDAY
  MAXIMUM         27   1159 PM  49    2012  23      4       22
                                      2002
  MINIMUM         17    148 AM -32    1977   7     10       -6
  AVERAGE         22                        15      7        8

PRECIPITATION (IN)
  YESTERDAY        0.07          0.31 1924   0.03   0.04      T
  MONTH TO DATE    0.09                      0.29  -0.20     0.17
  SINCE DEC 1      2.23                      1.45   0.78     2.49
  SINCE JAN 1      0.09                      0.29  -0.20     0.17

SNOWFALL (IN)
  YESTERDAY        0.7           3.8  1924   0.4    0.3       T
  MONTH TO DATE    0.7                       3.5   -2.8      2.0
  SINCE DEC 1     16.5                      15.4    1.1     11.5
  SINCE JUL 1     18.8                      25.3   -6.5     16.6
  SNOW DEPTH       T

DEGREE DAYS
 HEATING
  YESTERDAY       43                        50     -7       57
  MONTH TO DATE  483                       443     40      373
  SINCE DEC 1   1841                      1847     -6     1444
  SINCE JUL 1   2885                      3466   -581     2619

 COOLING
  YESTERDAY        0                         0      0        0
  MONTH TO DATE    0                         0      0        0
  SINCE DEC 1      0                         0      0        0
  SINCE JAN 1      0                         0      0        0
..................................................................


WIND (MPH)
  HIGHEST WIND SPEED    22   HIGHEST WIND DIRECTION    SE (130)
  HIGHEST GUST SPEED    28   HIGHEST GUST DIRECTION    SE (120)
  AVERAGE WIND SPEED     8.4


SKY COVER
  POSSIBLE SUNSHINE  MM
  AVERAGE SKY COVER 1.0


WEATHER CONDITIONS
 THE FOLLOWING WEATHER WAS RECORDED YESTERDAY.
  SNOW
  LIGHT SNOW
  FOG
  HAZE


RELATIVE HUMIDITY (PERCENT)
 HIGHEST    84           300 PM
 LOWEST     71          1200 PM
 AVERAGE    78

..........................................................


THE TWIN CITIES MN CLIMATE NORMALS FOR TODAY
                         NORMAL    RECORD    YEAR
 MAXIMUM TEMPERATURE (F)   23        52      2012
 MINIMUM TEMPERATURE (F)    7       -30      1886


SUNRISE AND SUNSET
JANUARY 10 2017.......SUNRISE   749 AM CST   SUNSET   452 PM CST
JANUARY 11 2017.......SUNRISE   749 AM CST   SUNSET   453 PM CST


-  INDICATES NEGATIVE NUMBERS.
R  INDICATES RECORD WAS SET OR TIED.
MM INDICATES DATA IS MISSING.
T  INDICATES TRACE AMOUNT.




$$
