000
CDUS43 KMPX 240633
CLIMSP


CLIMATE REPORT
NATIONAL WEATHER SERVICE CHANHASSEN MN
1229 AM CST TUE FEB 24 2015


...................................

...THE TWIN CITIES MN CLIMATE SUMMARY FOR FEBRUARY 23 2015...

CLIMATE NORMAL PERIOD 1981 TO 2010
CLIMATE RECORD PERIOD 1871 TO 2015


WEATHER ITEM   OBSERVED TIME   RECORD YEAR NORMAL DEPARTURE LAST
                VALUE   (LST)  VALUE       VALUE  FROM      YEAR
                                                  NORMAL
..................................................................
TEMPERATURE (F)
 YESTERDAY
  MAXIMUM         23   1159 PM  59    1958  32     -9       17
  MINIMUM        -11    710 AM -25    1889  16    -27        1
  AVERAGE          6                        24    -18        9

PRECIPITATION (IN)
  YESTERDAY        0.00          0.63 1977   0.03  -0.03     0.00
                                      1909
  MONTH TO DATE    0.32                      0.58  -0.26     1.36
  SINCE DEC 1      1.52                      2.64  -1.12     4.24
  SINCE JAN 1      0.66                      1.48  -0.82     2.78

SNOWFALL (IN)
  YESTERDAY        0.0           6.3  1909   0.4   -0.4      0.0
  MONTH TO DATE    4.6                       6.2   -1.6     17.3
  SINCE DEC 1     15.6                      30.3  -14.7     55.9
  SINCE JUL 1     25.0                      40.2  -15.2     57.0
  SNOW DEPTH       1

DEGREE DAYS
 HEATING
  YESTERDAY       59                        41     18       56
  MONTH TO DATE 1228                      1037    191     1251
  SINCE DEC 1   3899                      3972    -73     4635
  SINCE JUL 1   5692                      5591    101     6136

 COOLING
  YESTERDAY        0                         0      0        0
  MONTH TO DATE    0                         0      0        0
  SINCE DEC 1      0                         0      0        0
  SINCE JAN 1      0                         0      0        0
..................................................................


WIND (MPH)
  HIGHEST WIND SPEED    23   HIGHEST WIND DIRECTION    SW (220)
  HIGHEST GUST SPEED    34   HIGHEST GUST DIRECTION    SW (210)
  AVERAGE WIND SPEED    11.4


SKY COVER
  POSSIBLE SUNSHINE  MM
  AVERAGE SKY COVER 0.4


WEATHER CONDITIONS
 THE FOLLOWING WEATHER WAS RECORDED YESTERDAY.
  HAZE


RELATIVE HUMIDITY (PERCENT)
 HIGHEST    78           700 AM
 LOWEST     39           400 PM
 AVERAGE    59

..........................................................


THE TWIN CITIES MN CLIMATE NORMALS FOR TODAY
                         NORMAL    RECORD    YEAR
 MAXIMUM TEMPERATURE (F)   32        59      1880
 MINIMUM TEMPERATURE (F)   16       -20      1967


SUNRISE AND SUNSET
FEBRUARY 24 2015......SUNRISE   659 AM CST   SUNSET   553 PM CST
FEBRUARY 25 2015......SUNRISE   658 AM CST   SUNSET   555 PM CST


-  INDICATES NEGATIVE NUMBERS.
R  INDICATES RECORD WAS SET OR TIED.
MM INDICATES DATA IS MISSING.
T  INDICATES TRACE AMOUNT.




$$
