000
CDUS43 KMPX 230732
CLIMSP


CLIMATE REPORT
NATIONAL WEATHER SERVICE CHANHASSEN MN
231 AM CDT FRI SEP 23 2016


...................................

...THE TWIN CITIES MN CLIMATE SUMMARY FOR SEPTEMBER 22 2016...

CLIMATE NORMAL PERIOD 1981 TO 2010
CLIMATE RECORD PERIOD 1871 TO 2016


WEATHER ITEM   OBSERVED TIME   RECORD YEAR NORMAL DEPARTURE LAST
                VALUE   (LST)  VALUE       VALUE  FROM      YEAR
                                                  NORMAL
..................................................................
TEMPERATURE (F)
 YESTERDAY
  MAXIMUM         73    106 PM  95    1936  69      4       74
  MINIMUM         61   1159 PM  26    1974  49     12       64
  AVERAGE         67                        59      8       69

PRECIPITATION (IN)
  YESTERDAY        0.08          2.80 1895   0.11  -0.03      T
  MONTH TO DATE    4.57                      2.29   2.28     4.34
  SINCE SEP 1      4.57                      2.29   2.28     4.34
  SINCE JAN 1     30.89                     24.46   6.43    26.38

SNOWFALL (IN)
  YESTERDAY        0.0           0.0    MM   0.0    0.0      0.0
  MONTH TO DATE    0.0                       0.0    0.0      0.0
  SINCE SEP 1      0.0                       0.0    0.0      0.0
  SINCE JUL 1      0.0                       0.0    0.0      0.0
  SNOW DEPTH       0

DEGREE DAYS
 HEATING
  YESTERDAY        0                         7     -7        0
  MONTH TO DATE   10                        86    -76       38
  SINCE SEP 1     10                        86    -76       38
  SINCE JUL 1     13                       105    -92       53

 COOLING
  YESTERDAY        2                         1      1        4
  MONTH TO DATE   87                        59     28      130
  SINCE SEP 1     87                        59     28      130
  SINCE JAN 1    958                       740    218      779
..................................................................


WIND (MPH)
  HIGHEST WIND SPEED    22   HIGHEST WIND DIRECTION    SE (150)
  HIGHEST GUST SPEED    28   HIGHEST GUST DIRECTION    SE (120)
  AVERAGE WIND SPEED    10.1


SKY COVER
  POSSIBLE SUNSHINE  MM
  AVERAGE SKY COVER 0.9


WEATHER CONDITIONS
 THE FOLLOWING WEATHER WAS RECORDED YESTERDAY.
  HEAVY RAIN
  RAIN
  LIGHT RAIN
  FOG


RELATIVE HUMIDITY (PERCENT)
 HIGHEST    87           200 AM
 LOWEST     73           100 PM
 AVERAGE    80

..........................................................


THE TWIN CITIES MN CLIMATE NORMALS FOR TODAY
                         NORMAL    RECORD    YEAR
 MAXIMUM TEMPERATURE (F)   69        90      1937
                                             1891
 MINIMUM TEMPERATURE (F)   49        30      1983


SUNRISE AND SUNSET
SEPTEMBER 23 2016.....SUNRISE   702 AM CDT   SUNSET   707 PM CDT
SEPTEMBER 24 2016.....SUNRISE   703 AM CDT   SUNSET   706 PM CDT


-  INDICATES NEGATIVE NUMBERS.
R  INDICATES RECORD WAS SET OR TIED.
MM INDICATES DATA IS MISSING.
T  INDICATES TRACE AMOUNT.




$$
