000
CDUS43 KMPX 210656
CLIMSP


CLIMATE REPORT
NATIONAL WEATHER SERVICE CHANHASSEN MN
1254 AM CST WED JAN 21 2015


...................................

...THE TWIN CITIES MN CLIMATE SUMMARY FOR JANUARY 20 2015...

CLIMATE NORMAL PERIOD 1981 TO 2010
CLIMATE RECORD PERIOD 1871 TO 2015


WEATHER ITEM   OBSERVED TIME   RECORD YEAR NORMAL DEPARTURE LAST
                VALUE   (LST)  VALUE       VALUE  FROM      YEAR
                                                  NORMAL
..................................................................
TEMPERATURE (F)
 YESTERDAY
  MAXIMUM         32    147 AM  52    1908  24      8       31
  MINIMUM         28   1159 PM -32    1888   7     21       -3
  AVERAGE         30                        15     15       14

PRECIPITATION (IN)
  YESTERDAY        0.05          0.80 1982   0.02   0.03     0.01
  MONTH TO DATE    0.30                      0.60  -0.30     0.67
  SINCE DEC 1      1.16                      1.76  -0.60     2.13
  SINCE JAN 1      0.30                      0.60  -0.30     0.67

SNOWFALL (IN)
  YESTERDAY        0.8          17.1  1982   0.4    0.4      0.2
  MONTH TO DATE    5.2                       8.0   -2.8     10.5
  SINCE DEC 1     10.8                      19.9   -9.1     26.4
  SINCE JUL 1     20.2                      29.8   -9.6     27.5
  SNOW DEPTH       2

DEGREE DAYS
 HEATING
  YESTERDAY       35                        50    -15       51
  MONTH TO DATE 1018                       994     24     1080
  SINCE DEC 1   2271                      2398   -127     2702
  SINCE JUL 1   4064                      4017     47     4203

 COOLING
  YESTERDAY        0                         0      0        0
  MONTH TO DATE    0                         0      0        0
  SINCE DEC 1      0                         0      0        0
  SINCE JAN 1      0                         0      0        0
..................................................................


WIND (MPH)
  HIGHEST WIND SPEED    12   HIGHEST WIND DIRECTION     E (70)
  HIGHEST GUST SPEED    17   HIGHEST GUST DIRECTION    NE (50)
  AVERAGE WIND SPEED     7.0


SKY COVER
  POSSIBLE SUNSHINE  MM
  AVERAGE SKY COVER 0.9


WEATHER CONDITIONS
 THE FOLLOWING WEATHER WAS RECORDED YESTERDAY.
  LIGHT RAIN
  LIGHT SNOW
  FOG
  HAZE


RELATIVE HUMIDITY (PERCENT)
 HIGHEST    92           200 AM
 LOWEST     78          1000 AM
 AVERAGE    85

..........................................................


THE TWIN CITIES MN CLIMATE NORMALS FOR TODAY
                         NORMAL    RECORD    YEAR
 MAXIMUM TEMPERATURE (F)   24        48      1900
 MINIMUM TEMPERATURE (F)    7       -41      1888


SUNRISE AND SUNSET
JANUARY 21 2015.......SUNRISE   743 AM CST   SUNSET   505 PM CST
JANUARY 22 2015.......SUNRISE   742 AM CST   SUNSET   507 PM CST


-  INDICATES NEGATIVE NUMBERS.
R  INDICATES RECORD WAS SET OR TIED.
MM INDICATES DATA IS MISSING.
T  INDICATES TRACE AMOUNT.




$$
