000
CDUS43 KMPX 140628
CLIMSP


CLIMATE REPORT
NATIONAL WEATHER SERVICE CHANHASSEN MN
1227 AM CST SAT JAN 14 2017


...................................

...THE TWIN CITIES MN CLIMATE SUMMARY FOR JANUARY 13 2017...

CLIMATE NORMAL PERIOD 1981 TO 2010
CLIMATE RECORD PERIOD 1871 TO 2017


WEATHER ITEM   OBSERVED TIME   RECORD YEAR NORMAL DEPARTURE LAST
                VALUE   (LST)  VALUE       VALUE  FROM      YEAR
                                                  NORMAL
..................................................................
TEMPERATURE (F)
 YESTERDAY
  MAXIMUM          9   1156 PM  48    1987  23    -14       23
                                      1980
                                      1891
  MINIMUM         -7    404 AM -30    1916   7    -14       -7
  AVERAGE          1                        15    -14        8

PRECIPITATION (IN)
  YESTERDAY        0.00          0.37 1887   0.03  -0.03     0.01
  MONTH TO DATE    0.44                      0.41   0.03     0.20
  SINCE DEC 1      2.58                      1.57   1.01     2.52
  SINCE JAN 1      0.44                      0.41   0.03     0.20

SNOWFALL (IN)
  YESTERDAY        0.0           6.0  1967   0.4   -0.4      0.1
  MONTH TO DATE    5.0                       5.2   -0.2      2.6
  SINCE DEC 1     20.8                      17.1    3.7     12.1
  SINCE JUL 1     23.1                      27.0   -3.9     17.2
  SNOW DEPTH       4

DEGREE DAYS
 HEATING
  YESTERDAY       64                        50     14       57
  MONTH TO DATE  715                       643     72      633
  SINCE DEC 1   2073                      2047     26     1704
  SINCE JUL 1   3117                      3666   -549     2879

 COOLING
  YESTERDAY        0                         0      0        0
  MONTH TO DATE    0                         0      0        0
  SINCE DEC 1      0                         0      0        0
  SINCE JAN 1      0                         0      0        0
..................................................................


WIND (MPH)
  HIGHEST WIND SPEED    10   HIGHEST WIND DIRECTION    SE (150)
  HIGHEST GUST SPEED    13   HIGHEST GUST DIRECTION    NW (320)
  AVERAGE WIND SPEED     5.3


SKY COVER
  POSSIBLE SUNSHINE  MM
  AVERAGE SKY COVER 0.8


WEATHER CONDITIONS
 THE FOLLOWING WEATHER WAS RECORDED YESTERDAY.
  HAZE


RELATIVE HUMIDITY (PERCENT)
 HIGHEST    71           100 AM
 LOWEST     56           200 PM
 AVERAGE    64

..........................................................


THE TWIN CITIES MN CLIMATE NORMALS FOR TODAY
                         NORMAL    RECORD    YEAR
 MAXIMUM TEMPERATURE (F)   23        49      1944
 MINIMUM TEMPERATURE (F)    7       -26      1972
                                             1963


SUNRISE AND SUNSET
JANUARY 14 2017.......SUNRISE   747 AM CST   SUNSET   457 PM CST
JANUARY 15 2017.......SUNRISE   747 AM CST   SUNSET   458 PM CST


-  INDICATES NEGATIVE NUMBERS.
R  INDICATES RECORD WAS SET OR TIED.
MM INDICATES DATA IS MISSING.
T  INDICATES TRACE AMOUNT.




$$
