000
CDUS43 KMPX 250630
CLIMSP


CLIMATE REPORT
NATIONAL WEATHER SERVICE CHANHASSEN MN
1229 AM CST SUN JAN 25 2015


...................................

...THE TWIN CITIES MN CLIMATE SUMMARY FOR JANUARY 24 2015...

CLIMATE NORMAL PERIOD 1981 TO 2010
CLIMATE RECORD PERIOD 1871 TO 2015


WEATHER ITEM   OBSERVED TIME   RECORD YEAR NORMAL DEPARTURE LAST
                VALUE   (LST)  VALUE       VALUE  FROM      YEAR
                                                  NORMAL
..................................................................
TEMPERATURE (F)
 YESTERDAY
  MAXIMUM         42    239 PM  57    1981  24     18       33
  MINIMUM         29    849 AM -33    1904   7     22        2
  AVERAGE         36                        16     20       18

PRECIPITATION (IN)
  YESTERDAY        T             1.21 1967   0.03  -0.03     0.08
  MONTH TO DATE    0.31                      0.72  -0.41     0.78
  SINCE DEC 1      1.17                      1.88  -0.71     2.24
  SINCE JAN 1      0.31                      0.72  -0.41     0.78

SNOWFALL (IN)
  YESTERDAY        0.0           6.0  1972   0.4   -0.4      1.3
  MONTH TO DATE    5.3                       9.6   -4.3     12.9
  SINCE DEC 1     10.9                      21.5  -10.6     28.8
  SINCE JUL 1     20.3                      31.4  -11.1     29.9
  SNOW DEPTH       2

DEGREE DAYS
 HEATING
  YESTERDAY       29                        49    -20       47
  MONTH TO DATE 1156                      1192    -36     1332
  SINCE DEC 1   2409                      2596   -187     2954
  SINCE JUL 1   4202                      4215    -13     4455

 COOLING
  YESTERDAY        0                         0      0        0
  MONTH TO DATE    0                         0      0        0
  SINCE DEC 1      0                         0      0        0
  SINCE JAN 1      0                         0      0        0
..................................................................


WIND (MPH)
  HIGHEST WIND SPEED    15   HIGHEST WIND DIRECTION    NE (50)
  HIGHEST GUST SPEED    19   HIGHEST GUST DIRECTION    NE (50)
  AVERAGE WIND SPEED     4.9


SKY COVER
  POSSIBLE SUNSHINE  MM
  AVERAGE SKY COVER 0.7


WEATHER CONDITIONS
 THE FOLLOWING WEATHER WAS RECORDED YESTERDAY.
  FOG


RELATIVE HUMIDITY (PERCENT)
 HIGHEST    92           100 AM
 LOWEST     65           200 PM
 AVERAGE    79

..........................................................


THE TWIN CITIES MN CLIMATE NORMALS FOR TODAY
                         NORMAL    RECORD    YEAR
 MAXIMUM TEMPERATURE (F)   24        58      1944
 MINIMUM TEMPERATURE (F)    7       -31      1904


SUNRISE AND SUNSET
JANUARY 25 2015.......SUNRISE   740 AM CST   SUNSET   511 PM CST
JANUARY 26 2015.......SUNRISE   739 AM CST   SUNSET   512 PM CST


-  INDICATES NEGATIVE NUMBERS.
R  INDICATES RECORD WAS SET OR TIED.
MM INDICATES DATA IS MISSING.
T  INDICATES TRACE AMOUNT.




$$
