000
CDUS43 KMPX 180635
CLIMSP


CLIMATE REPORT
NATIONAL WEATHER SERVICE CHANHASSEN MN
135 AM CDT SUN SEP 18 2016


...................................

...THE TWIN CITIES MN CLIMATE SUMMARY FOR SEPTEMBER 17 2016...

CLIMATE NORMAL PERIOD 1981 TO 2010
CLIMATE RECORD PERIOD 1871 TO 2016


WEATHER ITEM   OBSERVED TIME   RECORD YEAR NORMAL DEPARTURE LAST
                VALUE   (LST)  VALUE       VALUE  FROM      YEAR
                                                  NORMAL
..................................................................
TEMPERATURE (F)
 YESTERDAY
  MAXIMUM         72    443 PM  96    1895  71      1       78
  MINIMUM         59   1159 PM  34    1943  52      7       60
                                      1875
  AVERAGE         66                        62      4       69

PRECIPITATION (IN)
  YESTERDAY        0.00          2.37 2015   0.10  -0.10     2.37
  MONTH TO DATE    2.57                      1.79   0.78     3.86
  SINCE SEP 1      2.57                      1.79   0.78     3.86
  SINCE JAN 1     28.89                     23.96   4.93    25.90

SNOWFALL (IN)
  YESTERDAY        0.0           0.0    MM   0.0    0.0      0.0
  MONTH TO DATE    0.0                       0.0    0.0      0.0
  SINCE SEP 1      0.0                       0.0    0.0      0.0
  SINCE JUL 1      0.0                       0.0    0.0      0.0
  SNOW DEPTH       0

DEGREE DAYS
 HEATING
  YESTERDAY        0                         5     -5        0
  MONTH TO DATE   10                        54    -44       20
  SINCE SEP 1     10                        54    -44       20
  SINCE JUL 1     13                        73    -60       35

 COOLING
  YESTERDAY        1                         2     -1        4
  MONTH TO DATE   69                        52     17      123
  SINCE SEP 1     69                        52     17      123
  SINCE JAN 1    940                       733    207      772
..................................................................


WIND (MPH)
  HIGHEST WIND SPEED    16   HIGHEST WIND DIRECTION     W (270)
  HIGHEST GUST SPEED    22   HIGHEST GUST DIRECTION    NW (300)
  AVERAGE WIND SPEED     7.0


SKY COVER
  POSSIBLE SUNSHINE  MM
  AVERAGE SKY COVER 0.5


WEATHER CONDITIONS
 THE FOLLOWING WEATHER WAS RECORDED YESTERDAY.
  NO SIGNIFICANT WEATHER WAS OBSERVED.


RELATIVE HUMIDITY (PERCENT)
 HIGHEST    90           900 AM
 LOWEST     44           500 PM
 AVERAGE    67

..........................................................


THE TWIN CITIES MN CLIMATE NORMALS FOR TODAY
                         NORMAL    RECORD    YEAR
 MAXIMUM TEMPERATURE (F)   71        93      1891
 MINIMUM TEMPERATURE (F)   51        32      1929


SUNRISE AND SUNSET
SEPTEMBER 18 2016.....SUNRISE   656 AM CDT   SUNSET   717 PM CDT
SEPTEMBER 19 2016.....SUNRISE   657 AM CDT   SUNSET   715 PM CDT


-  INDICATES NEGATIVE NUMBERS.
R  INDICATES RECORD WAS SET OR TIED.
MM INDICATES DATA IS MISSING.
T  INDICATES TRACE AMOUNT.




$$
