000
CDUS43 KMPX 130802
CLIMSP


CLIMATE REPORT
NATIONAL WEATHER SERVICE CHANHASSEN MN
201 AM CST MON FEB 13 2017


...................................

...THE TWIN CITIES MN CLIMATE SUMMARY FOR FEBRUARY 12 2017...

CLIMATE NORMAL PERIOD 1981 TO 2010
CLIMATE RECORD PERIOD 1871 TO 2017


WEATHER ITEM   OBSERVED TIME   RECORD YEAR NORMAL DEPARTURE LAST
                VALUE   (LST)  VALUE       VALUE  FROM      YEAR
                                                  NORMAL
..................................................................
TEMPERATURE (F)
 YESTERDAY
  MAXIMUM         40    349 PM  59    1990  28     12       15
  MINIMUM         29    819 AM -30    1875  12     17        0
  AVERAGE         35                        20     15        8

PRECIPITATION (IN)
  YESTERDAY        T             0.42 1984   0.03  -0.03     0.00
  MONTH TO DATE    0.03                      0.28  -0.25     0.61
  SINCE DEC 1      3.15                      2.34   0.81     3.24
  SINCE JAN 1      1.01                      1.18  -0.17     0.92

SNOWFALL (IN)
  YESTERDAY        0.0           3.2  1940   0.3   -0.3      0.0
                                      1965
  MONTH TO DATE    0.3                       3.2   -2.9     11.0
  SINCE DEC 1     24.5                      27.3   -2.8     24.6
  SINCE JUL 1     26.8                      37.2  -10.4     29.7
  SNOW DEPTH       0

DEGREE DAYS
 HEATING
  YESTERDAY       30                        45    -15       57
  MONTH TO DATE  505                       562    -57      560
  SINCE DEC 1   3223                      3497   -274     3094
  SINCE JUL 1   4267                      5116   -849     4269

 COOLING
  YESTERDAY        0                         0      0        0
  MONTH TO DATE    0                         0      0        0
  SINCE DEC 1      0                         0      0        0
  SINCE JAN 1      0                         0      0        0
..................................................................


WIND (MPH)
  HIGHEST WIND SPEED    29   HIGHEST WIND DIRECTION    NW (320)
  HIGHEST GUST SPEED    40   HIGHEST GUST DIRECTION    NW (310)
  AVERAGE WIND SPEED    13.7


SKY COVER
  POSSIBLE SUNSHINE  MM
  AVERAGE SKY COVER 0.2


WEATHER CONDITIONS
 THE FOLLOWING WEATHER WAS RECORDED YESTERDAY.
  LIGHT RAIN


RELATIVE HUMIDITY (PERCENT)
 HIGHEST    92          1200 AM
 LOWEST     37           200 PM
 AVERAGE    65

..........................................................


THE TWIN CITIES MN CLIMATE NORMALS FOR TODAY
                         NORMAL    RECORD    YEAR
 MAXIMUM TEMPERATURE (F)   28        51      1890
 MINIMUM TEMPERATURE (F)   12       -23      1905


SUNRISE AND SUNSET
FEBRUARY 13 2017......SUNRISE   716 AM CST   SUNSET   539 PM CST
FEBRUARY 14 2017......SUNRISE   715 AM CST   SUNSET   540 PM CST


-  INDICATES NEGATIVE NUMBERS.
R  INDICATES RECORD WAS SET OR TIED.
MM INDICATES DATA IS MISSING.
T  INDICATES TRACE AMOUNT.




$$
