868
CDUS43 KMPX 250629
CLIMSP


CLIMATE REPORT
NATIONAL WEATHER SERVICE CHANHASSEN MN
129 AM CDT MON JUL 25 2016


...................................

...THE TWIN CITIES MN CLIMATE SUMMARY FOR JULY 24 2016...

CLIMATE NORMAL PERIOD 1981 TO 2010
CLIMATE RECORD PERIOD 1871 TO 2016


WEATHER ITEM   OBSERVED TIME   RECORD YEAR NORMAL DEPARTURE LAST
                VALUE   (LST)  VALUE       VALUE  FROM      YEAR
                                                  NORMAL
..................................................................
TEMPERATURE (F)
 YESTERDAY
  MAXIMUM         85    250 PM 104    1941  83      2       88
  MINIMUM         72   1156 PM  49    1891  64      8       68
  AVERAGE         79                        74      5       78

PRECIPITATION (IN)
  YESTERDAY        T             1.69 2012   0.14  -0.14     0.23
  MONTH TO DATE    4.61                      3.09   1.52     6.03
  SINCE JUN 1      9.10                      7.34   1.76    10.43
  SINCE JAN 1     18.02                     16.92   1.10    17.76

SNOWFALL (IN)
  YESTERDAY        0.0           0.0    MM   0.0    0.0      0.0
  MONTH TO DATE    0.0                       0.0    0.0      0.0
  SINCE JUN 1      0.0                       0.0    0.0      0.0
  SINCE JUL 1      0.0                       0.0    0.0      0.0
  SNOW DEPTH       0

DEGREE DAYS
 HEATING
  YESTERDAY        0                         0      0        0
  MONTH TO DATE    1                         0      1        2
  SINCE JUN 1      8                        44    -36        9
  SINCE JUL 1      1                         0      1        2

 COOLING
  YESTERDAY       14                         9      5       13
  MONTH TO DATE  255                       214     41      186
  SINCE JUN 1    458                       372     86      342
  SINCE JAN 1    534                       414    120      369
..................................................................


WIND (MPH)
  HIGHEST WIND SPEED    21   HIGHEST WIND DIRECTION     W (260)
  HIGHEST GUST SPEED    27   HIGHEST GUST DIRECTION     W (290)
  AVERAGE WIND SPEED    10.3


SKY COVER
  POSSIBLE SUNSHINE  MM
  AVERAGE SKY COVER 0.6


WEATHER CONDITIONS
 THE FOLLOWING WEATHER WAS RECORDED YESTERDAY.
  THUNDERSTORM
  LIGHT RAIN


RELATIVE HUMIDITY (PERCENT)
 HIGHEST    88           300 AM
 LOWEST     44           400 PM
 AVERAGE    66

..........................................................


THE TWIN CITIES MN CLIMATE NORMALS FOR TODAY
                         NORMAL    RECORD    YEAR
 MAXIMUM TEMPERATURE (F)   83        99      1999
                                             1941
 MINIMUM TEMPERATURE (F)   64        50      1891


SUNRISE AND SUNSET
JULY 25 2016..........SUNRISE   551 AM CDT   SUNSET   847 PM CDT
JULY 26 2016..........SUNRISE   553 AM CDT   SUNSET   846 PM CDT


-  INDICATES NEGATIVE NUMBERS.
R  INDICATES RECORD WAS SET OR TIED.
MM INDICATES DATA IS MISSING.
T  INDICATES TRACE AMOUNT.




$$
