000
CDUS43 KMPX 170631
CLIMSP


CLIMATE REPORT
NATIONAL WEATHER SERVICE CHANHASSEN MN
1231 AM CST MON NOV 17 2014


...................................

...THE TWIN CITIES MN CLIMATE SUMMARY FOR NOVEMBER 16 2014...

CLIMATE NORMAL PERIOD 1981 TO 2010
CLIMATE RECORD PERIOD 1871 TO 2014


WEATHER ITEM   OBSERVED TIME   RECORD YEAR NORMAL DEPARTURE LAST
                VALUE   (LST)  VALUE       VALUE  FROM      YEAR
                                                  NORMAL
..................................................................
TEMPERATURE (F)
 YESTERDAY
  MAXIMUM         22   1255 AM  68    1953  41    -19       50
                                      1931
  MINIMUM          7    903 AM  -2    1933  26    -19       41
  AVERAGE         15                        33    -18       46

PRECIPITATION (IN)
  YESTERDAY        0.01          1.27 1996   0.06  -0.05     0.11
  MONTH TO DATE    0.54                      0.97  -0.43     0.51
  SINCE SEP 1      3.21                      6.48  -3.27     4.86
  SINCE JAN 1     34.21                     28.65   5.56    31.30

SNOWFALL (IN)
  YESTERDAY        0.3          10.5  1909   0.3    0.0      0.0
  MONTH TO DATE    5.0                       3.7    1.3      1.1
  SINCE SEP 1      5.0                       4.3    0.7      1.1
  SINCE JUL 1      5.0                       4.3    0.7      1.1
  SNOW DEPTH       4

DEGREE DAYS
 HEATING
  YESTERDAY       50                        32     18       19
  MONTH TO DATE  545                       437    108      426
  SINCE SEP 1   1152                      1098     54      971
  SINCE JUL 1   1159                      1117     42      979

 COOLING
  YESTERDAY        0                         0      0        0
  MONTH TO DATE    0                         0      0        0
  SINCE SEP 1     63                        72     -9      134
  SINCE JAN 1    759                       753      6      983
..................................................................


WIND (MPH)
  HIGHEST WIND SPEED    18   HIGHEST WIND DIRECTION     W (290)
  HIGHEST GUST SPEED    24   HIGHEST GUST DIRECTION     W (290)
  AVERAGE WIND SPEED    10.6


SKY COVER
  POSSIBLE SUNSHINE  MM
  AVERAGE SKY COVER 0.5


WEATHER CONDITIONS
 THE FOLLOWING WEATHER WAS RECORDED YESTERDAY.
  LIGHT SNOW
  FOG
  HAZE


RELATIVE HUMIDITY (PERCENT)
 HIGHEST    92          1200 AM
 LOWEST     61           200 PM
 AVERAGE    77

..........................................................


THE TWIN CITIES MN CLIMATE NORMALS FOR TODAY
                         NORMAL    RECORD    YEAR
 MAXIMUM TEMPERATURE (F)   40        71      1953
 MINIMUM TEMPERATURE (F)   26        -5      1880


SUNRISE AND SUNSET
NOVEMBER 17 2014......SUNRISE   713 AM CST   SUNSET   442 PM CST
NOVEMBER 18 2014......SUNRISE   714 AM CST   SUNSET   441 PM CST


-  INDICATES NEGATIVE NUMBERS.
R  INDICATES RECORD WAS SET OR TIED.
MM INDICATES DATA IS MISSING.
T  INDICATES TRACE AMOUNT.




$$
