000
CDUS43 KMPX 290635
CLIMSP


CLIMATE REPORT
NATIONAL WEATHER SERVICE CHANHASSEN MN
1233 AM CST TUE NOV 29 2016


...................................

...THE TWIN CITIES MN CLIMATE SUMMARY FOR NOVEMBER 28 2016...

CLIMATE NORMAL PERIOD 1981 TO 2010
CLIMATE RECORD PERIOD 1871 TO 2016


WEATHER ITEM   OBSERVED TIME   RECORD YEAR NORMAL DEPARTURE LAST
                VALUE   (LST)  VALUE       VALUE  FROM      YEAR
                                                  NORMAL
..................................................................
TEMPERATURE (F)
 YESTERDAY
  MAXIMUM         55   1037 AM  58    1941  34     21       30
  MINIMUM         38   1159 PM -21    1887  19     19       14
  AVERAGE         47                        27     20       22

PRECIPITATION (IN)
  YESTERDAY        0.97          1.08 1987   0.06   0.91     0.00
  MONTH TO DATE    2.92                      1.67   1.25     4.11
  SINCE SEP 1     11.80                      7.18   4.62    11.37
  SINCE JAN 1     38.12                     29.35   8.77    33.41

SNOWFALL (IN)
  YESTERDAY        T             7.5  1905   0.4   -0.4      0.0
  MONTH TO DATE    2.3                       8.4   -6.1      1.3
  SINCE SEP 1      2.3                       9.0   -6.7      1.3
  SINCE JUL 1      2.3                       9.0   -6.7      1.3
  SNOW DEPTH       0

DEGREE DAYS
 HEATING
  YESTERDAY       18                        38    -20       43
  MONTH TO DATE  567                       861   -294      632
  SINCE SEP 1    986                      1522   -536     1089
  SINCE JUL 1    989                      1541   -552     1104

 COOLING
  YESTERDAY        0                         0      0        0
  MONTH TO DATE    0                         0      0        0
  SINCE SEP 1     93                        72     21      160
  SINCE JAN 1    964                       753    211      809
..................................................................


WIND (MPH)
  HIGHEST WIND SPEED    31   HIGHEST WIND DIRECTION     S (160)
  HIGHEST GUST SPEED    44   HIGHEST GUST DIRECTION     S (170)
  AVERAGE WIND SPEED    14.7


SKY COVER
  POSSIBLE SUNSHINE  MM
  AVERAGE SKY COVER 0.9


WEATHER CONDITIONS
 THE FOLLOWING WEATHER WAS RECORDED YESTERDAY.
  THUNDERSTORM
  HEAVY RAIN
  RAIN
  LIGHT RAIN
  HAIL
  FOG


RELATIVE HUMIDITY (PERCENT)
 HIGHEST    93           300 AM
 LOWEST     70           700 PM
 AVERAGE    82

..........................................................


THE TWIN CITIES MN CLIMATE NORMALS FOR TODAY
                         NORMAL    RECORD    YEAR
 MAXIMUM TEMPERATURE (F)   33        62      1998
 MINIMUM TEMPERATURE (F)   19       -25      1875


SUNRISE AND SUNSET
NOVEMBER 29 2016......SUNRISE   729 AM CST   SUNSET   434 PM CST
NOVEMBER 30 2016......SUNRISE   730 AM CST   SUNSET   433 PM CST


-  INDICATES NEGATIVE NUMBERS.
R  INDICATES RECORD WAS SET OR TIED.
MM INDICATES DATA IS MISSING.
T  INDICATES TRACE AMOUNT.




$$
