000
CDUS43 KMPX 140708
CLIMSP


CLIMATE REPORT
NATIONAL WEATHER SERVICE CHANHASSEN MN
208 AM CDT THU SEP 14 2017


...................................

...THE TWIN CITIES MN CLIMATE SUMMARY FOR SEPTEMBER 13 2017...

CLIMATE NORMAL PERIOD 1981 TO 2010
CLIMATE RECORD PERIOD 1871 TO 2017


WEATHER ITEM   OBSERVED TIME   RECORD YEAR NORMAL DEPARTURE LAST
                VALUE   (LST)  VALUE       VALUE  FROM      YEAR
                                                  NORMAL
..................................................................
TEMPERATURE (F)
 YESTERDAY
  MAXIMUM         87    245 PM  95    1939  73     14       66
  MINIMUM         64    537 AM  33    1890  54     10       56
  AVERAGE         76                        63     13       61

PRECIPITATION (IN)
  YESTERDAY        0.00          1.29 1921   0.10  -0.10      T
  MONTH TO DATE    0.07                      1.40  -1.33     1.66
  SINCE SEP 1      0.07                      1.40  -1.33     1.66
  SINCE JAN 1     25.72                     23.57   2.15    27.98

SNOWFALL (IN)
  YESTERDAY        0.0           0.0    MM   0.0    0.0      0.0
  MONTH TO DATE    0.0                       0.0    0.0      0.0
  SINCE SEP 1      0.0                       0.0    0.0      0.0
  SINCE JUL 1      0.0                       0.0    0.0      0.0
  SNOW DEPTH       0

DEGREE DAYS
 HEATING
  YESTERDAY        0                         4     -4        4
  MONTH TO DATE   22                        35    -13        4
  SINCE SEP 1     22                        35    -13        4
  SINCE JUL 1     29                        54    -25        7

 COOLING
  YESTERDAY       11                         2      9        0
  MONTH TO DATE   49                        44      5       61
  SINCE SEP 1     49                        44      5       61
  SINCE JAN 1    737                       725     12      932
..................................................................


WIND (MPH)
  HIGHEST WIND SPEED    15   HIGHEST WIND DIRECTION     S (180)
  HIGHEST GUST SPEED    20   HIGHEST GUST DIRECTION     S (190)
  AVERAGE WIND SPEED     7.8


SKY COVER
  POSSIBLE SUNSHINE  MM
  AVERAGE SKY COVER 0.2


WEATHER CONDITIONS
 THE FOLLOWING WEATHER WAS RECORDED YESTERDAY.
  NO SIGNIFICANT WEATHER WAS OBSERVED.


RELATIVE HUMIDITY (PERCENT)
 HIGHEST    93           200 AM
 LOWEST     48           100 PM
 AVERAGE    71

..........................................................


THE TWIN CITIES MN CLIMATE NORMALS FOR TODAY
                         NORMAL    RECORD    YEAR
 MAXIMUM TEMPERATURE (F)   73        98      1939
 MINIMUM TEMPERATURE (F)   53        33      1996


SUNRISE AND SUNSET
SEPTEMBER 14 2017.....SUNRISE   651 AM CDT   SUNSET   725 PM CDT
SEPTEMBER 15 2017.....SUNRISE   652 AM CDT   SUNSET   723 PM CDT


-  INDICATES NEGATIVE NUMBERS.
R  INDICATES RECORD WAS SET OR TIED.
MM INDICATES DATA IS MISSING.
T  INDICATES TRACE AMOUNT.




$$
