000
CDUS43 KMPX 120715
CLIMSP


CLIMATE REPORT
NATIONAL WEATHER SERVICE CHANHASSEN MN
114 AM CST MON FEB 12 2018


...................................

...THE TWIN CITIES MN CLIMATE SUMMARY FOR FEBRUARY 11 2018...

CLIMATE NORMAL PERIOD 1981 TO 2010
CLIMATE RECORD PERIOD 1871 TO 2018


WEATHER ITEM   OBSERVED TIME   RECORD YEAR NORMAL DEPARTURE LAST
                VALUE   (LST)  VALUE       VALUE  FROM      YEAR
                                                  NORMAL
..................................................................
TEMPERATURE (F)
 YESTERDAY
  MAXIMUM         21    448 PM  57    1882  28     -7       43
  MINIMUM         -2    741 AM -31    1899  11    -13       36
  AVERAGE         10                        19     -9       40

PRECIPITATION (IN)
  YESTERDAY        0.00          0.28 1965   0.02  -0.02     0.02
                                      1940
  MONTH TO DATE    0.18                      0.25  -0.07     0.03
  SINCE DEC 1      2.52                      2.31   0.21     3.15
  SINCE JAN 1      1.73                      1.15   0.58     1.01

SNOWFALL (IN)
  YESTERDAY        0.0           4.1  1979   0.2   -0.2      0.0
  MONTH TO DATE    3.2                       2.9    0.3      0.3
  SINCE DEC 1     30.0                      27.0    3.0     24.5
  SINCE JUL 1     30.7                      36.9   -6.2     26.8
  SNOW DEPTH       5

DEGREE DAYS
 HEATING
  YESTERDAY       55                        46      9       25
  MONTH TO DATE  645                       517    128      475
  SINCE DEC 1   3559                      3452    107     3193
  SINCE JUL 1   4969                      5071   -102     4237

 COOLING
  YESTERDAY        0                         0      0        0
  MONTH TO DATE    0                         0      0        0
  SINCE DEC 1      0                         0      0        0
  SINCE JAN 1      0                         0      0        0
..................................................................


WIND (MPH)
  HIGHEST WIND SPEED    18   HIGHEST WIND DIRECTION    NW (310)
  HIGHEST GUST SPEED    23   HIGHEST GUST DIRECTION    NW (320)
  AVERAGE WIND SPEED     9.6


SKY COVER
  POSSIBLE SUNSHINE  MM
  AVERAGE SKY COVER 0.1


WEATHER CONDITIONS
 THE FOLLOWING WEATHER WAS RECORDED YESTERDAY.
  NO SIGNIFICANT WEATHER WAS OBSERVED.


RELATIVE HUMIDITY (PERCENT)
 HIGHEST    83           200 AM
 LOWEST     52           400 PM
 AVERAGE    68

..........................................................


THE TWIN CITIES MN CLIMATE NORMALS FOR TODAY
                         NORMAL    RECORD    YEAR
 MAXIMUM TEMPERATURE (F)   28        59      1990
 MINIMUM TEMPERATURE (F)   12       -30      1875


SUNRISE AND SUNSET
FEBRUARY 12 2018......SUNRISE   718 AM CST   SUNSET   537 PM CST
FEBRUARY 13 2018......SUNRISE   716 AM CST   SUNSET   538 PM CST


-  INDICATES NEGATIVE NUMBERS.
R  INDICATES RECORD WAS SET OR TIED.
MM INDICATES DATA IS MISSING.
T  INDICATES TRACE AMOUNT.




$$
