000
CDUS43 KMPX 171328
CLIMSP

CLIMATE REPORT
NATIONAL WEATHER SERVICE CHANHASSEN MN
252 AM CDT THU JUL 17 2014...COR FOR DAILY SNOWFALL AND DEPTH


...................................

...THE TWIN CITIES MN CLIMATE SUMMARY FOR JULY 16 2014...

CLIMATE NORMAL PERIOD 1981 TO 2010
CLIMATE RECORD PERIOD 1871 TO 2014


WEATHER ITEM   OBSERVED TIME   RECORD YEAR NORMAL DEPARTURE LAST
                VALUE   (LST)  VALUE       VALUE  FROM      YEAR
                                                  NORMAL
..................................................................
TEMPERATURE (F)
 YESTERDAY
  MAXIMUM         77    353 PM 102    1926  84     -7       92
  MINIMUM         55    528 AM  51    1958  65    -10       76
                                      1911
  AVERAGE         66                        74     -8       84

PRECIPITATION (IN)
  YESTERDAY        0.00          1.28 1908   0.13  -0.13     0.00
  MONTH TO DATE    1.82                      2.06  -0.24     3.16
  SINCE JUN 1     13.18                      6.31   6.87     8.33
  SINCE JAN 1     27.65                     15.89  11.76    24.02

SNOWFALL (IN)
  YESTERDAY        0.0           0.0    MM   0.0   MM        0.0
  MONTH TO DATE    0.0                       0.0    0.0      0.0
  SINCE JUN 1      0.0                       0.0    0.0       T
  SINCE JUL 1      0.0                       0.0    0.0      0.0
  SNOW DEPTH       0

DEGREE DAYS
 HEATING
  YESTERDAY        0                         0      0        0
  MONTH TO DATE    7                         0      7        0
  SINCE JUN 1     28                        44    -16       42
  SINCE JUL 1      7                         0      7        0

 COOLING
  YESTERDAY        1                         9     -8       19
  MONTH TO DATE   84                       142    -58      204
  SINCE JUN 1    246                       300    -54      368
  SINCE JAN 1    298                       342    -44      421
..................................................................


WIND (MPH)
  HIGHEST WIND SPEED    13   HIGHEST WIND DIRECTION     N (360)
  HIGHEST GUST SPEED    19   HIGHEST GUST DIRECTION     N (20)
  AVERAGE WIND SPEED     2.5


SKY COVER
  POSSIBLE SUNSHINE  MM
  AVERAGE SKY COVER 0.4


WEATHER CONDITIONS
 THE FOLLOWING WEATHER WAS RECORDED YESTERDAY.
  NO SIGNIFICANT WEATHER WAS OBSERVED.


RELATIVE HUMIDITY (PERCENT)
 HIGHEST    86          1200 AM
 LOWEST     35           700 PM
 AVERAGE    61

..........................................................


THE TWIN CITIES MN CLIMATE NORMALS FOR TODAY
                         NORMAL    RECORD    YEAR
 MAXIMUM TEMPERATURE (F)   84        99      1936
 MINIMUM TEMPERATURE (F)   64        52      1976
                                             1937


SUNRISE AND SUNSET
JULY 17 2014..........SUNRISE   543 AM CDT   SUNSET   855 PM CDT
JULY 18 2014..........SUNRISE   544 AM CDT   SUNSET   854 PM CDT


-  INDICATES NEGATIVE NUMBERS.
R  INDICATES RECORD WAS SET OR TIED.
MM INDICATES DATA IS MISSING.
T  INDICATES TRACE AMOUNT.




$$
