000
CDUS43 KMPX 060028
CLIMSP


CLIMATE REPORT
NATIONAL WEATHER SERVICE CHANHASSEN MN
628 PM CST TUE DEC 5 2017


...................................

...THE TWIN CITIES MN CLIMATE SUMMARY FOR DECEMBER 5 2017...
VALID TODAY AS OF 0600 PM LOCAL TIME.

CLIMATE NORMAL PERIOD 1981 TO 2010
CLIMATE RECORD PERIOD 1871 TO 2017


WEATHER ITEM   OBSERVED TIME   RECORD YEAR NORMAL DEPARTURE LAST
                VALUE   (LST)  VALUE       VALUE  FROM      YEAR
                                                  NORMAL
..................................................................
TEMPERATURE (F)
 TODAY
  MAXIMUM         27   1218 AM  63    2001  30     -3       40
  MINIMUM         16    822 AM -14    1873  16      0       27
  AVERAGE         22                        23     -1       34

PRECIPITATION (IN)
  TODAY            0.01          0.81 1909   0.04  -0.03      T
  MONTH TO DATE    0.38                      0.22   0.16     0.13
  SINCE DEC 1      0.38                      0.22   0.16     0.13
  SINCE JAN 1     31.95                     29.67   2.28    38.31

SNOWFALL (IN)
  TODAY            0.1           7.0  1909   0.4   -0.3      0.0
  MONTH TO DATE    2.2                       2.0    0.2      2.4
  SINCE DEC 1      2.2                       2.0    0.2      2.4
  SINCE JUL 1      2.9                      11.9   -9.0      4.7
  SNOW DEPTH       2

DEGREE DAYS
 HEATING
  TODAY           43                        42      1       31
  MONTH TO DATE  142                       204    -62      157
  SINCE DEC 1    142                       204    -62      157
  SINCE JUL 1   1552                      1823   -271     1201

 COOLING
  TODAY            0                         0      0        0
  MONTH TO DATE    0                         0      0        0
  SINCE DEC 1      0                         0      0        0
  SINCE JAN 1    830                       753     77      964
..................................................................


WIND (MPH)
  HIGHEST WIND SPEED    32   HIGHEST WIND DIRECTION     W (290)
  HIGHEST GUST SPEED    44   HIGHEST GUST DIRECTION     W (280)
  AVERAGE WIND SPEED    22.3


SKY COVER
  POSSIBLE SUNSHINE  MM
  AVERAGE SKY COVER 0.7


WEATHER CONDITIONS
 THE FOLLOWING WEATHER WAS RECORDED TODAY.
  LIGHT SNOW
  FOG
  HAZE
  BLOWING SNOW


RELATIVE HUMIDITY (PERCENT)
 HIGHEST   100          1200 AM
 LOWEST     62           400 PM
 AVERAGE    81

..........................................................


THE TWIN CITIES MN CLIMATE NORMALS FOR TOMORROW
                         NORMAL    RECORD    YEAR
 MAXIMUM TEMPERATURE (F)   30        63      1939
 MINIMUM TEMPERATURE (F)   16       -19      1972


SUNRISE AND SUNSET
DECEMBER  5 2017......SUNRISE   735 AM CST   SUNSET   432 PM CST
DECEMBER  6 2017......SUNRISE   736 AM CST   SUNSET   432 PM CST


-  INDICATES NEGATIVE NUMBERS.
R  INDICATES RECORD WAS SET OR TIED.
MM INDICATES DATA IS MISSING.
T  INDICATES TRACE AMOUNT.




$$
