000
CDUS43 KMPX 072124
CLIMSP


CLIMATE REPORT
NATIONAL WEATHER SERVICE CHANHASSEN MN
423 PM CDT MON AUG 7 2017


...................................

...THE TWIN CITIES MN CLIMATE SUMMARY FOR AUGUST 7 2017...
VALID TODAY AS OF 0400 PM LOCAL TIME.

CLIMATE NORMAL PERIOD 1981 TO 2010
CLIMATE RECORD PERIOD 1871 TO 2017


WEATHER ITEM   OBSERVED TIME   RECORD YEAR NORMAL DEPARTURE LAST
                VALUE   (LST)  VALUE       VALUE  FROM      YEAR
                                                  NORMAL
..................................................................
TEMPERATURE (F)
 TODAY
  MAXIMUM         81    259 PM  98    2001  82     -1       82
  MINIMUM         57    428 AM  45    1972  63     -6       63
  AVERAGE         69                        72     -3       73

PRECIPITATION (IN)
  TODAY            0.00          2.29 1984   0.15  -0.15     0.00
  MONTH TO DATE    0.67                      1.05  -0.38     1.13
  SINCE JUN 1      8.02                      9.34  -1.32    10.71
  SINCE JAN 1     19.57                     18.92   0.65    19.63

SNOWFALL (IN)
  TODAY            0.0           0.0    MM   0.0    0.0      0.0
  MONTH TO DATE    0.0                       0.0    0.0      0.0
  SINCE JUN 1      T                         0.0    0.0      0.0
  SINCE JUL 1      0.0                       0.0    0.0      0.0
  SNOW DEPTH       0

DEGREE DAYS
 HEATING
  TODAY            0                         0      0        0
  MONTH TO DATE    4                         0      4        0
  SINCE JUN 1     16                        49    -33        8
  SINCE JUL 1      4                         5     -1        1

 COOLING
  TODAY            4                         8     -4        8
  MONTH TO DATE   36                        56    -20       82
  SINCE JUN 1    574                       490     84      609
  SINCE JAN 1    595                       532     63      685
..................................................................


WIND (MPH)
  HIGHEST WIND SPEED     8   HIGHEST WIND DIRECTION    NW (320)
  HIGHEST GUST SPEED    14   HIGHEST GUST DIRECTION    NW (320)
  AVERAGE WIND SPEED     1.0


SKY COVER
  POSSIBLE SUNSHINE  MM
  AVERAGE SKY COVER 0.2


WEATHER CONDITIONS
 THE FOLLOWING WEATHER WAS RECORDED TODAY.
  FOG
  HAZE


RELATIVE HUMIDITY (PERCENT)
 HIGHEST    93           400 AM
 LOWEST     36           300 PM
 AVERAGE    65

..........................................................


THE TWIN CITIES MN CLIMATE NORMALS FOR TOMORROW
                         NORMAL    RECORD    YEAR
 MAXIMUM TEMPERATURE (F)   82        96      2010
                                             1914
                                             1894
 MINIMUM TEMPERATURE (F)   63        47      1888


SUNRISE AND SUNSET
AUGUST  7 2017........SUNRISE   606 AM CDT   SUNSET   831 PM CDT
AUGUST  8 2017........SUNRISE   607 AM CDT   SUNSET   829 PM CDT


-  INDICATES NEGATIVE NUMBERS.
R  INDICATES RECORD WAS SET OR TIED.
MM INDICATES DATA IS MISSING.
T  INDICATES TRACE AMOUNT.




$$
