237
CDUS43 KMPX 170736
CLIMSP


CLIMATE REPORT
NATIONAL WEATHER SERVICE CHANHASSEN MN
235 AM CDT FRI MAR 17 2017


...................................

...THE TWIN CITIES MN CLIMATE SUMMARY FOR MARCH 16 2017...

CLIMATE NORMAL PERIOD 1981 TO 2010
CLIMATE RECORD PERIOD 1871 TO 2017


WEATHER ITEM   OBSERVED TIME   RECORD YEAR NORMAL DEPARTURE LAST
                VALUE   (LST)  VALUE       VALUE  FROM      YEAR
                                                  NORMAL
..................................................................
TEMPERATURE (F)
 YESTERDAY
  MAXIMUM         40    237 PM  79    2012  41     -1       49
  MINIMUM         20    403 AM -10    1900  24     -4       40
  AVERAGE         30                        33     -3       45

PRECIPITATION (IN)
  YESTERDAY        T             0.80 1917   0.06  -0.06     0.05
  MONTH TO DATE    0.39                      0.86  -0.47     0.96
  SINCE MAR 1      0.39                      0.86  -0.47     0.96
  SINCE JAN 1      2.01                      2.53  -0.52     2.36

SNOWFALL (IN)
  YESTERDAY        0.0           9.0  1917   0.4   -0.4      0.0
  MONTH TO DATE    4.7                       6.4   -1.7      0.4
  SINCE MAR 1      4.7                       6.4   -1.7      0.4
  SINCE JUL 1     31.5                      48.1  -16.6     31.2
  SNOW DEPTH       2

DEGREE DAYS
 HEATING
  YESTERDAY       35                        32      3       20
  MONTH TO DATE  599                       570     29      359
  SINCE MAR 1    599                       570     29      359
  SINCE JUL 1   5300                      6360  -1060     5224

 COOLING
  YESTERDAY        0                         0      0        0
  MONTH TO DATE    0                         0      0        0
  SINCE MAR 1      0                         0      0        0
  SINCE JAN 1      0                         0      0        0
..................................................................


WIND (MPH)
  HIGHEST WIND SPEED    24   HIGHEST WIND DIRECTION    SE (140)
  HIGHEST GUST SPEED    33   HIGHEST GUST DIRECTION    SE (140)
  AVERAGE WIND SPEED    12.3


SKY COVER
  POSSIBLE SUNSHINE  MM
  AVERAGE SKY COVER 0.7


WEATHER CONDITIONS
 THE FOLLOWING WEATHER WAS RECORDED YESTERDAY.
  LIGHT RAIN


RELATIVE HUMIDITY (PERCENT)
 HIGHEST    73           300 AM
 LOWEST     44           100 PM
 AVERAGE    59

..........................................................


THE TWIN CITIES MN CLIMATE NORMALS FOR TODAY
                         NORMAL    RECORD    YEAR
 MAXIMUM TEMPERATURE (F)   42        80      2012
 MINIMUM TEMPERATURE (F)   25        -8      1941


SUNRISE AND SUNSET
MARCH 17 2017.........SUNRISE   721 AM CDT   SUNSET   722 PM CDT
MARCH 18 2017.........SUNRISE   719 AM CDT   SUNSET   723 PM CDT


-  INDICATES NEGATIVE NUMBERS.
R  INDICATES RECORD WAS SET OR TIED.
MM INDICATES DATA IS MISSING.
T  INDICATES TRACE AMOUNT.




$$
