000
CDUS43 KMPX 180736
CLIMSP


CLIMATE REPORT
NATIONAL WEATHER SERVICE CHANHASSEN MN
235 AM CDT SAT MAR 18 2017


...................................

...THE TWIN CITIES MN CLIMATE SUMMARY FOR MARCH 17 2017...

CLIMATE NORMAL PERIOD 1981 TO 2010
CLIMATE RECORD PERIOD 1871 TO 2017


WEATHER ITEM   OBSERVED TIME   RECORD YEAR NORMAL DEPARTURE LAST
                VALUE   (LST)  VALUE       VALUE  FROM      YEAR
                                                  NORMAL
..................................................................
TEMPERATURE (F)
 YESTERDAY
  MAXIMUM         43    126 PM  80    2012  42      1       42
  MINIMUM         29    619 AM  -8    1941  25      4       32
  AVERAGE         36                        33      3       37

PRECIPITATION (IN)
  YESTERDAY        0.00          0.89 1965   0.07  -0.07     0.01
  MONTH TO DATE    0.39                      0.93  -0.54     0.97
  SINCE MAR 1      0.39                      0.93  -0.54     0.97
  SINCE JAN 1      2.01                      2.60  -0.59     2.37

SNOWFALL (IN)
  YESTERDAY        0.0          11.2  1965   0.4   -0.4       T
  MONTH TO DATE    4.7                       6.8   -2.1      0.4
  SINCE MAR 1      4.7                       6.8   -2.1      0.4
  SINCE JUL 1     31.5                      48.5  -17.0     31.2
  SNOW DEPTH       T

DEGREE DAYS
 HEATING
  YESTERDAY       29                        32     -3       28
  MONTH TO DATE  628                       602     26      387
  SINCE MAR 1    628                       602     26      387
  SINCE JUL 1   5329                      6392  -1063     5252

 COOLING
  YESTERDAY        0                         0      0        0
  MONTH TO DATE    0                         0      0        0
  SINCE MAR 1      0                         0      0        0
  SINCE JAN 1      0                         0      0        0
..................................................................


WIND (MPH)
  HIGHEST WIND SPEED    29   HIGHEST WIND DIRECTION    NW (300)
  HIGHEST GUST SPEED    36   HIGHEST GUST DIRECTION    NW (300)
  AVERAGE WIND SPEED    12.8


SKY COVER
  POSSIBLE SUNSHINE  MM
  AVERAGE SKY COVER 0.8


WEATHER CONDITIONS
 THE FOLLOWING WEATHER WAS RECORDED YESTERDAY.
  HAZE


RELATIVE HUMIDITY (PERCENT)
 HIGHEST    78           600 AM
 LOWEST     62           200 PM
 AVERAGE    70

..........................................................


THE TWIN CITIES MN CLIMATE NORMALS FOR TODAY
                         NORMAL    RECORD    YEAR
 MAXIMUM TEMPERATURE (F)   42        79      2012
 MINIMUM TEMPERATURE (F)   25        -8      1923


SUNRISE AND SUNSET
MARCH 18 2017.........SUNRISE   719 AM CDT   SUNSET   723 PM CDT
MARCH 19 2017.........SUNRISE   717 AM CDT   SUNSET   724 PM CDT


-  INDICATES NEGATIVE NUMBERS.
R  INDICATES RECORD WAS SET OR TIED.
MM INDICATES DATA IS MISSING.
T  INDICATES TRACE AMOUNT.




$$
