000
CDUS43 KMPX 040640
CLIMSP


CLIMATE REPORT
NATIONAL WEATHER SERVICE CHANHASSEN MN
139 AM CDT FRI JUL 4 2014


...................................

...THE TWIN CITIES MN CLIMATE SUMMARY FOR JULY 3 2014...

CLIMATE NORMAL PERIOD 1981 TO 2010
CLIMATE RECORD PERIOD 1871 TO 2014


WEATHER ITEM   OBSERVED TIME   RECORD YEAR NORMAL DEPARTURE LAST
                VALUE   (LST)  VALUE       VALUE  FROM      YEAR
                                                  NORMAL
..................................................................
TEMPERATURE (F)
 YESTERDAY
  MAXIMUM         78    345 PM 100    1990  83     -5       84
                                      1949
  MINIMUM         58    359 AM  47    1967  64     -6       61
  AVERAGE         68                        73     -5       73

PRECIPITATION (IN)
  YESTERDAY        0.00          3.70 1879   0.13  -0.13     0.00
  MONTH TO DATE    0.16                      0.38  -0.22     0.00
  SINCE JUN 1     11.52                      4.63   6.89     5.17
  SINCE JAN 1     25.99                     14.21  11.78    20.86

SNOWFALL (IN)
  YESTERDAY        0.0           0.0    MM   0.0    0.0      0.0
  MONTH TO DATE    0.0                       0.0    0.0      0.0
  SINCE JUN 1      0.0                       0.0    0.0       T
  SINCE JUL 1      0.0                       0.0    0.0      0.0
  SNOW DEPTH       0

DEGREE DAYS
 HEATING
  YESTERDAY        0                         0      0        0
  MONTH TO DATE    1                         0      1        0
  SINCE JUN 1     22                        44    -22       42
  SINCE JUL 1      1                         0      1        0

 COOLING
  YESTERDAY        3                         9     -6        8
  MONTH TO DATE    3                        25    -22       24
  SINCE JUN 1    165                       183    -18      188
  SINCE JAN 1    217                       225     -8      241
..................................................................


WIND (MPH)
  HIGHEST WIND SPEED    14   HIGHEST WIND DIRECTION    NW (320)
  HIGHEST GUST SPEED    17   HIGHEST GUST DIRECTION     N (350)
  AVERAGE WIND SPEED     3.5


SKY COVER
  POSSIBLE SUNSHINE  MM
  AVERAGE SKY COVER 0.6


WEATHER CONDITIONS
 THE FOLLOWING WEATHER WAS RECORDED YESTERDAY.
  NO SIGNIFICANT WEATHER WAS OBSERVED.


RELATIVE HUMIDITY (PERCENT)
 HIGHEST    80           400 AM
 LOWEST     33           400 PM
 AVERAGE    57

..........................................................


THE TWIN CITIES MN CLIMATE NORMALS FOR TODAY
                         NORMAL    RECORD    YEAR
 MAXIMUM TEMPERATURE (F)   83       101      2012
 MINIMUM TEMPERATURE (F)   64        43      1972


SUNRISE AND SUNSET
JULY  4 2014..........SUNRISE   532 AM CDT   SUNSET   902 PM CDT
JULY  5 2014..........SUNRISE   533 AM CDT   SUNSET   902 PM CDT


-  INDICATES NEGATIVE NUMBERS.
R  INDICATES RECORD WAS SET OR TIED.
MM INDICATES DATA IS MISSING.
T  INDICATES TRACE AMOUNT.




$$
