269
CDUS43 KMPX 300635
CLIMSP


CLIMATE REPORT
NATIONAL WEATHER SERVICE CHANHASSEN MN
135 AM CDT SAT APR 30 2016


...................................

...THE TWIN CITIES MN CLIMATE SUMMARY FOR APRIL 29 2016...

CLIMATE NORMAL PERIOD 1981 TO 2010
CLIMATE RECORD PERIOD 1871 TO 2016


WEATHER ITEM   OBSERVED TIME   RECORD YEAR NORMAL DEPARTURE LAST
                VALUE   (LST)  VALUE       VALUE  FROM      YEAR
                                                  NORMAL
..................................................................
TEMPERATURE (F)
 YESTERDAY
  MAXIMUM         60    535 PM  92    1952  64     -4       68
  MINIMUM         34    332 AM  22    1958  43     -9       44
  AVERAGE         47                        54     -7       56

PRECIPITATION (IN)
  YESTERDAY        0.00          1.30 1991   0.11  -0.11     0.00
  MONTH TO DATE    2.84                      2.55   0.29     2.42
  SINCE MAR 1      5.10                      4.44   0.66     3.09
  SINCE JAN 1      6.50                      6.11   0.39     3.78

SNOWFALL (IN)
  YESTERDAY        0.0           6.6  1984   0.1   -0.1      0.0
  MONTH TO DATE    0.5                       2.4   -1.9      0.3
  SINCE MAR 1      5.9                      12.7   -6.8      7.1
  SINCE JUL 1     36.7                      54.4  -17.7     32.4
  SNOW DEPTH       0

DEGREE DAYS
 HEATING
  YESTERDAY       18                        12      6        9
  MONTH TO DATE  494                       520    -26      444
  SINCE MAR 1   1222                      1518   -296     1350
  SINCE JUL 1   6087                      7308  -1221     7315

 COOLING
  YESTERDAY        0                         0      0        0
  MONTH TO DATE    8                         0      8        0
  SINCE MAR 1      8                         0      8        0
  SINCE JAN 1      8                         0      8        0
..................................................................


WIND (MPH)
  HIGHEST WIND SPEED    16   HIGHEST WIND DIRECTION     N (10)
  HIGHEST GUST SPEED    20   HIGHEST GUST DIRECTION    NE (30)
  AVERAGE WIND SPEED     5.9


SKY COVER
  POSSIBLE SUNSHINE  MM
  AVERAGE SKY COVER 0.3


WEATHER CONDITIONS
 THE FOLLOWING WEATHER WAS RECORDED YESTERDAY.
  FOG


RELATIVE HUMIDITY (PERCENT)
 HIGHEST   100           400 AM
 LOWEST     36           500 PM
 AVERAGE    68

..........................................................


THE TWIN CITIES MN CLIMATE NORMALS FOR TODAY
                         NORMAL    RECORD    YEAR
 MAXIMUM TEMPERATURE (F)   65        91      1952
                                             1934
 MINIMUM TEMPERATURE (F)   44        24      1903


SUNRISE AND SUNSET
APRIL 30 2016.........SUNRISE   603 AM CDT   SUNSET   818 PM CDT
MAY  1 2016...........SUNRISE   602 AM CDT   SUNSET   819 PM CDT


-  INDICATES NEGATIVE NUMBERS.
R  INDICATES RECORD WAS SET OR TIED.
MM INDICATES DATA IS MISSING.
T  INDICATES TRACE AMOUNT.




$$
