000
CDUS43 KMPX 100125
CLIMSP


CLIMATE REPORT
NATIONAL WEATHER SERVICE CHANHASSEN MN
725 PM CST TUE JAN 9 2018


...................................

...THE TWIN CITIES MN CLIMATE SUMMARY FOR JANUARY 9 2018...
VALID TODAY AS OF 0700 PM LOCAL TIME.

CLIMATE NORMAL PERIOD 1981 TO 2010
CLIMATE RECORD PERIOD 1871 TO 2018


WEATHER ITEM   OBSERVED TIME   RECORD YEAR NORMAL DEPARTURE LAST
                VALUE   (LST)  VALUE       VALUE  FROM      YEAR
                                                  NORMAL
..................................................................
TEMPERATURE (F)
 TODAY
  MAXIMUM         42    316 PM  49    2012  23     19       27
                                      2002
  MINIMUM         26   1201 AM -32    1977   7     19       17
  AVERAGE         34                        15     19       22

PRECIPITATION (IN)
  TODAY            0.00          0.31 1924   0.03  -0.03     0.07
  MONTH TO DATE    T                         0.29  -0.29     0.09
  SINCE DEC 1      0.79                      1.45  -0.66     2.23
  SINCE JAN 1      T                         0.29  -0.29     0.09

SNOWFALL (IN)
  TODAY            0.0           3.8  1924   0.4   -0.4      0.7
  MONTH TO DATE    0.1                       3.5   -3.4      0.7
  SINCE DEC 1      6.5                      15.4   -8.9     16.5
  SINCE JUL 1      7.2                      25.3  -18.1     18.8
  SNOW DEPTH       1

DEGREE DAYS
 HEATING
  TODAY           31                        50    -19       43
  MONTH TO DATE  499                       443     56      483
  SINCE DEC 1   1922                      1847     75     1841
  SINCE JUL 1   3332                      3466   -134     2885

 COOLING
  TODAY            0                         0      0        0
  MONTH TO DATE    0                         0      0        0
  SINCE DEC 1      0                         0      0        0
  SINCE JAN 1      0                         0      0        0
..................................................................


WIND (MPH)
  HIGHEST WIND SPEED    21   HIGHEST WIND DIRECTION     S (170)
  HIGHEST GUST SPEED    26   HIGHEST GUST DIRECTION     S (170)
  AVERAGE WIND SPEED    11.4


SKY COVER
  POSSIBLE SUNSHINE  MM
  AVERAGE SKY COVER 0.7


WEATHER CONDITIONS
 THE FOLLOWING WEATHER WAS RECORDED TODAY.
  FOG


RELATIVE HUMIDITY (PERCENT)
 HIGHEST    92           400 AM
 LOWEST     62           100 PM
 AVERAGE    77

..........................................................


THE TWIN CITIES MN CLIMATE NORMALS FOR TOMORROW
                         NORMAL    RECORD    YEAR
 MAXIMUM TEMPERATURE (F)   23        52      2012
 MINIMUM TEMPERATURE (F)    7       -30      1886


SUNRISE AND SUNSET
JANUARY  9 2018.......SUNRISE   750 AM CST   SUNSET   451 PM CST
JANUARY 10 2018.......SUNRISE   749 AM CST   SUNSET   452 PM CST


-  INDICATES NEGATIVE NUMBERS.
R  INDICATES RECORD WAS SET OR TIED.
MM INDICATES DATA IS MISSING.
T  INDICATES TRACE AMOUNT.




$$
