000
CDUS43 KMPX 170709
CLIMSP


CLIMATE REPORT
NATIONAL WEATHER SERVICE CHANHASSEN MN
209 AM CDT WED MAY 17 2017


...................................

...THE TWIN CITIES MN CLIMATE SUMMARY FOR MAY 16 2017...

CLIMATE NORMAL PERIOD 1981 TO 2010
CLIMATE RECORD PERIOD 1871 TO 2017


WEATHER ITEM   OBSERVED TIME   RECORD YEAR NORMAL DEPARTURE LAST
                VALUE   (LST)  VALUE       VALUE  FROM      YEAR
                                                  NORMAL
..................................................................
TEMPERATURE (F)
 YESTERDAY
  MAXIMUM         84    538 PM  94    1934  69     15       66
  MINIMUM         61   1243 AM  31    1929  49     12       49
                                      1890
  AVERAGE         73                        59     14       58

PRECIPITATION (IN)
  YESTERDAY        0.35          1.10 1905   0.11   0.24     0.00
  MONTH TO DATE    1.16                      1.74  -0.58     1.25
  SINCE MAR 1      6.29                      6.29   0.00     6.35
  SINCE JAN 1      7.91                      7.96  -0.05     7.75

SNOWFALL (IN)
  YESTERDAY        0.0           T    1916   0.0    0.0      0.0
  MONTH TO DATE    T                         0.0    0.0      0.0
  SINCE MAR 1      5.2                      12.7   -7.5      5.9
  SINCE JUL 1     32.0                      54.4  -22.4     36.7
  SNOW DEPTH       0

DEGREE DAYS
 HEATING
  YESTERDAY        0                         7     -7        7
  MONTH TO DATE  102                       141    -39      154
  SINCE MAR 1   1485                      1669   -184     1391
  SINCE JUL 1   6186                      7459  -1273     6256

 COOLING
  YESTERDAY        8                         1      7        0
  MONTH TO DATE   15                        14      1       11
  SINCE MAR 1     15                        19     -4       19
  SINCE JAN 1     15                        19     -4       19
..................................................................


WIND (MPH)
  HIGHEST WIND SPEED    28   HIGHEST WIND DIRECTION    SE (120)
  HIGHEST GUST SPEED    34   HIGHEST GUST DIRECTION    SE (120)
  AVERAGE WIND SPEED    11.1


SKY COVER
  POSSIBLE SUNSHINE  MM
  AVERAGE SKY COVER 0.8


WEATHER CONDITIONS
 THE FOLLOWING WEATHER WAS RECORDED YESTERDAY.
  THUNDERSTORM
  LIGHT RAIN
  FOG


RELATIVE HUMIDITY (PERCENT)
 HIGHEST    87           600 AM
 LOWEST     47           600 PM
 AVERAGE    67

..........................................................


THE TWIN CITIES MN CLIMATE NORMALS FOR TODAY
                         NORMAL    RECORD    YEAR
 MAXIMUM TEMPERATURE (F)   70        93      1987
 MINIMUM TEMPERATURE (F)   49        31      1915


SUNRISE AND SUNSET
MAY 17 2017...........SUNRISE   542 AM CDT   SUNSET   838 PM CDT
MAY 18 2017...........SUNRISE   541 AM CDT   SUNSET   839 PM CDT


-  INDICATES NEGATIVE NUMBERS.
R  INDICATES RECORD WAS SET OR TIED.
MM INDICATES DATA IS MISSING.
T  INDICATES TRACE AMOUNT.




$$
