000
CDUS43 KMPX 172119
CLIMSP


CLIMATE REPORT
NATIONAL WEATHER SERVICE CHANHASSEN MN
419 PM CDT MON APR 17 2017


...................................

...THE TWIN CITIES MN CLIMATE SUMMARY FOR APRIL 17 2017...
VALID TODAY AS OF 0400 PM LOCAL TIME.

CLIMATE NORMAL PERIOD 1981 TO 2010
CLIMATE RECORD PERIOD 1871 TO 2017


WEATHER ITEM   OBSERVED TIME   RECORD YEAR NORMAL DEPARTURE LAST
                VALUE   (LST)  VALUE       VALUE  FROM      YEAR
                                                  NORMAL
..................................................................
TEMPERATURE (F)
 TODAY
  MAXIMUM         59    254 PM  85    1985  59      0       79
  MINIMUM         45    634 AM  10    1875  38      7       58
  AVERAGE         52                        48      4       69

PRECIPITATION (IN)
  TODAY            0.00          1.44 1975   0.09  -0.09     0.00
  MONTH TO DATE    1.78                      1.37   0.41     0.15
  SINCE MAR 1      2.46                      3.26  -0.80     2.41
  SINCE JAN 1      4.08                      4.93  -0.85     3.81

SNOWFALL (IN)
  TODAY            0.0           2.7  1939   0.1   -0.1      0.0
  MONTH TO DATE    0.5                       1.7   -1.2      0.5
  SINCE MAR 1      5.2                      12.0   -6.8      5.9
  SINCE JUL 1     32.0                      53.7  -21.7     36.7
  SNOW DEPTH       0

DEGREE DAYS
 HEATING
  TODAY           13                        17     -4        0
  MONTH TO DATE  225                       353   -128      346
  SINCE MAR 1   1180                      1351   -171     1074
  SINCE JUL 1   5881                      7141  -1260     5939

 COOLING
  TODAY            0                         0      0        4
  MONTH TO DATE    0                         0      0        8
  SINCE MAR 1      0                         0      0        8
  SINCE JAN 1      0                         0      0        8
..................................................................


WIND (MPH)
  HIGHEST WIND SPEED    15   HIGHEST WIND DIRECTION     N (10)
  HIGHEST GUST SPEED    23   HIGHEST GUST DIRECTION    NE (30)
  AVERAGE WIND SPEED     8.1


SKY COVER
  POSSIBLE SUNSHINE  MM
  AVERAGE SKY COVER 0.4


WEATHER CONDITIONS
 THE FOLLOWING WEATHER WAS RECORDED TODAY.
  NO SIGNIFICANT WEATHER WAS OBSERVED.


RELATIVE HUMIDITY (PERCENT)
 HIGHEST    61           300 AM
 LOWEST     33           300 PM
 AVERAGE    47

..........................................................


THE TWIN CITIES MN CLIMATE NORMALS FOR TOMORROW
                         NORMAL    RECORD    YEAR
 MAXIMUM TEMPERATURE (F)   59        89      1985
 MINIMUM TEMPERATURE (F)   38        21      1953


SUNRISE AND SUNSET
APRIL 17 2017.........SUNRISE   624 AM CDT   SUNSET   801 PM CDT
APRIL 18 2017.........SUNRISE   623 AM CDT   SUNSET   802 PM CDT


-  INDICATES NEGATIVE NUMBERS.
R  INDICATES RECORD WAS SET OR TIED.
MM INDICATES DATA IS MISSING.
T  INDICATES TRACE AMOUNT.




$$
