000
CDUS43 KMPX 132145
CLIMSP


CLIMATE REPORT
NATIONAL WEATHER SERVICE CHANHASSEN MN
444 PM CDT TUE SEP 13 2016


...................................

...THE TWIN CITIES MN CLIMATE SUMMARY FOR SEPTEMBER 13 2016...
VALID AS OF 0400 PM LOCAL TIME.

CLIMATE NORMAL PERIOD 1981 TO 2010
CLIMATE RECORD PERIOD 1871 TO 2016


WEATHER ITEM   OBSERVED TIME   RECORD YEAR NORMAL DEPARTURE LAST
                VALUE   (LST)  VALUE       VALUE  FROM      YEAR
                                                  NORMAL
..................................................................
TEMPERATURE (F)
 TODAY
  MAXIMUM         66    122 PM  95    1939  73     -7       75
  MINIMUM         56    641 AM  33    1890  54      2       52
  AVERAGE         61                        63     -2       64

PRECIPITATION (IN)
  TODAY            0.00          1.29 1921   0.10  -0.10     0.00
  MONTH TO DATE    1.66                      1.40   0.26     1.40
  SINCE SEP 1      1.66                      1.40   0.26     1.40
  SINCE JAN 1     27.98                     23.57   4.41    23.44

SNOWFALL (IN)
  TODAY            0.0           0.0    MM   0.0    0.0      0.0
  MONTH TO DATE    0.0                       0.0    0.0      0.0
  SINCE SEP 1      0.0                       0.0    0.0      0.0
  SINCE JUL 1      0.0                       0.0    0.0      0.0
  SNOW DEPTH       0

DEGREE DAYS
 HEATING
  TODAY            4                         4      0        1
  MONTH TO DATE    4                        35    -31       20
  SINCE SEP 1      4                        35    -31       20
  SINCE JUL 1      7                        54    -47       35

 COOLING
  TODAY            0                         2     -2        0
  MONTH TO DATE   61                        44     17       91
  SINCE SEP 1     61                        44     17       91
  SINCE JAN 1    932                       725    207      740
..................................................................


WIND (MPH)
  HIGHEST WIND SPEED    21   HIGHEST WIND DIRECTION     N (360)
  HIGHEST GUST SPEED    24   HIGHEST GUST DIRECTION     N (350)
  AVERAGE WIND SPEED    11.6


SKY COVER
  POSSIBLE SUNSHINE  MM
  AVERAGE SKY COVER 0.6


WEATHER CONDITIONS
 THE FOLLOWING WEATHER WAS RECORDED TODAY.
  NO SIGNIFICANT WEATHER WAS OBSERVED.


RELATIVE HUMIDITY (PERCENT)
 HIGHEST    83           600 AM
 LOWEST     48           100 PM
 AVERAGE    66

..........................................................


THE TWIN CITIES MN CLIMATE NORMALS FOR TOMORROW
                         NORMAL    RECORD    YEAR
 MAXIMUM TEMPERATURE (F)   73        98      1939
 MINIMUM TEMPERATURE (F)   53        33      1996


SUNRISE AND SUNSET
SEPTEMBER 13 2016.....SUNRISE   650 AM CDT   SUNSET   726 PM CDT
SEPTEMBER 14 2016.....SUNRISE   651 AM CDT   SUNSET   724 PM CDT


-  INDICATES NEGATIVE NUMBERS.
R  INDICATES RECORD WAS SET OR TIED.
MM INDICATES DATA IS MISSING.
T  INDICATES TRACE AMOUNT.




$$
