000
CDUS43 KMPX 150103
CLIMSP


CLIMATE REPORT
NATIONAL WEATHER SERVICE CHANHASSEN MN
802 PM CDT THU AUG 14 2014


...................................

...THE TWIN CITIES MN CLIMATE SUMMARY FOR AUGUST 14 2014...
VALID AS OF 0800 PM LOCAL TIME.

CLIMATE NORMAL PERIOD 1981 TO 2010
CLIMATE RECORD PERIOD 1871 TO 2014


WEATHER ITEM   OBSERVED TIME   RECORD YEAR NORMAL DEPARTURE LAST
                VALUE   (LST)  VALUE       VALUE  FROM      YEAR
                                                  NORMAL
..................................................................
TEMPERATURE (F)
 TODAY
  MAXIMUM         80    259 PM  96    1978  81     -1       78
  MINIMUM         59    548 AM  43    1964  62     -3       58
  AVERAGE         70                        72     -2       68

PRECIPITATION (IN)
  TODAY            0.00          1.00 1981   0.15  -0.15     0.00
  MONTH TO DATE    0.86                      2.05  -1.19     1.98
  SINCE JUN 1     14.49                     10.34   4.15    10.66
  SINCE JAN 1     28.96                     19.92   9.04    26.35

SNOWFALL (IN)
  TODAY            0.0           0.0    MM   0.0    0.0      0.0
  MONTH TO DATE    0.0                       0.0    0.0       T
  SINCE JUN 1      0.0                       0.0    0.0       T
  SINCE JUL 1      0.0                       0.0    0.0       T
  SNOW DEPTH       0

DEGREE DAYS
 HEATING
  TODAY            0                         0      0        0
  MONTH TO DATE    0                         0      0        0
  SINCE JUN 1     28                        49    -21       50
  SINCE JUL 1      7                         5      2        8

 COOLING
  TODAY            5                         7     -2        3
  MONTH TO DATE  120                       107     13       65
  SINCE JUN 1    499                       541    -42      551
  SINCE JAN 1    551                       583    -32      604
..................................................................


WIND (MPH)
  HIGHEST WIND SPEED    14   HIGHEST WIND DIRECTION    SE (120)
  HIGHEST GUST SPEED    21   HIGHEST GUST DIRECTION    SE (150)
  AVERAGE WIND SPEED     8.6


SKY COVER
  POSSIBLE SUNSHINE  MM
  AVERAGE SKY COVER 0.5


WEATHER CONDITIONS
 THE FOLLOWING WEATHER WAS RECORDED TODAY.
  HAZE


RELATIVE HUMIDITY (PERCENT)
 HIGHEST    72           400 AM
 LOWEST     40           100 PM
 AVERAGE    56

..........................................................


THE TWIN CITIES MN CLIMATE NORMALS FOR TOMORROW
                         NORMAL    RECORD    YEAR
 MAXIMUM TEMPERATURE (F)   81       103      1936
 MINIMUM TEMPERATURE (F)   62        47      1960


SUNRISE AND SUNSET
AUGUST 14 2014........SUNRISE   614 AM CDT   SUNSET   820 PM CDT
AUGUST 15 2014........SUNRISE   615 AM CDT   SUNSET   819 PM CDT


-  INDICATES NEGATIVE NUMBERS.
R  INDICATES RECORD WAS SET OR TIED.
MM INDICATES DATA IS MISSING.
T  INDICATES TRACE AMOUNT.




$$
