000
CDUS43 KMPX 080735
CLIMSP


CLIMATE REPORT
NATIONAL WEATHER SERVICE CHANHASSEN MN
234 AM CDT SUN OCT 8 2017


...................................

...THE TWIN CITIES MN CLIMATE SUMMARY FOR OCTOBER 7 2017...

CLIMATE NORMAL PERIOD 1981 TO 2010
CLIMATE RECORD PERIOD 1871 TO 2017


WEATHER ITEM   OBSERVED TIME   RECORD YEAR NORMAL DEPARTURE LAST
                VALUE   (LST)  VALUE       VALUE  FROM      YEAR
                                                  NORMAL
..................................................................
TEMPERATURE (F)
 YESTERDAY
  MAXIMUM         67    439 PM  85    2011  62      5       49
                                      2003
                                      1997
  MINIMUM         54    820 AM  25    1976  43     11       38
  AVERAGE         61                        53      8       44

PRECIPITATION (IN)
  YESTERDAY        0.17          0.98 1904   0.09   0.08     0.04
  MONTH TO DATE    3.20                      0.67   2.53     1.78
  SINCE SEP 1      4.24                      3.75   0.49     7.25
  SINCE JAN 1     29.89                     25.92   3.97    33.57

SNOWFALL (IN)
  YESTERDAY        0.0           T    1915   0.0    0.0      0.0
                                      1921
                                      1977
  MONTH TO DATE    0.0                       0.0    0.0      0.0
  SINCE SEP 1      0.0                       T      0.0       T
  SINCE JUL 1      0.0                       T      0.0       T
  SNOW DEPTH       0

DEGREE DAYS
 HEATING
  YESTERDAY        4                        13     -9       21
  MONTH TO DATE   46                        81    -35       40
  SINCE SEP 1    111                       235   -124       90
  SINCE JUL 1    118                       254   -136       93

 COOLING
  YESTERDAY        0                         0      0        0
  MONTH TO DATE    0                         3     -3        2
  SINCE SEP 1    141                        69     72       93
  SINCE JAN 1    829                       750     79      964
..................................................................


WIND (MPH)
  HIGHEST WIND SPEED    17   HIGHEST WIND DIRECTION    NW (320)
  HIGHEST GUST SPEED    24   HIGHEST GUST DIRECTION     N (10)
  AVERAGE WIND SPEED     7.8


SKY COVER
  POSSIBLE SUNSHINE  MM
  AVERAGE SKY COVER 0.7


WEATHER CONDITIONS
 THE FOLLOWING WEATHER WAS RECORDED YESTERDAY.
  LIGHT RAIN
  FOG


RELATIVE HUMIDITY (PERCENT)
 HIGHEST   100          1200 AM
 LOWEST     63           400 PM
 AVERAGE    82

..........................................................


THE TWIN CITIES MN CLIMATE NORMALS FOR TODAY
                         NORMAL    RECORD    YEAR
 MAXIMUM TEMPERATURE (F)   62        87      2010
 MINIMUM TEMPERATURE (F)   43        23      1876


SUNRISE AND SUNSET
OCTOBER  8 2017.......SUNRISE   720 AM CDT   SUNSET   640 PM CDT
OCTOBER  9 2017.......SUNRISE   721 AM CDT   SUNSET   638 PM CDT


-  INDICATES NEGATIVE NUMBERS.
R  INDICATES RECORD WAS SET OR TIED.
MM INDICATES DATA IS MISSING.
T  INDICATES TRACE AMOUNT.




$$
