000
CDUS43 KMPX 180123
CLIMSP


CLIMATE REPORT
NATIONAL WEATHER SERVICE CHANHASSEN MN
823 PM CDT SUN APR 17 2016


...................................

...THE TWIN CITIES MN CLIMATE SUMMARY FOR APRIL 17 2016...
VALID TODAY AS OF 0800 PM LOCAL TIME.

CLIMATE NORMAL PERIOD 1981 TO 2010
CLIMATE RECORD PERIOD 1871 TO 2016


WEATHER ITEM   OBSERVED TIME   RECORD YEAR NORMAL DEPARTURE LAST
                VALUE   (LST)  VALUE       VALUE  FROM      YEAR
                                                  NORMAL
..................................................................
TEMPERATURE (F)
 TODAY
  MAXIMUM         79    506 PM  85    1985  59     20       75
  MINIMUM         58    559 AM  10    1875  38     20       50
  AVERAGE         69                        48     21       63

PRECIPITATION (IN)
  TODAY            0.00          1.44 1975   0.09  -0.09     0.00
  MONTH TO DATE    0.15                      1.37  -1.22     1.82
  SINCE MAR 1      2.41                      3.26  -0.85     2.49
  SINCE JAN 1      3.81                      4.93  -1.12     3.18

SNOWFALL (IN)
  TODAY            0.0           2.7  1939   0.1   -0.1      0.0
  MONTH TO DATE    0.5                       1.7   -1.2      0.3
  SINCE MAR 1      5.9                      12.0   -6.1      7.1
  SINCE JUL 1     36.7                      53.7  -17.0     32.4
  SNOW DEPTH       0

DEGREE DAYS
 HEATING
  TODAY            0                        17    -17        2
  MONTH TO DATE  346                       353     -7      254
  SINCE MAR 1   1074                      1351   -277     1160
  SINCE JUL 1   5939                      7141  -1202     7125

 COOLING
  TODAY            4                         0      4        0
  MONTH TO DATE    8                         0      8        0
  SINCE MAR 1      8                         0      8        0
  SINCE JAN 1      8                         0      8        0
..................................................................


WIND (MPH)
  HIGHEST WIND SPEED    18   HIGHEST WIND DIRECTION     S (170)
  HIGHEST GUST SPEED    23   HIGHEST GUST DIRECTION    SE (150)
  AVERAGE WIND SPEED    11.0


SKY COVER
  POSSIBLE SUNSHINE  MM
  AVERAGE SKY COVER 0.5


WEATHER CONDITIONS
 THE FOLLOWING WEATHER WAS RECORDED TODAY.
  NO SIGNIFICANT WEATHER WAS OBSERVED.


RELATIVE HUMIDITY (PERCENT)
 HIGHEST    62           600 AM
 LOWEST     35           200 PM
 AVERAGE    49

..........................................................


THE TWIN CITIES MN CLIMATE NORMALS FOR TOMORROW
                         NORMAL    RECORD    YEAR
 MAXIMUM TEMPERATURE (F)   59        89      1985
 MINIMUM TEMPERATURE (F)   38        21      1953


SUNRISE AND SUNSET
APRIL 17 2016.........SUNRISE   624 AM CDT   SUNSET   801 PM CDT
APRIL 18 2016.........SUNRISE   622 AM CDT   SUNSET   803 PM CDT


-  INDICATES NEGATIVE NUMBERS.
R  INDICATES RECORD WAS SET OR TIED.
MM INDICATES DATA IS MISSING.
T  INDICATES TRACE AMOUNT.




$$
