000
CDUS43 KMPX 220625
CLIMSP


CLIMATE REPORT
NATIONAL WEATHER SERVICE CHANHASSEN MN
1225 AM CST SUN FEB 22 2015


...................................

...THE TWIN CITIES MN CLIMATE SUMMARY FOR FEBRUARY 21 2015...

CLIMATE NORMAL PERIOD 1981 TO 2010
CLIMATE RECORD PERIOD 1871 TO 2015


WEATHER ITEM   OBSERVED TIME   RECORD YEAR NORMAL DEPARTURE LAST
                VALUE   (LST)  VALUE       VALUE  FROM      YEAR
                                                  NORMAL
..................................................................
TEMPERATURE (F)
 YESTERDAY
  MAXIMUM         24    233 AM  59    1930  31     -7       16
  MINIMUM          0   1159 PM -21    1873  15    -15        6
  AVERAGE         12                        23    -11       11

PRECIPITATION (IN)
  YESTERDAY        0.01          0.82 1882   0.03  -0.02     0.06
  MONTH TO DATE    0.32                      0.51  -0.19     1.36
  SINCE DEC 1      1.52                      2.57  -1.05     4.24
  SINCE JAN 1      0.66                      1.41  -0.75     2.78

SNOWFALL (IN)
  YESTERDAY        0.1           5.5  1962   0.2   -0.1      1.5
  MONTH TO DATE    4.6                       5.5   -0.9     17.3
  SINCE DEC 1     15.6                      29.6  -14.0     55.9
  SINCE JUL 1     25.0                      39.5  -14.5     57.0
  SNOW DEPTH       1

DEGREE DAYS
 HEATING
  YESTERDAY       53                        42     11       54
  MONTH TO DATE 1100                       954    146     1139
  SINCE DEC 1   3771                      3889   -118     4523
  SINCE JUL 1   5564                      5508     56     6024

 COOLING
  YESTERDAY        0                         0      0        0
  MONTH TO DATE    0                         0      0        0
  SINCE DEC 1      0                         0      0        0
  SINCE JAN 1      0                         0      0        0
..................................................................


WIND (MPH)
  HIGHEST WIND SPEED    22   HIGHEST WIND DIRECTION    NW (320)
  HIGHEST GUST SPEED    27   HIGHEST GUST DIRECTION    NW (320)
  AVERAGE WIND SPEED    12.7


SKY COVER
  POSSIBLE SUNSHINE  MM
  AVERAGE SKY COVER 0.7


WEATHER CONDITIONS
 THE FOLLOWING WEATHER WAS RECORDED YESTERDAY.
  LIGHT SNOW
  HAZE


RELATIVE HUMIDITY (PERCENT)
 HIGHEST    84          1200 AM
 LOWEST     53           500 PM
 AVERAGE    69

..........................................................


THE TWIN CITIES MN CLIMATE NORMALS FOR TODAY
                         NORMAL    RECORD    YEAR
 MAXIMUM TEMPERATURE (F)   31        57      1930
 MINIMUM TEMPERATURE (F)   16       -22      1873


SUNRISE AND SUNSET
FEBRUARY 22 2015......SUNRISE   703 AM CST   SUNSET   551 PM CST
FEBRUARY 23 2015......SUNRISE   701 AM CST   SUNSET   552 PM CST


-  INDICATES NEGATIVE NUMBERS.
R  INDICATES RECORD WAS SET OR TIED.
MM INDICATES DATA IS MISSING.
T  INDICATES TRACE AMOUNT.




$$
