000
CDUS43 KMPX 160714
CLIMSP


CLIMATE REPORT
NATIONAL WEATHER SERVICE CHANHASSEN MN
113 AM CST TUE DEC 16 2014


...................................

...THE TWIN CITIES MN CLIMATE SUMMARY FOR DECEMBER 15 2014...

CLIMATE NORMAL PERIOD 1981 TO 2010
CLIMATE RECORD PERIOD 1871 TO 2014


WEATHER ITEM   OBSERVED TIME   RECORD YEAR NORMAL DEPARTURE LAST
                VALUE   (LST)  VALUE       VALUE  FROM      YEAR
                                                  NORMAL
..................................................................
TEMPERATURE (F)
 YESTERDAY
  MAXIMUM         51R   445 AM  49    1923  27     24        4
  MINIMUM         30   1159 PM -21    1901  12     18       -1
  AVERAGE         41                        20     21        2

PRECIPITATION (IN)
  YESTERDAY        0.19          0.71 1902   0.03   0.16     0.00
  MONTH TO DATE    0.22                      0.60  -0.38     0.93
  SINCE DEC 1      0.22                      0.60  -0.38     0.93
  SINCE JAN 1     34.76                     30.05   4.71    32.24

SNOWFALL (IN)
  YESTERDAY        T             7.0  1902   0.4   -0.4      0.0
  MONTH TO DATE    0.1                       6.1   -6.0      8.9
  SINCE DEC 1      0.1                       6.1   -6.0      8.9
  SINCE JUL 1      9.5                      16.0   -6.5     10.0
  SNOW DEPTH       0

DEGREE DAYS
 HEATING
  YESTERDAY       24                        46    -22       63
  MONTH TO DATE  571                       644    -73      804
  SINCE DEC 1    571                       644    -73      804
  SINCE JUL 1   2364                      2263    101     2305

 COOLING
  YESTERDAY        0                         0      0        0
  MONTH TO DATE    0                         0      0        0
  SINCE DEC 1      0                         0      0        0
  SINCE JAN 1    759                       753      6      983
..................................................................


WIND (MPH)
  HIGHEST WIND SPEED    25   HIGHEST WIND DIRECTION    NW (330)
  HIGHEST GUST SPEED    32   HIGHEST GUST DIRECTION    NW (330)
  AVERAGE WIND SPEED     9.2


SKY COVER
  POSSIBLE SUNSHINE  MM
  AVERAGE SKY COVER 0.9


WEATHER CONDITIONS
 THE FOLLOWING WEATHER WAS RECORDED YESTERDAY.
  LIGHT RAIN
  SNOW
  LIGHT SNOW
  SLEET
  FOG


RELATIVE HUMIDITY (PERCENT)
 HIGHEST   100           900 AM
 LOWEST     89           500 PM
 AVERAGE    95

..........................................................


THE TWIN CITIES MN CLIMATE NORMALS FOR TODAY
                         NORMAL    RECORD    YEAR
 MAXIMUM TEMPERATURE (F)   27        58      1939
 MINIMUM TEMPERATURE (F)   12       -22      1876


SUNRISE AND SUNSET
DECEMBER 16 2014......SUNRISE   745 AM CST   SUNSET   433 PM CST
DECEMBER 17 2014......SUNRISE   745 AM CST   SUNSET   433 PM CST


-  INDICATES NEGATIVE NUMBERS.
R  INDICATES RECORD WAS SET OR TIED.
MM INDICATES DATA IS MISSING.
T  INDICATES TRACE AMOUNT.




$$
