920
CDUS43 KMPX 301138
CLIMSP


CLIMATE REPORT
NATIONAL WEATHER SERVICE CHANHASSEN MN
538 AM CST WED NOV 30 2016


...................................

...THE TWIN CITIES MN CLIMATE SUMMARY FOR NOVEMBER 29 2016...

CLIMATE NORMAL PERIOD 1981 TO 2010
CLIMATE RECORD PERIOD 1871 TO 2016


WEATHER ITEM   OBSERVED TIME   RECORD YEAR NORMAL DEPARTURE LAST
                VALUE   (LST)  VALUE       VALUE  FROM      YEAR
                                                  NORMAL
..................................................................
TEMPERATURE (F)
 YESTERDAY
  MAXIMUM         38    838 PM  62    1998  33      5       34
  MINIMUM         35    716 AM -25    1875  19     16       19
  AVERAGE         37                        26     11       27

PRECIPITATION (IN)
  YESTERDAY        0.01          1.38 1991   0.05  -0.04     0.00
  MONTH TO DATE    2.93                      1.72   1.21     4.11
  SINCE SEP 1     11.81                      7.23   4.58    11.37
  SINCE JAN 1     38.13                     29.40   8.73    33.41

SNOWFALL (IN)
  YESTERDAY        T            12.6  1991   0.4   -0.4      0.0
  MONTH TO DATE    2.3                       8.8   -6.5      1.3
  SINCE SEP 1      2.3                       9.4   -7.1      1.3
  SINCE JUL 1      2.3                       9.4   -7.1      1.3
  SNOW DEPTH       0

DEGREE DAYS
 HEATING
  YESTERDAY       28                        39    -11       38
  MONTH TO DATE  595                       900   -305      670
  SINCE SEP 1   1014                      1561   -547     1127
  SINCE JUL 1   1017                      1580   -563     1142

 COOLING
  YESTERDAY        0                         0      0        0
  MONTH TO DATE    0                         0      0        0
  SINCE SEP 1     93                        72     21      160
  SINCE JAN 1    964                       753    211      809
..................................................................


WIND (MPH)
  HIGHEST WIND SPEED    16   HIGHEST WIND DIRECTION    SW (220)
  HIGHEST GUST SPEED    22   HIGHEST GUST DIRECTION    SW (230)
  AVERAGE WIND SPEED    10.5


SKY COVER
  POSSIBLE SUNSHINE  MM
  AVERAGE SKY COVER 1.0


WEATHER CONDITIONS
 THE FOLLOWING WEATHER WAS RECORDED YESTERDAY.
  LIGHT RAIN


RELATIVE HUMIDITY (PERCENT)
 HIGHEST    92          1100 PM
 LOWEST     70          1200 PM
 AVERAGE    81

..........................................................


THE TWIN CITIES MN CLIMATE NORMALS FOR TODAY
                         NORMAL    RECORD    YEAR
 MAXIMUM TEMPERATURE (F)   33        62      1922
 MINIMUM TEMPERATURE (F)   18       -17      1964


SUNRISE AND SUNSET
NOVEMBER 30 2016......SUNRISE   730 AM CST   SUNSET   433 PM CST
DECEMBER  1 2016......SUNRISE   731 AM CST   SUNSET   433 PM CST


-  INDICATES NEGATIVE NUMBERS.
R  INDICATES RECORD WAS SET OR TIED.
MM INDICATES DATA IS MISSING.
T  INDICATES TRACE AMOUNT.




$$
