000
CDUS43 KMPX 082222
CLIMSP


CLIMATE REPORT
NATIONAL WEATHER SERVICE CHANHASSEN MN
422 PM CST THU FEB 8 2018


...................................

...THE TWIN CITIES MN CLIMATE SUMMARY FOR FEBRUARY 8 2018...
VALID TODAY AS OF 0400 PM LOCAL TIME.

CLIMATE NORMAL PERIOD 1981 TO 2010
CLIMATE RECORD PERIOD 1871 TO 2018


WEATHER ITEM   OBSERVED TIME   RECORD YEAR NORMAL DEPARTURE LAST
                VALUE   (LST)  VALUE       VALUE  FROM      YEAR
                                                  NORMAL
..................................................................
TEMPERATURE (F)
 TODAY
  MAXIMUM         17    249 PM  50    2002  27    -10       14
                                      1991
  MINIMUM          4    754 AM -29    1899  10     -6        1
  AVERAGE         11                        18     -7        8

PRECIPITATION (IN)
  TODAY            0.00          1.08 1966   0.02  -0.02     0.00
  MONTH TO DATE    0.17                      0.18  -0.01     0.01
  SINCE DEC 1      2.51                      2.24   0.27     3.13
  SINCE JAN 1      1.72                      1.08   0.64     0.99

SNOWFALL (IN)
  TODAY            0.0           5.0  1905   0.2   -0.2      0.0
  MONTH TO DATE    3.1                       2.2    0.9      0.3
  SINCE DEC 1     29.9                      26.3    3.6     24.5
  SINCE JUL 1     30.6                      36.2   -5.6     26.8
  SNOW DEPTH       5

DEGREE DAYS
 HEATING
  TODAY           54                        46      8       57
  MONTH TO DATE  473                       379     94      365
  SINCE DEC 1   3387                      3314     73     3083
  SINCE JUL 1   4797                      4933   -136     4127

 COOLING
  TODAY            0                         0      0        0
  MONTH TO DATE    0                         0      0        0
  SINCE DEC 1      0                         0      0        0
  SINCE JAN 1      0                         0      0        0
..................................................................


WIND (MPH)
  HIGHEST WIND SPEED    10   HIGHEST WIND DIRECTION     N (10)
  HIGHEST GUST SPEED    16   HIGHEST GUST DIRECTION     N (10)
  AVERAGE WIND SPEED     6.1


SKY COVER
  POSSIBLE SUNSHINE  MM
  AVERAGE SKY COVER 0.6


WEATHER CONDITIONS
 THE FOLLOWING WEATHER WAS RECORDED TODAY.
  FOG


RELATIVE HUMIDITY (PERCENT)
 HIGHEST    91           700 AM
 LOWEST     46           300 PM
 AVERAGE    69

..........................................................


THE TWIN CITIES MN CLIMATE NORMALS FOR TOMORROW
                         NORMAL    RECORD    YEAR
 MAXIMUM TEMPERATURE (F)   27        52      1966
 MINIMUM TEMPERATURE (F)   11       -33      1899
                                             1888


SUNRISE AND SUNSET
FEBRUARY  8 2018......SUNRISE   723 AM CST   SUNSET   531 PM CST
FEBRUARY  9 2018......SUNRISE   722 AM CST   SUNSET   533 PM CST


-  INDICATES NEGATIVE NUMBERS.
R  INDICATES RECORD WAS SET OR TIED.
MM INDICATES DATA IS MISSING.
T  INDICATES TRACE AMOUNT.




$$
