000
CDUS43 KMPX 120057
CLIMSP


CLIMATE REPORT
NATIONAL WEATHER SERVICE CHANHASSEN MN
756 PM CDT SUN SEP 11 2016


...................................

...THE TWIN CITIES MN CLIMATE SUMMARY FOR SEPTEMBER 11 2016...
VALID TODAY AS OF 0700 PM LOCAL TIME.

CLIMATE NORMAL PERIOD 1981 TO 2010
CLIMATE RECORD PERIOD 1871 TO 2016


WEATHER ITEM   OBSERVED TIME   RECORD YEAR NORMAL DEPARTURE LAST
                VALUE   (LST)  VALUE       VALUE  FROM      YEAR
                                                  NORMAL
..................................................................
TEMPERATURE (F)
 TODAY
  MAXIMUM         80    422 PM  96    1931  74      6       64
                                      1895
  MINIMUM         57    602 AM  35    1962  55      2       48
  AVERAGE         69                        64      5       56

PRECIPITATION (IN)
  TODAY            0.00          3.11 1900   0.10  -0.10     0.00
  MONTH TO DATE    1.66                      1.19   0.47     1.40
  SINCE SEP 1      1.66                      1.19   0.47     1.40
  SINCE JAN 1     27.98                     23.36   4.62    23.44

SNOWFALL (IN)
  TODAY            0.0           0.0    MM   0.0    0.0      0.0
  MONTH TO DATE    0.0                       0.0    0.0      0.0
  SINCE SEP 1      0.0                       0.0    0.0      0.0
  SINCE JUL 1      0.0                       0.0    0.0      0.0
  SNOW DEPTH       0

DEGREE DAYS
 HEATING
  TODAY            0                         4     -4        9
  MONTH TO DATE    0                        27    -27       12
  SINCE SEP 1      0                        27    -27       12
  SINCE JUL 1      3                        46    -43       27

 COOLING
  TODAY            4                         3      1        0
  MONTH TO DATE   54                        39     15       91
  SINCE SEP 1     54                        39     15       91
  SINCE JAN 1    925                       720    205      740
..................................................................


WIND (MPH)
  HIGHEST WIND SPEED    24   HIGHEST WIND DIRECTION     S (200)
  HIGHEST GUST SPEED    37   HIGHEST GUST DIRECTION     S (200)
  AVERAGE WIND SPEED    10.8


SKY COVER
  POSSIBLE SUNSHINE  MM
  AVERAGE SKY COVER 0.3


WEATHER CONDITIONS
 THE FOLLOWING WEATHER WAS RECORDED TODAY.
  NO SIGNIFICANT WEATHER WAS OBSERVED.


RELATIVE HUMIDITY (PERCENT)
 HIGHEST    80           100 AM
 LOWEST     35           200 PM
 AVERAGE    58

..........................................................


THE TWIN CITIES MN CLIMATE NORMALS FOR TOMORROW
                         NORMAL    RECORD    YEAR
 MAXIMUM TEMPERATURE (F)   73        94      1948
                                             1908
 MINIMUM TEMPERATURE (F)   54        36      1940
                                             1878


SUNRISE AND SUNSET
SEPTEMBER 11 2016.....SUNRISE   647 AM CDT   SUNSET   730 PM CDT
SEPTEMBER 12 2016.....SUNRISE   649 AM CDT   SUNSET   728 PM CDT


-  INDICATES NEGATIVE NUMBERS.
R  INDICATES RECORD WAS SET OR TIED.
MM INDICATES DATA IS MISSING.
T  INDICATES TRACE AMOUNT.




$$
