000
CDUS43 KMPX 102255
CLIMSP


CLIMATE REPORT
NATIONAL WEATHER SERVICE CHANHASSEN MN
455 PM CST MON NOV 10 2014


...................................

...THE TWIN CITIES MN CLIMATE SUMMARY FOR NOVEMBER 10 2014...
VALID AS OF 0400 PM LOCAL TIME.

CLIMATE NORMAL PERIOD 1981 TO 2010
CLIMATE RECORD PERIOD 1871 TO 2014


WEATHER ITEM   OBSERVED TIME   RECORD YEAR NORMAL DEPARTURE LAST
                VALUE   (LST)  VALUE       VALUE  FROM      YEAR
                                                  NORMAL
..................................................................
TEMPERATURE (F)
 TODAY
  MAXIMUM         31    222 AM  69    2012  45    -14       42
  MINIMUM         26    555 AM   3    1986  29     -3       33
  AVERAGE         29                        37     -8       38

PRECIPITATION (IN)
  TODAY            0.27          1.36 1915   0.07   0.20     0.00
  MONTH TO DATE    0.32                      0.60  -0.28     0.40
  SINCE SEP 1      2.99                      6.11  -3.12     4.75
  SINCE JAN 1     33.99                     28.28   5.71    31.19

SNOWFALL (IN)
  TODAY           MM             5.0  1896   0.3   MM        0.0
  MONTH TO DATE    0.0                       1.9   -1.9      1.1
  SINCE SEP 1      0.0                       2.5   -2.5      1.1
  SINCE JUL 1      0.0                       2.5   -2.5      1.1
  SNOW DEPTH       1

DEGREE DAYS
 HEATING
  TODAY           36                        28      8       27
  MONTH TO DATE  260                       256      4      255
  SINCE SEP 1    867                       917    -50      800
  SINCE JUL 1    874                       936    -62      808

 COOLING
  TODAY            0                         0      0        0
  MONTH TO DATE    0                         0      0        0
  SINCE SEP 1     63                        72     -9      134
  SINCE JAN 1    759                       753      6      983
..................................................................


WIND (MPH)
  HIGHEST WIND SPEED    26   HIGHEST WIND DIRECTION     N (10)
  HIGHEST GUST SPEED    32   HIGHEST GUST DIRECTION     N (10)
  AVERAGE WIND SPEED    14.3


SKY COVER
  POSSIBLE SUNSHINE  MM
  AVERAGE SKY COVER 1.0


WEATHER CONDITIONS
 THE FOLLOWING WEATHER WAS RECORDED TODAY.
  LT FREEZING RAIN
  SNOW
  LIGHT SNOW
  SLEET
  FOG


RELATIVE HUMIDITY (PERCENT)
 HIGHEST    92           400 AM
 LOWEST     43          1200 AM
 AVERAGE    68

..........................................................


THE TWIN CITIES MN CLIMATE NORMALS FOR TOMORROW
                         NORMAL    RECORD    YEAR
 MAXIMUM TEMPERATURE (F)   44        64      2005
 MINIMUM TEMPERATURE (F)   29        -1      1986


SUNRISE AND SUNSET
NOVEMBER 10 2014......SUNRISE   703 AM CST   SUNSET   450 PM CST
NOVEMBER 11 2014......SUNRISE   705 AM CST   SUNSET   448 PM CST


-  INDICATES NEGATIVE NUMBERS.
R  INDICATES RECORD WAS SET OR TIED.
MM INDICATES DATA IS MISSING.
T  INDICATES TRACE AMOUNT.




$$
