000
CDUS43 KMPX 230024
CLIMSP


CLIMATE REPORT
NATIONAL WEATHER SERVICE CHANHASSEN MN
723 PM CDT FRI MAY 22 2015


...................................

...THE TWIN CITIES MN CLIMATE SUMMARY FOR MAY 22 2015...
VALID TODAY AS OF 0700 PM LOCAL TIME.

CLIMATE NORMAL PERIOD 1981 TO 2010
CLIMATE RECORD PERIOD 1871 TO 2015


WEATHER ITEM   OBSERVED TIME   RECORD YEAR NORMAL DEPARTURE LAST
                VALUE   (LST)  VALUE       VALUE  FROM      YEAR
                                                  NORMAL
..................................................................
TEMPERATURE (F)
 TODAY
  MAXIMUM         75    410 PM  99    1925  71      4       71
  MINIMUM         46    514 AM  32    1917  51     -5       47
  AVERAGE         61                        61      0       59

PRECIPITATION (IN)
  TODAY            0.00          1.20 1936   0.11  -0.11     0.00
  MONTH TO DATE    1.74                      2.39  -0.65     3.88
  SINCE MAR 1      4.83                      6.94  -2.11    10.97
  SINCE JAN 1      5.52                      8.61  -3.09    13.80

SNOWFALL (IN)
  TODAY            0.0           0.0    MM   0.0    0.0      0.0
  MONTH TO DATE    0.0                       0.0    0.0      0.0
  SINCE MAR 1      7.1                      12.7   -5.6     11.7
  SINCE JUL 1     32.4                      54.4  -22.0     69.8
  SNOW DEPTH       0

DEGREE DAYS
 HEATING
  TODAY            4                         6     -2        6
  MONTH TO DATE  165                       178    -13      242
  SINCE MAR 1   1522                      1706   -184     2121
  SINCE JUL 1   7487                      7496     -9     8574

 COOLING
  TODAY            0                         1     -1        0
  MONTH TO DATE   14                        20     -6        0
  SINCE MAR 1     14                        25    -11        0
  SINCE JAN 1     14                        25    -11        0
..................................................................


WIND (MPH)
  HIGHEST WIND SPEED    12   HIGHEST WIND DIRECTION    SE (140)
  HIGHEST GUST SPEED    16   HIGHEST GUST DIRECTION    SE (130)
  AVERAGE WIND SPEED     3.4


SKY COVER
  POSSIBLE SUNSHINE  MM
  AVERAGE SKY COVER 0.1


WEATHER CONDITIONS
 THE FOLLOWING WEATHER WAS RECORDED TODAY.
  NO SIGNIFICANT WEATHER WAS OBSERVED.


RELATIVE HUMIDITY (PERCENT)
 HIGHEST    66           400 AM
 LOWEST     25           100 PM
 AVERAGE    46

..........................................................


THE TWIN CITIES MN CLIMATE NORMALS FOR TOMORROW
                         NORMAL    RECORD    YEAR
 MAXIMUM TEMPERATURE (F)   71        89      2012
 MINIMUM TEMPERATURE (F)   51        28      1963


SUNRISE AND SUNSET
MAY 22 2015...........SUNRISE   537 AM CDT   SUNSET   842 PM CDT
MAY 23 2015...........SUNRISE   536 AM CDT   SUNSET   843 PM CDT


-  INDICATES NEGATIVE NUMBERS.
R  INDICATES RECORD WAS SET OR TIED.
MM INDICATES DATA IS MISSING.
T  INDICATES TRACE AMOUNT.




$$
