000
CDUS43 KMPX 102130
CLIMSP


CLIMATE REPORT
NATIONAL WEATHER SERVICE CHANHASSEN MN
430 PM CDT WED MAY 10 2017


...................................

...THE TWIN CITIES MN CLIMATE SUMMARY FOR MAY 10 2017...
VALID TODAY AS OF 0400 PM LOCAL TIME.

CLIMATE NORMAL PERIOD 1981 TO 2010
CLIMATE RECORD PERIOD 1871 TO 2017


WEATHER ITEM   OBSERVED TIME   RECORD YEAR NORMAL DEPARTURE LAST
                VALUE   (LST)  VALUE       VALUE  FROM      YEAR
                                                  NORMAL
..................................................................
TEMPERATURE (F)
 TODAY
  MAXIMUM         67   1244 PM  90    1987  68     -1       58
  MINIMUM         53    455 AM  28    1907  47      6       48
  AVERAGE         60                        57      3       53

PRECIPITATION (IN)
  TODAY            T             1.40 1986   0.11  -0.11     0.59
  MONTH TO DATE    0.57                      1.10  -0.53     0.92
  SINCE MAR 1      5.70                      5.65   0.05     6.02
  SINCE JAN 1      7.32                      7.32   0.00     7.42

SNOWFALL (IN)
  TODAY            0.0           T    1946   0.0    0.0      0.0
                                      1948
                                      1966
  MONTH TO DATE    T                         0.0    0.0      0.0
  SINCE MAR 1      5.2                      12.7   -7.5      5.9
  SINCE JUL 1     32.0                      54.4  -22.4     36.7
  SNOW DEPTH       0

DEGREE DAYS
 HEATING
  TODAY            5                         8     -3       12
  MONTH TO DATE   92                        96     -4       66
  SINCE MAR 1   1475                      1624   -149     1303
  SINCE JUL 1   6176                      7414  -1238     6168

 COOLING
  TODAY            0                         1     -1        0
  MONTH TO DATE    0                         8     -8       11
  SINCE MAR 1      0                        13    -13       19
  SINCE JAN 1      0                        13    -13       19
..................................................................


WIND (MPH)
  HIGHEST WIND SPEED    16   HIGHEST WIND DIRECTION    NW (330)
  HIGHEST GUST SPEED    20   HIGHEST GUST DIRECTION    NW (320)
  AVERAGE WIND SPEED     3.5


SKY COVER
  POSSIBLE SUNSHINE  MM
  AVERAGE SKY COVER 0.8


WEATHER CONDITIONS
 THE FOLLOWING WEATHER WAS RECORDED TODAY.
  LIGHT RAIN


RELATIVE HUMIDITY (PERCENT)
 HIGHEST    72           100 AM
 LOWEST     40          1000 AM
 AVERAGE    56

..........................................................


THE TWIN CITIES MN CLIMATE NORMALS FOR TOMORROW
                         NORMAL    RECORD    YEAR
 MAXIMUM TEMPERATURE (F)   68        88      1900
 MINIMUM TEMPERATURE (F)   47        27      1946


SUNRISE AND SUNSET
MAY 10 2017...........SUNRISE   550 AM CDT   SUNSET   829 PM CDT
MAY 11 2017...........SUNRISE   549 AM CDT   SUNSET   831 PM CDT


-  INDICATES NEGATIVE NUMBERS.
R  INDICATES RECORD WAS SET OR TIED.
MM INDICATES DATA IS MISSING.
T  INDICATES TRACE AMOUNT.




$$
