000
CDUS43 KMPX 160625
CLIMSP


CLIMATE REPORT
NATIONAL WEATHER SERVICE CHANHASSEN MN
122 AM CDT SUN APR 16 2017


...................................

...THE TWIN CITIES MN CLIMATE SUMMARY FOR APRIL 15 2017...

CLIMATE NORMAL PERIOD 1981 TO 2010
CLIMATE RECORD PERIOD 1871 TO 2017


WEATHER ITEM   OBSERVED TIME   RECORD YEAR NORMAL DEPARTURE LAST
                VALUE   (LST)  VALUE       VALUE  FROM      YEAR
                                                  NORMAL
..................................................................
TEMPERATURE (F)
 YESTERDAY
  MAXIMUM         72    420 PM  91    2002  58     14       77
  MINIMUM         52   1151 PM  18    2014  37     15       48
                                      1935
                                      1875
  AVERAGE         62                        47     15       63

PRECIPITATION (IN)
  YESTERDAY        1.00          1.19 2012   0.09   0.91     0.00
  MONTH TO DATE    1.78                      1.20   0.58     0.15
  SINCE MAR 1      2.46                      3.09  -0.63     2.41
  SINCE JAN 1      4.08                      4.76  -0.68     3.81

SNOWFALL (IN)
  YESTERDAY        0.0           2.0  1961   0.1   -0.1      0.0
  MONTH TO DATE    0.5                       1.6   -1.1      0.5
  SINCE MAR 1      5.2                      11.9   -6.7      5.9
  SINCE JUL 1     32.0                      53.6  -21.6     36.7
  SNOW DEPTH       0

DEGREE DAYS
 HEATING
  YESTERDAY        3                        18    -15        2
  MONTH TO DATE  204                       319   -115      346
  SINCE MAR 1   1159                      1317   -158     1074
  SINCE JUL 1   5860                      7107  -1247     5939

 COOLING
  YESTERDAY        0                         0      0        0
  MONTH TO DATE    0                         0      0        0
  SINCE MAR 1      0                         0      0        0
  SINCE JAN 1      0                         0      0        0
..................................................................


WIND (MPH)
  HIGHEST WIND SPEED    18   HIGHEST WIND DIRECTION    SE (130)
  HIGHEST GUST SPEED    29   HIGHEST GUST DIRECTION     N (350)
  AVERAGE WIND SPEED     8.6


SKY COVER
  POSSIBLE SUNSHINE  MM
  AVERAGE SKY COVER 0.9


WEATHER CONDITIONS
 THE FOLLOWING WEATHER WAS RECORDED YESTERDAY.
  THUNDERSTORM
  HEAVY RAIN
  RAIN
  LIGHT RAIN
  FOG


RELATIVE HUMIDITY (PERCENT)
 HIGHEST    93          1200 AM
 LOWEST     57           300 PM
 AVERAGE    75

..........................................................


THE TWIN CITIES MN CLIMATE NORMALS FOR TODAY
                         NORMAL    RECORD    YEAR
 MAXIMUM TEMPERATURE (F)   58        88      1964
 MINIMUM TEMPERATURE (F)   38        10      1875


SUNRISE AND SUNSET
APRIL 16 2017.........SUNRISE   626 AM CDT   SUNSET   800 PM CDT
APRIL 17 2017.........SUNRISE   624 AM CDT   SUNSET   801 PM CDT


-  INDICATES NEGATIVE NUMBERS.
R  INDICATES RECORD WAS SET OR TIED.
MM INDICATES DATA IS MISSING.
T  INDICATES TRACE AMOUNT.




$$
