000
CDUS43 KMPX 030054
CLIMSP


CLIMATE REPORT
NATIONAL WEATHER SERVICE CHANHASSEN MN
654 PM CST SAT DEC 2 2017


...................................

...THE TWIN CITIES MN CLIMATE SUMMARY FOR DECEMBER 2 2017...
VALID TODAY AS OF 0600 PM LOCAL TIME.

CLIMATE NORMAL PERIOD 1981 TO 2010
CLIMATE RECORD PERIOD 1871 TO 2017


WEATHER ITEM   OBSERVED TIME   RECORD YEAR NORMAL DEPARTURE LAST
                VALUE   (LST)  VALUE       VALUE  FROM      YEAR
                                                  NORMAL
..................................................................
TEMPERATURE (F)
 TODAY
  MAXIMUM         47    330 PM  63    1982  32     15       33
  MINIMUM         30    812 AM -17    1886  17     13       30
  AVERAGE         39                        25     14       32

PRECIPITATION (IN)
  TODAY            0.00          0.30 1933   0.05  -0.05      T
  MONTH TO DATE    0.00                      0.09  -0.09      T
  SINCE DEC 1      0.00                      0.09  -0.09      T
  SINCE JAN 1     31.57                     29.54   2.03    38.18

SNOWFALL (IN)
  TODAY            0.0           2.7  1978   0.4   -0.4       T
  MONTH TO DATE    0.0                       0.8   -0.8       T
  SINCE DEC 1      0.0                       0.8   -0.8       T
  SINCE JUL 1      0.7                      10.7  -10.0      2.3
  SNOW DEPTH       0

DEGREE DAYS
 HEATING
  TODAY           26                        40    -14       33
  MONTH TO DATE   51                        80    -29       62
  SINCE DEC 1     51                        80    -29       62
  SINCE JUL 1   1461                      1699   -238     1106

 COOLING
  TODAY            0                         0      0        0
  MONTH TO DATE    0                         0      0        0
  SINCE DEC 1      0                         0      0        0
  SINCE JAN 1    830                       753     77      964
..................................................................


WIND (MPH)
  HIGHEST WIND SPEED     8   HIGHEST WIND DIRECTION    SW (230)
  HIGHEST GUST SPEED    10   HIGHEST GUST DIRECTION     W (270)
  AVERAGE WIND SPEED     4.1


SKY COVER
  POSSIBLE SUNSHINE  MM
  AVERAGE SKY COVER 0.2


WEATHER CONDITIONS
 THE FOLLOWING WEATHER WAS RECORDED TODAY.
  NO SIGNIFICANT WEATHER WAS OBSERVED.


RELATIVE HUMIDITY (PERCENT)
 HIGHEST    78           600 AM
 LOWEST     45           300 PM
 AVERAGE    62

..........................................................


THE TWIN CITIES MN CLIMATE NORMALS FOR TOMORROW
                         NORMAL    RECORD    YEAR
 MAXIMUM TEMPERATURE (F)   31        62      1962
 MINIMUM TEMPERATURE (F)   17       -19      1940


SUNRISE AND SUNSET
DECEMBER  2 2017......SUNRISE   732 AM CST   SUNSET   433 PM CST
DECEMBER  3 2017......SUNRISE   733 AM CST   SUNSET   432 PM CST


-  INDICATES NEGATIVE NUMBERS.
R  INDICATES RECORD WAS SET OR TIED.
MM INDICATES DATA IS MISSING.
T  INDICATES TRACE AMOUNT.




$$
