000
CDUS43 KMPX 140029
CLIMSP


CLIMATE REPORT
NATIONAL WEATHER SERVICE CHANHASSEN MN
628 PM CST SAT DEC 13 2014


...................................

...THE TWIN CITIES MN CLIMATE SUMMARY FOR DECEMBER 13 2014...
VALID TODAY AS OF 0600 PM LOCAL TIME.

CLIMATE NORMAL PERIOD 1981 TO 2010
CLIMATE RECORD PERIOD 1871 TO 2014


WEATHER ITEM   OBSERVED TIME   RECORD YEAR NORMAL DEPARTURE LAST
                VALUE   (LST)  VALUE       VALUE  FROM      YEAR
                                                  NORMAL
..................................................................
TEMPERATURE (F)
 TODAY
  MAXIMUM         51    410 PM  53    1891  27     24       17
  MINIMUM         33    356 AM -21    1917  13     20       11
  AVERAGE         42                        20     22       14

PRECIPITATION (IN)
  TODAY            0.00          0.48 1975   0.03  -0.03     0.02
  MONTH TO DATE    0.01                      0.53  -0.52     0.87
  SINCE DEC 1      0.01                      0.53  -0.52     0.87
  SINCE JAN 1     34.55                     29.98   4.57    32.18

SNOWFALL (IN)
  TODAY            0.0           6.3  1983   0.4   -0.4      0.1
  MONTH TO DATE    0.1                       5.3   -5.2      8.2
  SINCE DEC 1      0.1                       5.3   -5.2      8.2
  SINCE JUL 1      9.5                      15.2   -5.7      9.3
  SNOW DEPTH       0

DEGREE DAYS
 HEATING
  TODAY           23                        45    -22       51
  MONTH TO DATE  529                       553    -24      684
  SINCE DEC 1    529                       553    -24      684
  SINCE JUL 1   2322                      2172    150     2185

 COOLING
  TODAY            0                         0      0        0
  MONTH TO DATE    0                         0      0        0
  SINCE DEC 1      0                         0      0        0
  SINCE JAN 1    759                       753      6      983
..................................................................


WIND (MPH)
  HIGHEST WIND SPEED    16   HIGHEST WIND DIRECTION    SW (210)
  HIGHEST GUST SPEED    21   HIGHEST GUST DIRECTION    SW (220)
  AVERAGE WIND SPEED     7.0


SKY COVER
  POSSIBLE SUNSHINE  MM
  AVERAGE SKY COVER 0.9


WEATHER CONDITIONS
 THE FOLLOWING WEATHER WAS RECORDED TODAY.
  FOG
  HAZE


RELATIVE HUMIDITY (PERCENT)
 HIGHEST   100          1200 AM
 LOWEST     77           400 PM
 AVERAGE    89

..........................................................


THE TWIN CITIES MN CLIMATE NORMALS FOR TOMORROW
                         NORMAL    RECORD    YEAR
 MAXIMUM TEMPERATURE (F)   27        55      1998
 MINIMUM TEMPERATURE (F)   12       -27      1901


SUNRISE AND SUNSET
DECEMBER 13 2014......SUNRISE   742 AM CST   SUNSET   432 PM CST
DECEMBER 14 2014......SUNRISE   743 AM CST   SUNSET   432 PM CST


-  INDICATES NEGATIVE NUMBERS.
R  INDICATES RECORD WAS SET OR TIED.
MM INDICATES DATA IS MISSING.
T  INDICATES TRACE AMOUNT.




$$
