000
CDUS43 KMPX 240633
CLIMSP


CLIMATE REPORT
NATIONAL WEATHER SERVICE CHANHASSEN MN
133 AM CDT SUN APR 24 2016


...................................

...THE TWIN CITIES MN CLIMATE SUMMARY FOR APRIL 23 2016...

CLIMATE NORMAL PERIOD 1981 TO 2010
CLIMATE RECORD PERIOD 1871 TO 2016


WEATHER ITEM   OBSERVED TIME   RECORD YEAR NORMAL DEPARTURE LAST
                VALUE   (LST)  VALUE       VALUE  FROM      YEAR
                                                  NORMAL
..................................................................
TEMPERATURE (F)
 YESTERDAY
  MAXIMUM         71    518 PM  86    1990  62      9       55
  MINIMUM         43    550 AM  19    1910  41      2       29
  AVERAGE         57                        51      6       42

PRECIPITATION (IN)
  YESTERDAY        T             0.87 1968   0.10  -0.10     0.00
                                      1948
  MONTH TO DATE    0.99                      1.92  -0.93     2.08
  SINCE MAR 1      3.25                      3.81  -0.56     2.75
  SINCE JAN 1      4.65                      5.48  -0.83     3.44

SNOWFALL (IN)
  YESTERDAY        0.0           1.6  1988   0.1   -0.1      0.0
  MONTH TO DATE    0.5                       2.1   -1.6      0.3
  SINCE MAR 1      5.9                      12.4   -6.5      7.1
  SINCE JUL 1     36.7                      54.1  -17.4     32.4
  SNOW DEPTH       0

DEGREE DAYS
 HEATING
  YESTERDAY        8                        14     -6       23
  MONTH TO DATE  391                       444    -53      369
  SINCE MAR 1   1119                      1442   -323     1275
  SINCE JUL 1   5984                      7232  -1248     7240

 COOLING
  YESTERDAY        0                         0      0        0
  MONTH TO DATE    8                         0      8        0
  SINCE MAR 1      8                         0      8        0
  SINCE JAN 1      8                         0      8        0
..................................................................


WIND (MPH)
  HIGHEST WIND SPEED    20   HIGHEST WIND DIRECTION     S (160)
  HIGHEST GUST SPEED    24   HIGHEST GUST DIRECTION    SE (130)
  AVERAGE WIND SPEED    10.7


SKY COVER
  POSSIBLE SUNSHINE  MM
  AVERAGE SKY COVER 0.6


WEATHER CONDITIONS
 THE FOLLOWING WEATHER WAS RECORDED YESTERDAY.
  NO SIGNIFICANT WEATHER WAS OBSERVED.


RELATIVE HUMIDITY (PERCENT)
 HIGHEST    70           600 AM
 LOWEST     37           400 PM
 AVERAGE    54

..........................................................


THE TWIN CITIES MN CLIMATE NORMALS FOR TODAY
                         NORMAL    RECORD    YEAR
 MAXIMUM TEMPERATURE (F)   62        84      1962
 MINIMUM TEMPERATURE (F)   41        24      1875


SUNRISE AND SUNSET
APRIL 24 2016.........SUNRISE   612 AM CDT   SUNSET   810 PM CDT
APRIL 25 2016.........SUNRISE   611 AM CDT   SUNSET   811 PM CDT


-  INDICATES NEGATIVE NUMBERS.
R  INDICATES RECORD WAS SET OR TIED.
MM INDICATES DATA IS MISSING.
T  INDICATES TRACE AMOUNT.




$$
