000
CDUS43 KMPX 190629
CLIMSP


CLIMATE REPORT
NATIONAL WEATHER SERVICE CHANHASSEN MN
1227 AM CST SUN FEB 19 2017


...................................

...THE TWIN CITIES MN CLIMATE SUMMARY FOR FEBRUARY 18 2017...

CLIMATE NORMAL PERIOD 1981 TO 2010
CLIMATE RECORD PERIOD 1871 TO 2017


WEATHER ITEM   OBSERVED TIME   RECORD YEAR NORMAL DEPARTURE LAST
                VALUE   (LST)  VALUE       VALUE  FROM      YEAR
                                                  NORMAL
..................................................................
TEMPERATURE (F)
 YESTERDAY
  MAXIMUM         58R   436 PM  58    1981  30     28       41
  MINIMUM         34    653 AM -21    1903  14     20       25
  AVERAGE         46                        22     24       33

PRECIPITATION (IN)
  YESTERDAY        0.00          0.70 1961   0.03  -0.03     0.00
  MONTH TO DATE    0.03                      0.43  -0.40     0.65
  SINCE DEC 1      3.15                      2.49   0.66     3.28
  SINCE JAN 1      1.01                      1.33  -0.32     0.96

SNOWFALL (IN)
  YESTERDAY        0.0           7.0  1961   0.3   -0.3      0.0
  MONTH TO DATE    0.3                       4.7   -4.4     11.7
  SINCE DEC 1     24.5                      28.8   -4.3     25.3
  SINCE JUL 1     26.8                      38.7  -11.9     30.4
  SNOW DEPTH       0

DEGREE DAYS
 HEATING
  YESTERDAY       19                        43    -24       32
  MONTH TO DATE  666                       827   -161      827
  SINCE DEC 1   3384                      3762   -378     3361
  SINCE JUL 1   4428                      5381   -953     4536

 COOLING
  YESTERDAY        0                         0      0        0
  MONTH TO DATE    0                         0      0        0
  SINCE DEC 1      0                         0      0        0
  SINCE JAN 1      0                         0      0        0
..................................................................


WIND (MPH)
  HIGHEST WIND SPEED    13   HIGHEST WIND DIRECTION     W (270)
  HIGHEST GUST SPEED    17   HIGHEST GUST DIRECTION     W (280)
  AVERAGE WIND SPEED     4.5


SKY COVER
  POSSIBLE SUNSHINE  MM
  AVERAGE SKY COVER 0.5


WEATHER CONDITIONS
 THE FOLLOWING WEATHER WAS RECORDED YESTERDAY.
  NO SIGNIFICANT WEATHER WAS OBSERVED.


RELATIVE HUMIDITY (PERCENT)
 HIGHEST    89           700 AM
 LOWEST     40           300 PM
 AVERAGE    65

..........................................................


THE TWIN CITIES MN CLIMATE NORMALS FOR TODAY
                         NORMAL    RECORD    YEAR
 MAXIMUM TEMPERATURE (F)   30        57      1981
 MINIMUM TEMPERATURE (F)   14       -20      1941
                                             1929


SUNRISE AND SUNSET
FEBRUARY 19 2017......SUNRISE   707 AM CST   SUNSET   547 PM CST
FEBRUARY 20 2017......SUNRISE   705 AM CST   SUNSET   549 PM CST


-  INDICATES NEGATIVE NUMBERS.
R  INDICATES RECORD WAS SET OR TIED.
MM INDICATES DATA IS MISSING.
T  INDICATES TRACE AMOUNT.




$$
