000
CDUS43 KMPX 120651
CLIMSP


CLIMATE REPORT
NATIONAL WEATHER SERVICE CHANHASSEN MN
1250 AM CST TUE DEC 12 2017


...................................

...THE TWIN CITIES MN CLIMATE SUMMARY FOR DECEMBER 11 2017...

CLIMATE NORMAL PERIOD 1981 TO 2010
CLIMATE RECORD PERIOD 1871 TO 2017


WEATHER ITEM   OBSERVED TIME   RECORD YEAR NORMAL DEPARTURE LAST
                VALUE   (LST)  VALUE       VALUE  FROM      YEAR
                                                  NORMAL
..................................................................
TEMPERATURE (F)
 YESTERDAY
  MAXIMUM         35    106 PM  56    1913  28      7       21
  MINIMUM         15   1159 PM -14    1972  14      1       13
  AVERAGE         25                        21      4       17

PRECIPITATION (IN)
  YESTERDAY        0.18          1.16 2010   0.04   0.14     0.33
  MONTH TO DATE    0.57                      0.46   0.11     0.62
  SINCE DEC 1      0.57                      0.46   0.11     0.62
  SINCE JAN 1     32.14                     29.91   2.23    38.80

SNOWFALL (IN)
  YESTERDAY        0.9          16.3  2010   0.4    0.5      5.1
  MONTH TO DATE    3.3                       4.5   -1.2      9.5
  SINCE DEC 1      3.3                       4.5   -1.2      9.5
  SINCE JUL 1      4.0                      14.4  -10.4     11.8
  SNOW DEPTH       2

DEGREE DAYS
 HEATING
  YESTERDAY       40                        44     -4       48
  MONTH TO DATE  400                       463    -63      439
  SINCE DEC 1    400                       463    -63      439
  SINCE JUL 1   1810                      2082   -272     1483

 COOLING
  YESTERDAY        0                         0      0        0
  MONTH TO DATE    0                         0      0        0
  SINCE DEC 1      0                         0      0        0
  SINCE JAN 1    830                       753     77      964
..................................................................


WIND (MPH)
  HIGHEST WIND SPEED    26   HIGHEST WIND DIRECTION     N (350)
  HIGHEST GUST SPEED    34   HIGHEST GUST DIRECTION     N (350)
  AVERAGE WIND SPEED    13.1


SKY COVER
  POSSIBLE SUNSHINE  MM
  AVERAGE SKY COVER 0.8


WEATHER CONDITIONS
 THE FOLLOWING WEATHER WAS RECORDED YESTERDAY.
  LT FREEZING RAIN
  SNOW
  LIGHT SNOW
  SLEET
  FOG


RELATIVE HUMIDITY (PERCENT)
 HIGHEST   100           200 AM
 LOWEST     67          1000 PM
 AVERAGE    84

..........................................................


THE TWIN CITIES MN CLIMATE NORMALS FOR TODAY
                         NORMAL    RECORD    YEAR
 MAXIMUM TEMPERATURE (F)   28        53      1968
                                             1883
 MINIMUM TEMPERATURE (F)   13       -15      1879


SUNRISE AND SUNSET
DECEMBER 12 2017......SUNRISE   742 AM CST   SUNSET   432 PM CST
DECEMBER 13 2017......SUNRISE   742 AM CST   SUNSET   432 PM CST


-  INDICATES NEGATIVE NUMBERS.
R  INDICATES RECORD WAS SET OR TIED.
MM INDICATES DATA IS MISSING.
T  INDICATES TRACE AMOUNT.




$$
