000
CDUS43 KMPX 040047
CLIMSP


CLIMATE REPORT
NATIONAL WEATHER SERVICE CHANHASSEN MN
747 PM CDT TUE MAY 3 2016


...................................

...THE TWIN CITIES MN CLIMATE SUMMARY FOR MAY 3 2016...
VALID TODAY AS OF 0700 PM LOCAL TIME.

CLIMATE NORMAL PERIOD 1981 TO 2010
CLIMATE RECORD PERIOD 1871 TO 2016


WEATHER ITEM   OBSERVED TIME   RECORD YEAR NORMAL DEPARTURE LAST
                VALUE   (LST)  VALUE       VALUE  FROM      YEAR
                                                  NORMAL
..................................................................
TEMPERATURE (F)
 TODAY
  MAXIMUM         73    343 PM  93    1949  66      7       83
  MINIMUM         48    428 AM  18    1967  45      3       56
  AVERAGE         61                        55      6       70

PRECIPITATION (IN)
  TODAY            0.00          1.72 1912   0.11  -0.11     0.05
  MONTH TO DATE    0.00                      0.33  -0.33     0.06
  SINCE MAR 1      5.10                      4.88   0.22     3.15
  SINCE JAN 1      6.50                      6.55  -0.05     3.84

SNOWFALL (IN)
  TODAY            0.0           0.5  2013   0.0    0.0      0.0
  MONTH TO DATE    0.0                       0.0    0.0      0.0
  SINCE MAR 1      5.9                      12.7   -6.8      7.1
  SINCE JUL 1     36.7                      54.4  -17.7     32.4
  SNOW DEPTH       0

DEGREE DAYS
 HEATING
  TODAY            4                        10     -6        0
  MONTH TO DATE   29                        32     -3        7
  SINCE MAR 1   1266                      1560   -294     1364
  SINCE JUL 1   6131                      7350  -1219     7329

 COOLING
  TODAY            0                         1     -1        5
  MONTH TO DATE    0                         1     -1        6
  SINCE MAR 1      8                         6      2        6
  SINCE JAN 1      8                         6      2        6
..................................................................


WIND (MPH)
  HIGHEST WIND SPEED    26   HIGHEST WIND DIRECTION     W (270)
  HIGHEST GUST SPEED    37   HIGHEST GUST DIRECTION    NW (310)
  AVERAGE WIND SPEED    11.6


SKY COVER
  POSSIBLE SUNSHINE  MM
  AVERAGE SKY COVER 0.5


WEATHER CONDITIONS
 THE FOLLOWING WEATHER WAS RECORDED TODAY.
  NO SIGNIFICANT WEATHER WAS OBSERVED.


RELATIVE HUMIDITY (PERCENT)
 HIGHEST    66           400 AM
 LOWEST     27           600 PM
 AVERAGE    47

..........................................................


THE TWIN CITIES MN CLIMATE NORMALS FOR TOMORROW
                         NORMAL    RECORD    YEAR
 MAXIMUM TEMPERATURE (F)   66        91      1952
 MINIMUM TEMPERATURE (F)   45        22      1967


SUNRISE AND SUNSET
MAY  3 2016...........SUNRISE   559 AM CDT   SUNSET   821 PM CDT
MAY  4 2016...........SUNRISE   557 AM CDT   SUNSET   823 PM CDT


-  INDICATES NEGATIVE NUMBERS.
R  INDICATES RECORD WAS SET OR TIED.
MM INDICATES DATA IS MISSING.
T  INDICATES TRACE AMOUNT.




$$
