000
CDUS43 KMPX 032238
CLIMSP


CLIMATE REPORT
NATIONAL WEATHER SERVICE CHANHASSEN MN
437 PM CST TUE JAN 3 2017


...................................

...THE TWIN CITIES MN CLIMATE SUMMARY FOR JANUARY 3 2017...
VALID AS OF 0400 PM LOCAL TIME.

CLIMATE NORMAL PERIOD 1981 TO 2010
CLIMATE RECORD PERIOD 1871 TO 2017


WEATHER ITEM   OBSERVED TIME   RECORD YEAR NORMAL DEPARTURE LAST
                VALUE   (LST)  VALUE       VALUE  FROM      YEAR
                                                  NORMAL
..................................................................
TEMPERATURE (F)
 TODAY
  MAXIMUM         32    442 AM  46    1880  24      8       29
  MINIMUM         10    359 PM -26    1887   8      2       20
  AVERAGE         21                        16      5       25

PRECIPITATION (IN)
  TODAY            T             0.76 1906   0.04  -0.04     0.00
  MONTH TO DATE    0.02                      0.10  -0.08      T
  SINCE DEC 1      2.16                      1.26   0.90     2.32
  SINCE JAN 1      0.02                      0.10  -0.08      T

SNOWFALL (IN)
  TODAY            0.0           9.0  1906   0.3   -0.3      0.0
  MONTH TO DATE    T                         1.1   -1.1       T
  SINCE DEC 1     15.8                      13.0    2.8      9.5
  SINCE JUL 1     18.1                      22.9   -4.8     14.6
  SNOW DEPTH       1

DEGREE DAYS
 HEATING
  TODAY           44                        49     -5       40
  MONTH TO DATE  116                       147    -31      124
  SINCE DEC 1   1474                      1551    -77     1195
  SINCE JUL 1   2518                      3170   -652     2370

 COOLING
  TODAY            0                         0      0        0
  MONTH TO DATE    0                         0      0        0
  SINCE DEC 1      0                         0      0        0
  SINCE JAN 1      0                         0      0        0
..................................................................


WIND (MPH)
  HIGHEST WIND SPEED    26   HIGHEST WIND DIRECTION    NW (310)
  HIGHEST GUST SPEED    32   HIGHEST GUST DIRECTION    NW (300)
  AVERAGE WIND SPEED    15.2


SKY COVER
  POSSIBLE SUNSHINE  MM
  AVERAGE SKY COVER 0.8


WEATHER CONDITIONS
 THE FOLLOWING WEATHER WAS RECORDED TODAY.
  LT FREEZING RAIN
  FOG


RELATIVE HUMIDITY (PERCENT)
 HIGHEST    92          1200 AM
 LOWEST     66           200 PM
 AVERAGE    79

..........................................................


THE TWIN CITIES MN CLIMATE NORMALS FOR TOMORROW
                         NORMAL    RECORD    YEAR
 MAXIMUM TEMPERATURE (F)   24        41      2007
                                             1898
 MINIMUM TEMPERATURE (F)    8       -32      1884


SUNRISE AND SUNSET
JANUARY  3 2017.......SUNRISE   751 AM CST   SUNSET   445 PM CST
JANUARY  4 2017.......SUNRISE   751 AM CST   SUNSET   446 PM CST


-  INDICATES NEGATIVE NUMBERS.
R  INDICATES RECORD WAS SET OR TIED.
MM INDICATES DATA IS MISSING.
T  INDICATES TRACE AMOUNT.




$$
