000
CDUS43 KMPX 140843
CLIMSP


CLIMATE REPORT
NATIONAL WEATHER SERVICE CHANHASSEN MN
242 AM CST TUE FEB 14 2017


...................................

...THE TWIN CITIES MN CLIMATE SUMMARY FOR FEBRUARY 13 2017...

CLIMATE NORMAL PERIOD 1981 TO 2010
CLIMATE RECORD PERIOD 1871 TO 2017


WEATHER ITEM   OBSERVED TIME   RECORD YEAR NORMAL DEPARTURE LAST
                VALUE   (LST)  VALUE       VALUE  FROM      YEAR
                                                  NORMAL
..................................................................
TEMPERATURE (F)
 YESTERDAY
  MAXIMUM         48    426 PM  51    1890  28     20       10
  MINIMUM         28    338 AM -23    1905  12     16       -6
  AVERAGE         38                        20     18        2

PRECIPITATION (IN)
  YESTERDAY        0.00          0.60 1915   0.02  -0.02     0.00
  MONTH TO DATE    0.03                      0.30  -0.27     0.61
  SINCE DEC 1      3.15                      2.36   0.79     3.24
  SINCE JAN 1      1.01                      1.20  -0.19     0.92

SNOWFALL (IN)
  YESTERDAY        0.0           5.2  1909   0.2   -0.2      0.0
  MONTH TO DATE    0.3                       3.4   -3.1     11.0
  SINCE DEC 1     24.5                      27.5   -3.0     24.6
  SINCE JUL 1     26.8                      37.4  -10.6     29.7
  SNOW DEPTH       0

DEGREE DAYS
 HEATING
  YESTERDAY       27                        45    -18       63
  MONTH TO DATE  532                       607    -75      623
  SINCE DEC 1   3250                      3542   -292     3157
  SINCE JUL 1   4294                      5161   -867     4332

 COOLING
  YESTERDAY        0                         0      0        0
  MONTH TO DATE    0                         0      0        0
  SINCE DEC 1      0                         0      0        0
  SINCE JAN 1      0                         0      0        0
..................................................................


WIND (MPH)
  HIGHEST WIND SPEED    20   HIGHEST WIND DIRECTION     W (250)
  HIGHEST GUST SPEED    27   HIGHEST GUST DIRECTION    SW (230)
  AVERAGE WIND SPEED     9.5


SKY COVER
  POSSIBLE SUNSHINE  MM
  AVERAGE SKY COVER 0.3


WEATHER CONDITIONS
 THE FOLLOWING WEATHER WAS RECORDED YESTERDAY.
  NO SIGNIFICANT WEATHER WAS OBSERVED.


RELATIVE HUMIDITY (PERCENT)
 HIGHEST    78           100 AM
 LOWEST     46           400 PM
 AVERAGE    62

..........................................................


THE TWIN CITIES MN CLIMATE NORMALS FOR TODAY
                         NORMAL    RECORD    YEAR
 MAXIMUM TEMPERATURE (F)   29        50      1882
 MINIMUM TEMPERATURE (F)   12       -25      1875


SUNRISE AND SUNSET
FEBRUARY 14 2017......SUNRISE   715 AM CST   SUNSET   540 PM CST
FEBRUARY 15 2017......SUNRISE   713 AM CST   SUNSET   542 PM CST


-  INDICATES NEGATIVE NUMBERS.
R  INDICATES RECORD WAS SET OR TIED.
MM INDICATES DATA IS MISSING.
T  INDICATES TRACE AMOUNT.




$$
