000
CDUS43 KMPX 250637
CLIMSP


CLIMATE REPORT
NATIONAL WEATHER SERVICE CHANHASSEN MN
136 AM CDT SAT JUL 25 2015


...................................

...THE TWIN CITIES MN CLIMATE SUMMARY FOR JULY 24 2015...

CLIMATE NORMAL PERIOD 1981 TO 2010
CLIMATE RECORD PERIOD 1871 TO 2015


WEATHER ITEM   OBSERVED TIME   RECORD YEAR NORMAL DEPARTURE LAST
                VALUE   (LST)  VALUE       VALUE  FROM      YEAR
                                                  NORMAL
..................................................................
TEMPERATURE (F)
 YESTERDAY
  MAXIMUM         88    448 PM 104    1941  83      5       82
  MINIMUM         68    606 AM  49    1891  64      4       63
  AVERAGE         78                        74      4       73

PRECIPITATION (IN)
  YESTERDAY        0.23          1.69 2012   0.14   0.09     0.00
  MONTH TO DATE    6.03                      3.09   2.94     1.82
  SINCE JUN 1     10.43                      7.34   3.09    13.18
  SINCE JAN 1     17.76                     16.92   0.84    27.65

SNOWFALL (IN)
  YESTERDAY        0.0           0.0    MM   0.0    0.0      0.0
  MONTH TO DATE    0.0                       0.0    0.0      0.0
  SINCE JUN 1      0.0                       0.0    0.0      0.0
  SINCE JUL 1      0.0                       0.0    0.0      0.0
  SNOW DEPTH       0

DEGREE DAYS
 HEATING
  YESTERDAY        0                         0      0        0
  MONTH TO DATE    2                         0      2        7
  SINCE JUN 1      9                        44    -35       28
  SINCE JUL 1      2                         0      2        7

 COOLING
  YESTERDAY       13                         9      4        8
  MONTH TO DATE  186                       214    -28      162
  SINCE JUN 1    342                       372    -30      324
  SINCE JAN 1    369                       414    -45      376
..................................................................


WIND (MPH)
  HIGHEST WIND SPEED    21   HIGHEST WIND DIRECTION    SE (120)
  HIGHEST GUST SPEED    25   HIGHEST GUST DIRECTION    SE (130)
  AVERAGE WIND SPEED    11.0


SKY COVER
  POSSIBLE SUNSHINE  MM
  AVERAGE SKY COVER 0.5


WEATHER CONDITIONS
 THE FOLLOWING WEATHER WAS RECORDED YESTERDAY.
  THUNDERSTORM
  HEAVY RAIN
  RAIN
  LIGHT RAIN
  FOG


RELATIVE HUMIDITY (PERCENT)
 HIGHEST    93           600 AM
 LOWEST     55           600 PM
 AVERAGE    74

..........................................................


THE TWIN CITIES MN CLIMATE NORMALS FOR TODAY
                         NORMAL    RECORD    YEAR
 MAXIMUM TEMPERATURE (F)   83        99      1999
                                             1941
 MINIMUM TEMPERATURE (F)   64        50      1891


SUNRISE AND SUNSET
JULY 25 2015..........SUNRISE   551 AM CDT   SUNSET   847 PM CDT
JULY 26 2015..........SUNRISE   552 AM CDT   SUNSET   846 PM CDT


-  INDICATES NEGATIVE NUMBERS.
R  INDICATES RECORD WAS SET OR TIED.
MM INDICATES DATA IS MISSING.
T  INDICATES TRACE AMOUNT.




$$
