000
CDUS43 KMPX 090052
CLIMSP


CLIMATE REPORT
NATIONAL WEATHER SERVICE CHANHASSEN MN
750 PM CDT MON SEP 8 2014


...................................

...THE TWIN CITIES MN CLIMATE SUMMARY FOR SEPTEMBER 8 2014...
VALID TODAY AS OF 0700 PM LOCAL TIME.

CLIMATE NORMAL PERIOD 1981 TO 2010
CLIMATE RECORD PERIOD 1871 TO 2014


WEATHER ITEM   OBSERVED TIME   RECORD YEAR NORMAL DEPARTURE LAST
                VALUE   (LST)  VALUE       VALUE  FROM      YEAR
                                                  NORMAL
..................................................................
TEMPERATURE (F)
 TODAY
  MAXIMUM         75    231 PM  99    1931  75      0       77
  MINIMUM         58    417 AM  36    1883  56      2       67
  AVERAGE         67                        65      2       72

PRECIPITATION (IN)
  TODAY            T             1.52 1885   0.11  -0.11      T
  MONTH TO DATE    0.30                      0.87  -0.57      T
  SINCE SEP 1      0.30                      0.87  -0.57      T
  SINCE JAN 1     31.30                     23.04   8.26    26.44

SNOWFALL (IN)
  TODAY            0.0           0.0    MM   0.0    0.0      0.0
  MONTH TO DATE    0.0                       0.0    0.0      0.0
  SINCE SEP 1      0.0                       0.0    0.0      0.0
  SINCE JUL 1      0.0                       0.0    0.0       T
  SNOW DEPTH       0

DEGREE DAYS
 HEATING
  TODAY            0                         3     -3        0
  MONTH TO DATE    4                        17    -13        3
  SINCE SEP 1      4                        17    -13        3
  SINCE JUL 1     11                        36    -25       11

 COOLING
  TODAY            2                         3     -1        7
  MONTH TO DATE   31                        30      1       63
  SINCE SEP 1     31                        30      1       63
  SINCE JAN 1    727                       711     16      912
..................................................................


WIND (MPH)
  HIGHEST WIND SPEED    22   HIGHEST WIND DIRECTION     S (160)
  HIGHEST GUST SPEED    27   HIGHEST GUST DIRECTION     S (160)
  AVERAGE WIND SPEED    11.9


SKY COVER
  POSSIBLE SUNSHINE  MM
  AVERAGE SKY COVER 0.6


WEATHER CONDITIONS
 THE FOLLOWING WEATHER WAS RECORDED TODAY.
  LIGHT RAIN


RELATIVE HUMIDITY (PERCENT)
 HIGHEST    80           300 AM
 LOWEST     49           300 PM
 AVERAGE    65

..........................................................


THE TWIN CITIES MN CLIMATE NORMALS FOR TOMORROW
                         NORMAL    RECORD    YEAR
 MAXIMUM TEMPERATURE (F)   75        95      1947
 MINIMUM TEMPERATURE (F)   56        38      1883


SUNRISE AND SUNSET
SEPTEMBER  8 2014.....SUNRISE   643 AM CDT   SUNSET   737 PM CDT
SEPTEMBER  9 2014.....SUNRISE   644 AM CDT   SUNSET   735 PM CDT


-  INDICATES NEGATIVE NUMBERS.
R  INDICATES RECORD WAS SET OR TIED.
MM INDICATES DATA IS MISSING.
T  INDICATES TRACE AMOUNT.




$$
