000
CDUS43 KMPX 230054
CLIMSP


CLIMATE REPORT
NATIONAL WEATHER SERVICE CHANHASSEN MN
753 PM CDT FRI APR 22 2016


...................................

...THE TWIN CITIES MN CLIMATE SUMMARY FOR APRIL 22 2016...
VALID TODAY AS OF 0700 PM LOCAL TIME.

CLIMATE NORMAL PERIOD 1981 TO 2010
CLIMATE RECORD PERIOD 1871 TO 2016


WEATHER ITEM   OBSERVED TIME   RECORD YEAR NORMAL DEPARTURE LAST
                VALUE   (LST)  VALUE       VALUE  FROM      YEAR
                                                  NORMAL
..................................................................
TEMPERATURE (F)
 TODAY
  MAXIMUM         59    519 PM  90    1980  61     -2       49
  MINIMUM         43    604 AM  23    1874  40      3       32
  AVERAGE         51                        51      0       41

PRECIPITATION (IN)
  TODAY            0.00          2.21 2001   0.09  -0.09     0.00
  MONTH TO DATE    0.99                      1.82  -0.83     2.08
  SINCE MAR 1      3.25                      3.71  -0.46     2.75
  SINCE JAN 1      4.65                      5.38  -0.73     3.44

SNOWFALL (IN)
  TODAY            0.0           5.4  1963   0.0    0.0      0.0
  MONTH TO DATE    0.5                       2.0   -1.5      0.3
  SINCE MAR 1      5.9                      12.3   -6.4      7.1
  SINCE JUL 1     36.7                      54.0  -17.3     32.4
  SNOW DEPTH       0

DEGREE DAYS
 HEATING
  TODAY           14                        15     -1       24
  MONTH TO DATE  383                       430    -47      346
  SINCE MAR 1   1111                      1428   -317     1252
  SINCE JUL 1   5976                      7218  -1242     7217

 COOLING
  TODAY            0                         0      0        0
  MONTH TO DATE    8                         0      8        0
  SINCE MAR 1      8                         0      8        0
  SINCE JAN 1      8                         0      8        0
..................................................................


WIND (MPH)
  HIGHEST WIND SPEED    17   HIGHEST WIND DIRECTION    NE (30)
  HIGHEST GUST SPEED    23   HIGHEST GUST DIRECTION    NE (40)
  AVERAGE WIND SPEED     9.4


SKY COVER
  POSSIBLE SUNSHINE  MM
  AVERAGE SKY COVER 0.7


WEATHER CONDITIONS
 THE FOLLOWING WEATHER WAS RECORDED TODAY.
  NO SIGNIFICANT WEATHER WAS OBSERVED.


RELATIVE HUMIDITY (PERCENT)
 HIGHEST    80           100 AM
 LOWEST     36           600 PM
 AVERAGE    58

..........................................................


THE TWIN CITIES MN CLIMATE NORMALS FOR TOMORROW
                         NORMAL    RECORD    YEAR
 MAXIMUM TEMPERATURE (F)   62        86      1990
 MINIMUM TEMPERATURE (F)   41        19      1910


SUNRISE AND SUNSET
APRIL 22 2016.........SUNRISE   616 AM CDT   SUNSET   808 PM CDT
APRIL 23 2016.........SUNRISE   614 AM CDT   SUNSET   809 PM CDT


-  INDICATES NEGATIVE NUMBERS.
R  INDICATES RECORD WAS SET OR TIED.
MM INDICATES DATA IS MISSING.
T  INDICATES TRACE AMOUNT.




$$
