000
CDUS43 KMPX 112124
CLIMSP


CLIMATE REPORT
NATIONAL WEATHER SERVICE CHANHASSEN MN
423 PM CDT WED MAY 11 2016


...................................

...THE TWIN CITIES MN CLIMATE SUMMARY FOR MAY 11 2016...
VALID AS OF 0400 PM LOCAL TIME.

CLIMATE NORMAL PERIOD 1981 TO 2010
CLIMATE RECORD PERIOD 1871 TO 2016


WEATHER ITEM   OBSERVED TIME   RECORD YEAR NORMAL DEPARTURE LAST
                VALUE   (LST)  VALUE       VALUE  FROM      YEAR
                                                  NORMAL
..................................................................
TEMPERATURE (F)
 TODAY
  MAXIMUM         55    259 PM  88    1900  68    -13       55
  MINIMUM         49    643 AM  27    1946  47      2       44
  AVERAGE         52                        58     -6       50

PRECIPITATION (IN)
  TODAY            0.06          1.55 1935   0.11  -0.05     0.07
  MONTH TO DATE    0.98                      1.21  -0.23     1.24
  SINCE MAR 1      6.08                      5.76   0.32     4.33
  SINCE JAN 1      7.48                      7.43   0.05     5.02

SNOWFALL (IN)
  TODAY            0.0           2.8  1946   0.0    0.0      0.0
  MONTH TO DATE    0.0                       0.0    0.0      0.0
  SINCE MAR 1      5.9                      12.7   -6.8      7.1
  SINCE JUL 1     36.7                      54.4  -17.7     32.4
  SNOW DEPTH       0

DEGREE DAYS
 HEATING
  TODAY           13                         8      5       15
  MONTH TO DATE   79                       104    -25       58
  SINCE MAR 1   1316                      1632   -316     1415
  SINCE JUL 1   6181                      7422  -1241     7380

 COOLING
  TODAY            0                         1     -1        0
  MONTH TO DATE   11                         9      2       12
  SINCE MAR 1     19                        14      5       12
  SINCE JAN 1     19                        14      5       12
..................................................................


WIND (MPH)
  HIGHEST WIND SPEED    13   HIGHEST WIND DIRECTION     E (100)
  HIGHEST GUST SPEED    16   HIGHEST GUST DIRECTION     E (100)
  AVERAGE WIND SPEED     8.1


SKY COVER
  POSSIBLE SUNSHINE  MM
  AVERAGE SKY COVER 1.0


WEATHER CONDITIONS
 THE FOLLOWING WEATHER WAS RECORDED TODAY.
  RAIN
  LIGHT RAIN
  FOG


RELATIVE HUMIDITY (PERCENT)
 HIGHEST   100           600 AM
 LOWEST     80          1200 AM
 AVERAGE    90

..........................................................


THE TWIN CITIES MN CLIMATE NORMALS FOR TOMORROW
                         NORMAL    RECORD    YEAR
 MAXIMUM TEMPERATURE (F)   68        90      1961
                                             1900
 MINIMUM TEMPERATURE (F)   48        28      1946


SUNRISE AND SUNSET
MAY 11 2016...........SUNRISE   548 AM CDT   SUNSET   831 PM CDT
MAY 12 2016...........SUNRISE   547 AM CDT   SUNSET   832 PM CDT


-  INDICATES NEGATIVE NUMBERS.
R  INDICATES RECORD WAS SET OR TIED.
MM INDICATES DATA IS MISSING.
T  INDICATES TRACE AMOUNT.




$$
