000
CDUS43 KMPX 030028
CLIMSP


CLIMATE REPORT
NATIONAL WEATHER SERVICE CHANHASSEN MN
628 PM CST TUE JAN 2 2018


...................................

...THE TWIN CITIES MN CLIMATE SUMMARY FOR JANUARY 2 2018...
VALID TODAY AS OF 0600 PM LOCAL TIME.

CLIMATE NORMAL PERIOD 1981 TO 2010
CLIMATE RECORD PERIOD 1871 TO 2018


WEATHER ITEM   OBSERVED TIME   RECORD YEAR NORMAL DEPARTURE LAST
                VALUE   (LST)  VALUE       VALUE  FROM      YEAR
                                                  NORMAL
..................................................................
TEMPERATURE (F)
 TODAY
  MAXIMUM         13    352 PM  45    1998  24    -11       33
                                      1897
  MINIMUM        -10    734 AM -36    1885   8    -18       28
  AVERAGE          2                        16    -14       31

PRECIPITATION (IN)
  TODAY            T             0.46 1999   0.03  -0.03     0.02
  MONTH TO DATE    T                         0.06  -0.06     0.02
  SINCE DEC 1      0.79                      1.22  -0.43     2.16
  SINCE JAN 1      T                         0.06  -0.06     0.02

SNOWFALL (IN)
  TODAY            0.1           6.1  1999   0.4   -0.3       T
  MONTH TO DATE    0.1                       0.8   -0.7       T
  SINCE DEC 1      6.5                      12.7   -6.2     15.8
  SINCE JUL 1      7.2                      22.6  -15.4     18.1
  SNOW DEPTH       3

DEGREE DAYS
 HEATING
  TODAY           63                        49     14       34
  MONTH TO DATE  134                        98     36       72
  SINCE DEC 1   1557                      1502     55     1430
  SINCE JUL 1   2967                      3121   -154     2474

 COOLING
  TODAY            0                         0      0        0
  MONTH TO DATE    0                         0      0        0
  SINCE DEC 1      0                         0      0        0
  SINCE JAN 1      0                         0      0        0
..................................................................


WIND (MPH)
  HIGHEST WIND SPEED    23   HIGHEST WIND DIRECTION    SW (230)
  HIGHEST GUST SPEED    28   HIGHEST GUST DIRECTION    SW (220)
  AVERAGE WIND SPEED    10.0


SKY COVER
  POSSIBLE SUNSHINE  MM
  AVERAGE SKY COVER 0.4


WEATHER CONDITIONS
 THE FOLLOWING WEATHER WAS RECORDED TODAY.
  LIGHT SNOW
  FOG
  HAZE


RELATIVE HUMIDITY (PERCENT)
 HIGHEST    92           300 AM
 LOWEST     61           200 PM
 AVERAGE    77

..........................................................


THE TWIN CITIES MN CLIMATE NORMALS FOR TOMORROW
                         NORMAL    RECORD    YEAR
 MAXIMUM TEMPERATURE (F)   24        46      1880
 MINIMUM TEMPERATURE (F)    8       -26      1887


SUNRISE AND SUNSET
JANUARY  2 2018.......SUNRISE   751 AM CST   SUNSET   443 PM CST
JANUARY  3 2018.......SUNRISE   751 AM CST   SUNSET   444 PM CST


-  INDICATES NEGATIVE NUMBERS.
R  INDICATES RECORD WAS SET OR TIED.
MM INDICATES DATA IS MISSING.
T  INDICATES TRACE AMOUNT.




$$
