000
CDUS43 KMPX 140655
CLIMSP


CLIMATE REPORT
NATIONAL WEATHER SERVICE CHANHASSEN MN
155 AM CDT WED JUN 14 2017


...................................

...THE TWIN CITIES MN CLIMATE SUMMARY FOR JUNE 13 2017...

CLIMATE NORMAL PERIOD 1981 TO 2010
CLIMATE RECORD PERIOD 1871 TO 2017


WEATHER ITEM   OBSERVED TIME   RECORD YEAR NORMAL DEPARTURE LAST
                VALUE   (LST)  VALUE       VALUE  FROM      YEAR
                                                  NORMAL
..................................................................
TEMPERATURE (F)
 YESTERDAY
  MAXIMUM         91    511 PM 100    1956  78     13       78
  MINIMUM         66   1159 PM  37    1969  58      8       64
  AVERAGE         79                        68     11       71

PRECIPITATION (IN)
  YESTERDAY        0.14          2.37 2001   0.15  -0.01     0.40
  MONTH TO DATE    2.18                      1.74   0.44     2.23
  SINCE JUN 1      2.18                      1.74   0.44     2.23
  SINCE JAN 1     13.73                     11.32   2.41    11.15

SNOWFALL (IN)
  YESTERDAY        0.0           0.0    MM   0.0    0.0      0.0
  MONTH TO DATE    T                         0.0    0.0      0.0
  SINCE JUN 1      T                         0.0    0.0      0.0
  SINCE JUL 1     32.0                      54.4  -22.4     36.7
  SNOW DEPTH       0

DEGREE DAYS
 HEATING
  YESTERDAY        0                         1     -1        0
  MONTH TO DATE    1                        32    -31        7
  SINCE JUN 1      1                        32    -31        7
  SINCE JUL 1   6299                      7568  -1269     6283

 COOLING
  YESTERDAY       14                         5      9        6
  MONTH TO DATE  130                        46     84       60
  SINCE JUN 1    130                        46     84       60
  SINCE JAN 1    151                        88     63      136
..................................................................


WIND (MPH)
  HIGHEST WIND SPEED    26   HIGHEST WIND DIRECTION    SE (120)
  HIGHEST GUST SPEED    46   HIGHEST GUST DIRECTION    SW (230)
  AVERAGE WIND SPEED    14.2


SKY COVER
  POSSIBLE SUNSHINE  MM
  AVERAGE SKY COVER 0.7


WEATHER CONDITIONS
 THE FOLLOWING WEATHER WAS RECORDED YESTERDAY.
  THUNDERSTORM
  RAIN
  LIGHT RAIN
  FOG


RELATIVE HUMIDITY (PERCENT)
 HIGHEST    87          1200 AM
 LOWEST     49           500 PM
 AVERAGE    68

..........................................................


THE TWIN CITIES MN CLIMATE NORMALS FOR TODAY
                         NORMAL    RECORD    YEAR
 MAXIMUM TEMPERATURE (F)   79        98      1987
 MINIMUM TEMPERATURE (F)   59        44      1927
                                             1917
                                             1909


SUNRISE AND SUNSET
JUNE 14 2017..........SUNRISE   526 AM CDT   SUNSET   901 PM CDT
JUNE 15 2017..........SUNRISE   526 AM CDT   SUNSET   901 PM CDT


-  INDICATES NEGATIVE NUMBERS.
R  INDICATES RECORD WAS SET OR TIED.
MM INDICATES DATA IS MISSING.
T  INDICATES TRACE AMOUNT.




$$
