000
CDUS43 KMPX 080124
CLIMSP


CLIMATE REPORT
NATIONAL WEATHER SERVICE CHANHASSEN MN
723 PM CST TUE FEB 7 2017


...................................

...THE TWIN CITIES MN CLIMATE SUMMARY FOR FEBRUARY 7 2017...
VALID TODAY AS OF 0700 PM LOCAL TIME.

CLIMATE NORMAL PERIOD 1981 TO 2010
CLIMATE RECORD PERIOD 1871 TO 2017


WEATHER ITEM   OBSERVED TIME   RECORD YEAR NORMAL DEPARTURE LAST
                VALUE   (LST)  VALUE       VALUE  FROM      YEAR
                                                  NORMAL
..................................................................
TEMPERATURE (F)
 TODAY
  MAXIMUM         32   1232 AM  53    1987  27      5       40
  MINIMUM         20    559 PM -29    1875  10     10       16
  AVERAGE         26                        18      8       28

PRECIPITATION (IN)
  TODAY            0.01          0.94 1928   0.02  -0.01     0.02
  MONTH TO DATE    0.01                      0.16  -0.15     0.60
  SINCE DEC 1      3.13                      2.22   0.91     3.23
  SINCE JAN 1      0.99                      1.06  -0.07     0.91

SNOWFALL (IN)
  TODAY            T             3.0  1892   0.3   -0.3      0.4
                                      1904
                                      1932
  MONTH TO DATE    0.3                       2.0   -1.7     10.1
  SINCE DEC 1     24.5                      26.1   -1.6     23.7
  SINCE JUL 1     26.8                      36.0   -9.2     28.8
  SNOW DEPTH       T

DEGREE DAYS
 HEATING
  TODAY           39                        47     -8       37
  MONTH TO DATE  304                       333    -29      286
  SINCE DEC 1   3022                      3268   -246     2820
  SINCE JUL 1   4066                      4887   -821     3995

 COOLING
  TODAY            0                         0      0        0
  MONTH TO DATE    0                         0      0        0
  SINCE DEC 1      0                         0      0        0
  SINCE JAN 1      0                         0      0        0
..................................................................


WIND (MPH)
  HIGHEST WIND SPEED    23   HIGHEST WIND DIRECTION    NW (320)
  HIGHEST GUST SPEED    31   HIGHEST GUST DIRECTION    NW (320)
  AVERAGE WIND SPEED    12.8


SKY COVER
  POSSIBLE SUNSHINE  MM
  AVERAGE SKY COVER 1.0


WEATHER CONDITIONS
 THE FOLLOWING WEATHER WAS RECORDED TODAY.
  LT FREEZING RAIN
  LIGHT SNOW
  FOG
  HAZE


RELATIVE HUMIDITY (PERCENT)
 HIGHEST    92           700 AM
 LOWEST     66          1200 AM
 AVERAGE    79

..........................................................


THE TWIN CITIES MN CLIMATE NORMALS FOR TOMORROW
                         NORMAL    RECORD    YEAR
 MAXIMUM TEMPERATURE (F)   27        50      2002
                                             1991
 MINIMUM TEMPERATURE (F)   10       -29      1899


SUNRISE AND SUNSET
FEBRUARY  7 2017......SUNRISE   724 AM CST   SUNSET   530 PM CST
FEBRUARY  8 2017......SUNRISE   723 AM CST   SUNSET   532 PM CST


-  INDICATES NEGATIVE NUMBERS.
R  INDICATES RECORD WAS SET OR TIED.
MM INDICATES DATA IS MISSING.
T  INDICATES TRACE AMOUNT.




$$
