000
CDUS43 KMPX 110911
CLIMSP


CLIMATE REPORT
NATIONAL WEATHER SERVICE CHANHASSEN MN
411 AM CDT TUE JUL 11 2017


...................................

...THE TWIN CITIES MN CLIMATE SUMMARY FOR JULY 10 2017...

CLIMATE NORMAL PERIOD 1981 TO 2010
CLIMATE RECORD PERIOD 1871 TO 2017


WEATHER ITEM   OBSERVED TIME   RECORD YEAR NORMAL DEPARTURE LAST
                VALUE   (LST)  VALUE       VALUE  FROM      YEAR
                                                  NORMAL
..................................................................
TEMPERATURE (F)
 YESTERDAY
  MAXIMUM         86    423 PM 106    1936  84      2       82
  MINIMUM         69    540 AM  49    1996  64      5       66
                                      1945
  AVERAGE         78                        74      4       74

PRECIPITATION (IN)
  YESTERDAY        0.00          1.93 2002   0.13  -0.13     0.40
  MONTH TO DATE    0.38                      1.28  -0.90     1.68
  SINCE JUN 1      4.61                      5.53  -0.92     6.17
  SINCE JAN 1     16.16                     15.11   1.05    15.09

SNOWFALL (IN)
  YESTERDAY        0.0           0.0    MM   0.0    0.0      0.0
  MONTH TO DATE    0.0                       0.0    0.0      0.0
  SINCE JUN 1      T                         0.0    0.0      0.0
  SINCE JUL 1      0.0                       0.0    0.0      0.0
  SNOW DEPTH       0

DEGREE DAYS
 HEATING
  YESTERDAY        0                         0      0        0
  MONTH TO DATE    0                         0      0        1
  SINCE JUN 1     12                        44    -32        8
  SINCE JUL 1      0                         0      0        1

 COOLING
  YESTERDAY       13                         9      4        9
  MONTH TO DATE  112                        88     24       79
  SINCE JUN 1    322                       246     76      282
  SINCE JAN 1    343                       288     55      358
..................................................................


WIND (MPH)
  HIGHEST WIND SPEED    14   HIGHEST WIND DIRECTION     N (360)
  HIGHEST GUST SPEED    24   HIGHEST GUST DIRECTION     N (10)
  AVERAGE WIND SPEED     6.9


SKY COVER
  POSSIBLE SUNSHINE  MM
  AVERAGE SKY COVER 0.7


WEATHER CONDITIONS
 THE FOLLOWING WEATHER WAS RECORDED YESTERDAY.
  HAZE


RELATIVE HUMIDITY (PERCENT)
 HIGHEST    90           100 AM
 LOWEST     43           700 PM
 AVERAGE    67

..........................................................


THE TWIN CITIES MN CLIMATE NORMALS FOR TODAY
                         NORMAL    RECORD    YEAR
 MAXIMUM TEMPERATURE (F)   84       106      1936
 MINIMUM TEMPERATURE (F)   64        49      1945


SUNRISE AND SUNSET
JULY 11 2017..........SUNRISE   538 AM CDT   SUNSET   859 PM CDT
JULY 12 2017..........SUNRISE   539 AM CDT   SUNSET   858 PM CDT


-  INDICATES NEGATIVE NUMBERS.
R  INDICATES RECORD WAS SET OR TIED.
MM INDICATES DATA IS MISSING.
T  INDICATES TRACE AMOUNT.




$$
