000
CDUS43 KMPX 150639
CLIMSP


CLIMATE REPORT
NATIONAL WEATHER SERVICE CHANHASSEN MN
138 AM CDT THU SEP 15 2016


...................................

...THE TWIN CITIES MN CLIMATE SUMMARY FOR SEPTEMBER 14 2016...

CLIMATE NORMAL PERIOD 1981 TO 2010
CLIMATE RECORD PERIOD 1871 TO 2016


WEATHER ITEM   OBSERVED TIME   RECORD YEAR NORMAL DEPARTURE LAST
                VALUE   (LST)  VALUE       VALUE  FROM      YEAR
                                                  NORMAL
..................................................................
TEMPERATURE (F)
 YESTERDAY
  MAXIMUM         70    350 PM  98    1939  73     -3       83
  MINIMUM         47    604 AM  33    1996  53     -6       58
  AVERAGE         59                        63     -4       71

PRECIPITATION (IN)
  YESTERDAY        0.00          1.60 1994   0.10  -0.10     0.01
  MONTH TO DATE    1.66                      1.50   0.16     1.41
  SINCE SEP 1      1.66                      1.50   0.16     1.41
  SINCE JAN 1     27.98                     23.67   4.31    23.45

SNOWFALL (IN)
  YESTERDAY        0.0           0.0    MM   0.0    0.0      0.0
  MONTH TO DATE    0.0                       0.0    0.0      0.0
  SINCE SEP 1      0.0                       0.0    0.0      0.0
  SINCE JUL 1      0.0                       0.0    0.0      0.0
  SNOW DEPTH       0

DEGREE DAYS
 HEATING
  YESTERDAY        6                         4      2        0
  MONTH TO DATE   10                        39    -29       20
  SINCE SEP 1     10                        39    -29       20
  SINCE JUL 1     13                        58    -45       35

 COOLING
  YESTERDAY        0                         2     -2        6
  MONTH TO DATE   61                        46     15       97
  SINCE SEP 1     61                        46     15       97
  SINCE JAN 1    932                       727    205      746
..................................................................


WIND (MPH)
  HIGHEST WIND SPEED    13   HIGHEST WIND DIRECTION     N (10)
  HIGHEST GUST SPEED    14   HIGHEST GUST DIRECTION     N (10)
  AVERAGE WIND SPEED     5.1


SKY COVER
  POSSIBLE SUNSHINE  MM
  AVERAGE SKY COVER 0.1


WEATHER CONDITIONS
 THE FOLLOWING WEATHER WAS RECORDED YESTERDAY.
  NO SIGNIFICANT WEATHER WAS OBSERVED.


RELATIVE HUMIDITY (PERCENT)
 HIGHEST    80           400 AM
 LOWEST     44           400 PM
 AVERAGE    62

..........................................................


THE TWIN CITIES MN CLIMATE NORMALS FOR TODAY
                         NORMAL    RECORD    YEAR
 MAXIMUM TEMPERATURE (F)   72        98      1939
 MINIMUM TEMPERATURE (F)   53        36      2011
                                             2007
                                             1964


SUNRISE AND SUNSET
SEPTEMBER 15 2016.....SUNRISE   652 AM CDT   SUNSET   723 PM CDT
SEPTEMBER 16 2016.....SUNRISE   653 AM CDT   SUNSET   721 PM CDT


-  INDICATES NEGATIVE NUMBERS.
R  INDICATES RECORD WAS SET OR TIED.
MM INDICATES DATA IS MISSING.
T  INDICATES TRACE AMOUNT.




$$
