000
CDUS43 KMPX 142158
CLIMSP


CLIMATE REPORT
NATIONAL WEATHER SERVICE CHANHASSEN MN
457 PM CDT THU APR 14 2016


...................................

...THE TWIN CITIES MN CLIMATE SUMMARY FOR APRIL 14 2016...
VALID AS OF 0400 PM LOCAL TIME.

CLIMATE NORMAL PERIOD 1981 TO 2010
CLIMATE RECORD PERIOD 1871 TO 2016


WEATHER ITEM   OBSERVED TIME   RECORD YEAR NORMAL DEPARTURE LAST
                VALUE   (LST)  VALUE       VALUE  FROM      YEAR
                                                  NORMAL
..................................................................
TEMPERATURE (F)
 TODAY
  MAXIMUM         76    259 PM  89    2003  57     19       72
  MINIMUM         49    423 AM  18    1928  37     12       38
                                      1926
  AVERAGE         63                        47     16       55

PRECIPITATION (IN)
  TODAY            0.00          1.56 1983   0.09  -0.09     0.00
  MONTH TO DATE    0.15                      1.11  -0.96     1.82
  SINCE MAR 1      2.41                      3.00  -0.59     2.49
  SINCE JAN 1      3.81                      4.67  -0.86     3.18

SNOWFALL (IN)
  TODAY            0.0          13.6  1983   0.1   -0.1      0.0
  MONTH TO DATE    0.5                       1.5   -1.0      0.3
  SINCE MAR 1      5.9                      11.8   -5.9      7.1
  SINCE JUL 1     36.7                      53.5  -16.8     32.4
  SNOW DEPTH       0

DEGREE DAYS
 HEATING
  TODAY            2                        18    -16       10
  MONTH TO DATE  344                       301     43      243
  SINCE MAR 1   1072                      1299   -227     1149
  SINCE JUL 1   5937                      7089  -1152     7114

 COOLING
  TODAY            0                         0      0        0
  MONTH TO DATE    0                         0      0        0
  SINCE MAR 1      0                         0      0        0
  SINCE JAN 1      0                         0      0        0
..................................................................


WIND (MPH)
  HIGHEST WIND SPEED    24   HIGHEST WIND DIRECTION     S (180)
  HIGHEST GUST SPEED    34   HIGHEST GUST DIRECTION     S (170)
  AVERAGE WIND SPEED    13.7


SKY COVER
  POSSIBLE SUNSHINE  MM
  AVERAGE SKY COVER 0.2


WEATHER CONDITIONS
 THE FOLLOWING WEATHER WAS RECORDED TODAY.
  HAZE


RELATIVE HUMIDITY (PERCENT)
 HIGHEST    50           300 AM
 LOWEST     29           300 PM
 AVERAGE    40

..........................................................


THE TWIN CITIES MN CLIMATE NORMALS FOR TOMORROW
                         NORMAL    RECORD    YEAR
 MAXIMUM TEMPERATURE (F)   58        91      2002
 MINIMUM TEMPERATURE (F)   37        18      2014
                                             1935
                                             1875


SUNRISE AND SUNSET
APRIL 14 2016.........SUNRISE   629 AM CDT   SUNSET   758 PM CDT
APRIL 15 2016.........SUNRISE   627 AM CDT   SUNSET   759 PM CDT


-  INDICATES NEGATIVE NUMBERS.
R  INDICATES RECORD WAS SET OR TIED.
MM INDICATES DATA IS MISSING.
T  INDICATES TRACE AMOUNT.




$$
