000
CDUS43 KMPX 060052
CLIMSP


CLIMATE REPORT
NATIONAL WEATHER SERVICE CHANHASSEN MN
752 PM CDT THU OCT 5 2017


...................................

...THE TWIN CITIES MN CLIMATE SUMMARY FOR OCTOBER 5 2017...
VALID TODAY AS OF 0700 PM LOCAL TIME.

CLIMATE NORMAL PERIOD 1981 TO 2010
CLIMATE RECORD PERIOD 1871 TO 2017


WEATHER ITEM   OBSERVED TIME   RECORD YEAR NORMAL DEPARTURE LAST
                VALUE   (LST)  VALUE       VALUE  FROM      YEAR
                                                  NORMAL
..................................................................
TEMPERATURE (F)
 TODAY
  MAXIMUM         65   1233 PM  88    2011  63      2       65
  MINIMUM         48    150 AM  25    1952  44      4       56
  AVERAGE         57                        53      4       61

PRECIPITATION (IN)
  TODAY            T             2.31 1911   0.09  -0.09     0.60
  MONTH TO DATE    2.59                      0.49   2.10     0.73
  SINCE SEP 1      3.63                      3.57   0.06     6.20
  SINCE JAN 1     29.28                     25.74   3.54    32.52

SNOWFALL (IN)
  TODAY            0.0           T    1952   0.0    0.0      0.0
                                      1991
  MONTH TO DATE    0.0                       0.0    0.0      0.0
  SINCE SEP 1      0.0                       T      0.0       T
  SINCE JUL 1      0.0                       T      0.0       T
  SNOW DEPTH       0

DEGREE DAYS
 HEATING
  TODAY            8                        12     -4        4
  MONTH TO DATE   31                        56    -25        7
  SINCE SEP 1     96                       210   -114       57
  SINCE JUL 1    103                       229   -126       60

 COOLING
  TODAY            0                         0      0        0
  MONTH TO DATE    0                         3     -3        2
  SINCE SEP 1    141                        69     72       93
  SINCE JAN 1    829                       750     79      964
..................................................................


WIND (MPH)
  HIGHEST WIND SPEED    12   HIGHEST WIND DIRECTION    SE (130)
  HIGHEST GUST SPEED    15   HIGHEST GUST DIRECTION    SE (120)
  AVERAGE WIND SPEED     3.6


SKY COVER
  POSSIBLE SUNSHINE  MM
  AVERAGE SKY COVER 0.9


WEATHER CONDITIONS
 THE FOLLOWING WEATHER WAS RECORDED TODAY.
  HAZE


RELATIVE HUMIDITY (PERCENT)
 HIGHEST    86           200 AM
 LOWEST     56           100 PM
 AVERAGE    71

..........................................................


THE TWIN CITIES MN CLIMATE NORMALS FOR TOMORROW
                         NORMAL    RECORD    YEAR
 MAXIMUM TEMPERATURE (F)   63        87      2007
 MINIMUM TEMPERATURE (F)   43        25      1873


SUNRISE AND SUNSET
OCTOBER  5 2017.......SUNRISE   716 AM CDT   SUNSET   645 PM CDT
OCTOBER  6 2017.......SUNRISE   717 AM CDT   SUNSET   644 PM CDT


-  INDICATES NEGATIVE NUMBERS.
R  INDICATES RECORD WAS SET OR TIED.
MM INDICATES DATA IS MISSING.
T  INDICATES TRACE AMOUNT.




$$
