000
CDUS43 KMPX 122130
CLIMSP


CLIMATE REPORT
NATIONAL WEATHER SERVICE CHANHASSEN MN
429 PM CDT SAT AUG 12 2017


...................................

...THE TWIN CITIES MN CLIMATE SUMMARY FOR AUGUST 12 2017...
VALID TODAY AS OF 0400 PM LOCAL TIME.

CLIMATE NORMAL PERIOD 1981 TO 2010
CLIMATE RECORD PERIOD 1871 TO 2017


WEATHER ITEM   OBSERVED TIME   RECORD YEAR NORMAL DEPARTURE LAST
                VALUE   (LST)  VALUE       VALUE  FROM      YEAR
                                                  NORMAL
..................................................................
TEMPERATURE (F)
 TODAY
  MAXIMUM         80    232 PM  94    1965  81     -1       82
                                      1886
  MINIMUM         58    530 AM  45    1961  63     -5       68
  AVERAGE         69                        72     -3       75

PRECIPITATION (IN)
  TODAY            0.00          2.42 1985   0.15  -0.15     0.33
  MONTH TO DATE    1.34                      1.76  -0.42     4.10
  SINCE JUN 1      8.69                     10.05  -1.36    13.68
  SINCE JAN 1     20.24                     19.63   0.61    22.60

SNOWFALL (IN)
  TODAY            0.0           0.0    MM   0.0    0.0      0.0
  MONTH TO DATE    0.0                       0.0    0.0      0.0
  SINCE JUN 1      T                         0.0    0.0      0.0
  SINCE JUL 1      0.0                       0.0    0.0      0.0
  SNOW DEPTH       0

DEGREE DAYS
 HEATING
  TODAY            0                         0      0        0
  MONTH TO DATE    4                         0      4        0
  SINCE JUN 1     16                        49    -33        8
  SINCE JUL 1      4                         5     -1        1

 COOLING
  TODAY            4                         7     -3       10
  MONTH TO DATE   58                        93    -35      141
  SINCE JUN 1    596                       527     69      668
  SINCE JAN 1    617                       569     48      744
..................................................................


WIND (MPH)
  HIGHEST WIND SPEED    10   HIGHEST WIND DIRECTION     E (110)
  HIGHEST GUST SPEED    13   HIGHEST GUST DIRECTION     E (110)
  AVERAGE WIND SPEED     2.7


SKY COVER
  POSSIBLE SUNSHINE  MM
  AVERAGE SKY COVER 0.2


WEATHER CONDITIONS
 THE FOLLOWING WEATHER WAS RECORDED TODAY.
  NO SIGNIFICANT WEATHER WAS OBSERVED.


RELATIVE HUMIDITY (PERCENT)
 HIGHEST    80           500 AM
 LOWEST     37           200 PM
 AVERAGE    59

..........................................................


THE TWIN CITIES MN CLIMATE NORMALS FOR TOMORROW
                         NORMAL    RECORD    YEAR
 MAXIMUM TEMPERATURE (F)   81        98      1880
 MINIMUM TEMPERATURE (F)   63        48      1997
                                             1924


SUNRISE AND SUNSET
AUGUST 12 2017........SUNRISE   612 AM CDT   SUNSET   823 PM CDT
AUGUST 13 2017........SUNRISE   613 AM CDT   SUNSET   822 PM CDT


-  INDICATES NEGATIVE NUMBERS.
R  INDICATES RECORD WAS SET OR TIED.
MM INDICATES DATA IS MISSING.
T  INDICATES TRACE AMOUNT.




$$
