681
CDUS43 KMPX 300144
CLIMSP


CLIMATE REPORT
NATIONAL WEATHER SERVICE CHANHASSEN MN
744 PM CST FRI JAN 29 2016


...................................

...THE TWIN CITIES MN CLIMATE SUMMARY FOR JANUARY 29 2016...
VALID TODAY AS OF 0700 PM LOCAL TIME.

CLIMATE NORMAL PERIOD 1981 TO 2010
CLIMATE RECORD PERIOD 1871 TO 2016


WEATHER ITEM   OBSERVED TIME   RECORD YEAR NORMAL DEPARTURE LAST
                VALUE   (LST)  VALUE       VALUE  FROM      YEAR
                                                  NORMAL
..................................................................
TEMPERATURE (F)
 TODAY
  MAXIMUM         32    555 PM  49    1931  25      7       34
  MINIMUM         18   1236 AM -29    1951   8     10       15
  AVERAGE         25                        16      9       25

PRECIPITATION (IN)
  TODAY            0.00          0.52 2001   0.03  -0.03      T
  MONTH TO DATE    0.29                      0.85  -0.56     0.34
  SINCE DEC 1      2.61                      2.01   0.60     1.20
  SINCE JAN 1      0.29                      0.85  -0.56     0.34

SNOWFALL (IN)
  TODAY            0.0           5.3  1967   0.3   -0.3      0.0
  MONTH TO DATE    4.1                      11.5   -7.4      5.4
  SINCE DEC 1     13.6                      23.4   -9.8     11.0
  SINCE JUL 1     18.7                      33.3  -14.6     20.4
  SNOW DEPTH       3

DEGREE DAYS
 HEATING
  TODAY           40                        49     -9       40
  MONTH TO DATE 1405                      1437    -32     1331
  SINCE DEC 1   2476                      2841   -365     2584
  SINCE JUL 1   3651                      4460   -809     4377

 COOLING
  TODAY            0                         0      0        0
  MONTH TO DATE    0                         0      0        0
  SINCE DEC 1      0                         0      0        0
  SINCE JAN 1      0                         0      0        0
..................................................................


WIND (MPH)
  HIGHEST WIND SPEED    23   HIGHEST WIND DIRECTION     S (160)
  HIGHEST GUST SPEED    30   HIGHEST GUST DIRECTION     S (160)
  AVERAGE WIND SPEED    10.8


SKY COVER
  POSSIBLE SUNSHINE  MM
  AVERAGE SKY COVER 0.8


WEATHER CONDITIONS
 THE FOLLOWING WEATHER WAS RECORDED TODAY.
  NO SIGNIFICANT WEATHER WAS OBSERVED.


RELATIVE HUMIDITY (PERCENT)
 HIGHEST    84           100 AM
 LOWEST     63           100 PM
 AVERAGE    74

..........................................................


THE TWIN CITIES MN CLIMATE NORMALS FOR TOMORROW
                         NORMAL    RECORD    YEAR
 MAXIMUM TEMPERATURE (F)   25        48      1989
                                             1879
 MINIMUM TEMPERATURE (F)    8       -30      1887


SUNRISE AND SUNSET
JANUARY 29 2016.......SUNRISE   736 AM CST   SUNSET   516 PM CST
JANUARY 30 2016.......SUNRISE   735 AM CST   SUNSET   518 PM CST


-  INDICATES NEGATIVE NUMBERS.
R  INDICATES RECORD WAS SET OR TIED.
MM INDICATES DATA IS MISSING.
T  INDICATES TRACE AMOUNT.




$$
