000
CDUS43 KMPX 160802
CLIMSP


CLIMATE REPORT
NATIONAL WEATHER SERVICE CHANHASSEN MN
302 AM CDT THU MAR 16 2017


...................................

...THE TWIN CITIES MN CLIMATE SUMMARY FOR MARCH 15 2017...

CLIMATE NORMAL PERIOD 1981 TO 2010
CLIMATE RECORD PERIOD 1871 TO 2017


WEATHER ITEM   OBSERVED TIME   RECORD YEAR NORMAL DEPARTURE LAST
                VALUE   (LST)  VALUE       VALUE  FROM      YEAR
                                                  NORMAL
..................................................................
TEMPERATURE (F)
 YESTERDAY
  MAXIMUM         32    234 PM  70    2015  41     -9       55
  MINIMUM         12    715 AM  -7    1897  24    -12       45
  AVERAGE         22                        32    -10       50

PRECIPITATION (IN)
  YESTERDAY        0.00          0.85 1945   0.06  -0.06     0.85
  MONTH TO DATE    0.39                      0.80  -0.41     0.91
  SINCE MAR 1      0.39                      0.80  -0.41     0.91
  SINCE JAN 1      2.01                      2.47  -0.46     2.31

SNOWFALL (IN)
  YESTERDAY        0.0           5.0  1899   0.3   -0.3      0.0
  MONTH TO DATE    4.7                       6.0   -1.3      0.4
  SINCE MAR 1      4.7                       6.0   -1.3      0.4
  SINCE JUL 1     31.5                      47.7  -16.2     31.2
  SNOW DEPTH       2

DEGREE DAYS
 HEATING
  YESTERDAY       43                        33     10       15
  MONTH TO DATE  564                       538     26      339
  SINCE MAR 1    564                       538     26      339
  SINCE JUL 1   5265                      6328  -1063     5204

 COOLING
  YESTERDAY        0                         0      0        0
  MONTH TO DATE    0                         0      0        0
  SINCE MAR 1      0                         0      0        0
  SINCE JAN 1      0                         0      0        0
..................................................................


WIND (MPH)
  HIGHEST WIND SPEED    14   HIGHEST WIND DIRECTION    SW (230)
  HIGHEST GUST SPEED    17   HIGHEST GUST DIRECTION    SW (220)
  AVERAGE WIND SPEED     4.9


SKY COVER
  POSSIBLE SUNSHINE  MM
  AVERAGE SKY COVER 0.2


WEATHER CONDITIONS
 THE FOLLOWING WEATHER WAS RECORDED YESTERDAY.
  NO SIGNIFICANT WEATHER WAS OBSERVED.


RELATIVE HUMIDITY (PERCENT)
 HIGHEST    70           500 AM
 LOWEST     31           100 PM
 AVERAGE    51

..........................................................


THE TWIN CITIES MN CLIMATE NORMALS FOR TODAY
                         NORMAL    RECORD    YEAR
 MAXIMUM TEMPERATURE (F)   41        79      2012
 MINIMUM TEMPERATURE (F)   24       -10      1900


SUNRISE AND SUNSET
MARCH 16 2017.........SUNRISE   723 AM CDT   SUNSET   721 PM CDT
MARCH 17 2017.........SUNRISE   721 AM CDT   SUNSET   722 PM CDT


-  INDICATES NEGATIVE NUMBERS.
R  INDICATES RECORD WAS SET OR TIED.
MM INDICATES DATA IS MISSING.
T  INDICATES TRACE AMOUNT.




$$
