000
CDUS43 KMPX 160102
CLIMSP


CLIMATE REPORT
NATIONAL WEATHER SERVICE CHANHASSEN MN
801 PM CDT FRI MAY 15 2015


...................................

...THE TWIN CITIES MN CLIMATE SUMMARY FOR MAY 15 2015...
VALID TODAY AS OF 0800 PM LOCAL TIME.

CLIMATE NORMAL PERIOD 1981 TO 2010
CLIMATE RECORD PERIOD 1871 TO 2015


WEATHER ITEM   OBSERVED TIME   RECORD YEAR NORMAL DEPARTURE LAST
                VALUE   (LST)  VALUE       VALUE  FROM      YEAR
                                                  NORMAL
..................................................................
TEMPERATURE (F)
 TODAY
  MAXIMUM         67        MM  94    2001  69     -2       49
  MINIMUM         53        MM  31    1980  49      4       40
                                      1907
  AVERAGE         60                        59      1       45

PRECIPITATION (IN)
  TODAY            0.00          1.95 1911   0.10  -0.10     0.00
  MONTH TO DATE    1.60                      1.63  -0.03     1.63
  SINCE MAR 1      4.69                      6.18  -1.49     8.72
  SINCE JAN 1      5.38                      7.85  -2.47    11.55

SNOWFALL (IN)
  TODAY            0.0           0.8  1907   0.0    0.0      0.0
  MONTH TO DATE    0.0                       0.0    0.0      0.0
  SINCE MAR 1      7.1                      12.7   -5.6     11.7
  SINCE JUL 1     32.4                      54.4  -22.0     69.8
  SNOW DEPTH       0

DEGREE DAYS
 HEATING
  TODAY            5                         7     -2       20
  MONTH TO DATE  100                       134    -34      187
  SINCE MAR 1   1457                      1662   -205     2066
  SINCE JUL 1   7422                      7452    -30     8519

 COOLING
  TODAY            0                         1     -1        0
  MONTH TO DATE   12                        13     -1        0
  SINCE MAR 1     12                        18     -6        0
  SINCE JAN 1     12                        18     -6        0
..................................................................


WIND (MPH)
  HIGHEST WIND SPEED     8   HIGHEST WIND DIRECTION    NW (320)
  HIGHEST GUST SPEED    MM   HIGHEST GUST DIRECTION    MM
  AVERAGE WIND SPEED     4.9


SKY COVER
  POSSIBLE SUNSHINE  MM
  AVERAGE SKY COVER 0.9


WEATHER CONDITIONS
 THE FOLLOWING WEATHER WAS RECORDED TODAY.
  FOG


RELATIVE HUMIDITY (PERCENT)
 HIGHEST   100          1200 AM
 LOWEST     56           500 PM
 AVERAGE    78

..........................................................


THE TWIN CITIES MN CLIMATE NORMALS FOR TOMORROW
                         NORMAL    RECORD    YEAR
 MAXIMUM TEMPERATURE (F)   69        94      1934
 MINIMUM TEMPERATURE (F)   49        31      1929
                                             1890


SUNRISE AND SUNSET
MAY 15 2015...........SUNRISE   544 AM CDT   SUNSET   835 PM CDT
MAY 16 2015...........SUNRISE   543 AM CDT   SUNSET   836 PM CDT


-  INDICATES NEGATIVE NUMBERS.
R  INDICATES RECORD WAS SET OR TIED.
MM INDICATES DATA IS MISSING.
T  INDICATES TRACE AMOUNT.




$$
