000
CDUS43 KMPX 100957
CLIMSP


CLIMATE REPORT
NATIONAL WEATHER SERVICE CHANHASSEN MN
357 AM CST WED DEC 10 2014


...................................

...THE TWIN CITIES MN CLIMATE SUMMARY FOR DECEMBER 9 2014...

CLIMATE NORMAL PERIOD 1981 TO 2010
CLIMATE RECORD PERIOD 1871 TO 2014


WEATHER ITEM   OBSERVED TIME   RECORD YEAR NORMAL DEPARTURE LAST
                VALUE   (LST)  VALUE       VALUE  FROM      YEAR
                                                  NORMAL
..................................................................
TEMPERATURE (F)
 YESTERDAY
  MAXIMUM         23   1159 PM  58    1939  29     -6       12
  MINIMUM         15    818 AM -27    1876  14      1       -3
  AVERAGE         19                        22     -3        5

PRECIPITATION (IN)
  YESTERDAY        T             1.19 1899   0.04  -0.04      T
  MONTH TO DATE    0.01                      0.38  -0.37     0.79
  SINCE DEC 1      0.01                      0.38  -0.37     0.79
  SINCE JAN 1     34.55                     29.83   4.72    32.10

SNOWFALL (IN)
  YESTERDAY        T            10.5  2012   0.5   -0.5      0.1
  MONTH TO DATE    0.1                       3.7   -3.6      6.3
  SINCE DEC 1      0.1                       3.7   -3.6      6.3
  SINCE JUL 1      9.5                      13.6   -4.1      7.4
  SNOW DEPTH       1

DEGREE DAYS
 HEATING
  YESTERDAY       46                        43      3       60
  MONTH TO DATE  401                       375     26      455
  SINCE DEC 1    401                       375     26      455
  SINCE JUL 1   2194                      1994    200     1956

 COOLING
  YESTERDAY        0                         0      0        0
  MONTH TO DATE    0                         0      0        0
  SINCE DEC 1      0                         0      0        0
  SINCE JAN 1    759                       753      6      983
..................................................................


WIND (MPH)
  HIGHEST WIND SPEED    14   HIGHEST WIND DIRECTION    NW (320)
  HIGHEST GUST SPEED    17   HIGHEST GUST DIRECTION    NW (320)
  AVERAGE WIND SPEED     5.8


SKY COVER
  POSSIBLE SUNSHINE  MM
  AVERAGE SKY COVER 0.9


WEATHER CONDITIONS
 THE FOLLOWING WEATHER WAS RECORDED YESTERDAY.
  LIGHT SNOW
  FOG
  HAZE


RELATIVE HUMIDITY (PERCENT)
 HIGHEST   100          1100 PM
 LOWEST     74           600 AM
 AVERAGE    87

..........................................................


THE TWIN CITIES MN CLIMATE NORMALS FOR TODAY
                         NORMAL    RECORD    YEAR
 MAXIMUM TEMPERATURE (F)   29        54      1979
 MINIMUM TEMPERATURE (F)   14       -18      1977


SUNRISE AND SUNSET
DECEMBER 10 2014......SUNRISE   740 AM CST   SUNSET   432 PM CST
DECEMBER 11 2014......SUNRISE   741 AM CST   SUNSET   432 PM CST


-  INDICATES NEGATIVE NUMBERS.
R  INDICATES RECORD WAS SET OR TIED.
MM INDICATES DATA IS MISSING.
T  INDICATES TRACE AMOUNT.




$$
