000
CDUS43 KMPX 060634
CLIMSP


CLIMATE REPORT
NATIONAL WEATHER SERVICE CHANHASSEN MN
133 AM CDT WED SEP 6 2017


...................................

...THE TWIN CITIES MN CLIMATE SUMMARY FOR SEPTEMBER 5 2017...

CLIMATE NORMAL PERIOD 1981 TO 2010
CLIMATE RECORD PERIOD 1871 TO 2017


WEATHER ITEM   OBSERVED TIME   RECORD YEAR NORMAL DEPARTURE LAST
                VALUE   (LST)  VALUE       VALUE  FROM      YEAR
                                                  NORMAL
..................................................................
TEMPERATURE (F)
 YESTERDAY
  MAXIMUM         65    111 PM  98    1922  76    -11       81
  MINIMUM         51    557 AM  36    1962  57     -6       67
                                      1885
  AVERAGE         58                        66     -8       74

PRECIPITATION (IN)
  YESTERDAY        T             2.57 1946   0.11  -0.11     0.51
  MONTH TO DATE    0.07                      0.55  -0.48     0.53
  SINCE SEP 1      0.07                      0.55  -0.48     0.53
  SINCE JAN 1     25.72                     22.72   3.00    26.85

SNOWFALL (IN)
  YESTERDAY        0.0           0.0    MM   0.0    0.0      0.0
  MONTH TO DATE    0.0                       0.0    0.0      0.0
  SINCE SEP 1      0.0                       0.0    0.0      0.0
  SINCE JUL 1      0.0                       0.0    0.0      0.0
  SNOW DEPTH       0

DEGREE DAYS
 HEATING
  YESTERDAY        7                         2      5        0
  MONTH TO DATE    9                         9      0        0
  SINCE SEP 1      9                         9      0        0
  SINCE JUL 1     16                        28    -12        3

 COOLING
  YESTERDAY        0                         4     -4        9
  MONTH TO DATE   17                        20     -3       23
  SINCE SEP 1     17                        20     -3       23
  SINCE JAN 1    705                       701      4      894
..................................................................


WIND (MPH)
  HIGHEST WIND SPEED    28   HIGHEST WIND DIRECTION    NW (320)
  HIGHEST GUST SPEED    35   HIGHEST GUST DIRECTION    NW (320)
  AVERAGE WIND SPEED    12.9


SKY COVER
  POSSIBLE SUNSHINE  MM
  AVERAGE SKY COVER 0.5


WEATHER CONDITIONS
 THE FOLLOWING WEATHER WAS RECORDED YESTERDAY.
  LIGHT RAIN


RELATIVE HUMIDITY (PERCENT)
 HIGHEST    83          1200 AM
 LOWEST     48          1200 PM
 AVERAGE    66

..........................................................


THE TWIN CITIES MN CLIMATE NORMALS FOR TODAY
                         NORMAL    RECORD    YEAR
 MAXIMUM TEMPERATURE (F)   76        98      1922
 MINIMUM TEMPERATURE (F)   57        35      1885


SUNRISE AND SUNSET
SEPTEMBER  6 2017.....SUNRISE   641 AM CDT   SUNSET   740 PM CDT
SEPTEMBER  7 2017.....SUNRISE   642 AM CDT   SUNSET   738 PM CDT


-  INDICATES NEGATIVE NUMBERS.
R  INDICATES RECORD WAS SET OR TIED.
MM INDICATES DATA IS MISSING.
T  INDICATES TRACE AMOUNT.




$$
