000
CDUS43 KMPX 150052
CLIMSP


CLIMATE REPORT
NATIONAL WEATHER SERVICE CHANHASSEN MN
752 PM CDT THU MAY 14 2015


...................................

...THE TWIN CITIES MN CLIMATE SUMMARY FOR MAY 14 2015...
VALID TODAY AS OF 0700 PM LOCAL TIME.

CLIMATE NORMAL PERIOD 1981 TO 2010
CLIMATE RECORD PERIOD 1871 TO 2015


WEATHER ITEM   OBSERVED TIME   RECORD YEAR NORMAL DEPARTURE LAST
                VALUE   (LST)  VALUE       VALUE  FROM      YEAR
                                                  NORMAL
..................................................................
TEMPERATURE (F)
 TODAY
  MAXIMUM         57   1201 AM  98    2013  69    -12       59
  MINIMUM         51   1252 PM  32    1907  48      3       38
  AVERAGE         54                        59     -5       49

PRECIPITATION (IN)
  TODAY            0.26          1.28 1916   0.11   0.15     0.00
  MONTH TO DATE    1.52                      1.53  -0.01     1.63
  SINCE MAR 1      4.61                      6.08  -1.47     8.72
  SINCE JAN 1      5.30                      7.75  -2.45    11.55

SNOWFALL (IN)
  TODAY            0.0           T    1907   0.0    0.0      0.0
                                      1927
  MONTH TO DATE    0.0                       0.0    0.0      0.0
  SINCE MAR 1      7.1                      12.7   -5.6     11.7
  SINCE JUL 1     32.4                      54.4  -22.0     69.8
  SNOW DEPTH       0

DEGREE DAYS
 HEATING
  TODAY           11                         7      4       16
  MONTH TO DATE   95                       127    -32      167
  SINCE MAR 1   1452                      1655   -203     2046
  SINCE JUL 1   7417                      7445    -28     8499

 COOLING
  TODAY            0                         1     -1        0
  MONTH TO DATE   12                        12      0        0
  SINCE MAR 1     12                        17     -5        0
  SINCE JAN 1     12                        17     -5        0
..................................................................


WIND (MPH)
  HIGHEST WIND SPEED    21   HIGHEST WIND DIRECTION     E (110)
  HIGHEST GUST SPEED    27   HIGHEST GUST DIRECTION     E (100)
  AVERAGE WIND SPEED    12.7


SKY COVER
  POSSIBLE SUNSHINE  MM
  AVERAGE SKY COVER 1.0


WEATHER CONDITIONS
 THE FOLLOWING WEATHER WAS RECORDED TODAY.
  LIGHT RAIN
  FOG


RELATIVE HUMIDITY (PERCENT)
 HIGHEST    93           400 PM
 LOWEST     51          1200 AM
 AVERAGE    72

..........................................................


THE TWIN CITIES MN CLIMATE NORMALS FOR TOMORROW
                         NORMAL    RECORD    YEAR
 MAXIMUM TEMPERATURE (F)   69        94      2001
 MINIMUM TEMPERATURE (F)   49        31      1980
                                             1907


SUNRISE AND SUNSET
MAY 14 2015...........SUNRISE   546 AM CDT   SUNSET   834 PM CDT
MAY 15 2015...........SUNRISE   544 AM CDT   SUNSET   835 PM CDT


-  INDICATES NEGATIVE NUMBERS.
R  INDICATES RECORD WAS SET OR TIED.
MM INDICATES DATA IS MISSING.
T  INDICATES TRACE AMOUNT.




$$
