000
CDUS43 KMPX 220809
CLIMSP


CLIMATE REPORT
NATIONAL WEATHER SERVICE CHANHASSEN MN
309 AM CDT SUN MAR 22 2015


...................................

...THE TWIN CITIES MN CLIMATE SUMMARY FOR MARCH 21 2015...

CLIMATE NORMAL PERIOD 1981 TO 2010
CLIMATE RECORD PERIOD 1871 TO 2015


WEATHER ITEM   OBSERVED TIME   RECORD YEAR NORMAL DEPARTURE LAST
                VALUE   (LST)  VALUE       VALUE  FROM      YEAR
                                                  NORMAL
..................................................................
TEMPERATURE (F)
 YESTERDAY
  MAXIMUM         38    413 PM  76    1938  44     -6       45
  MINIMUM         26    646 AM  -8    1965  26      0       20
  AVERAGE         32                        35     -3       33

PRECIPITATION (IN)
  YESTERDAY        0.00          0.83 1904   0.07  -0.07      T
  MONTH TO DATE    0.13                      1.20  -1.07     0.29
  SINCE MAR 1      0.13                      1.20  -1.07     0.29
  SINCE JAN 1      0.82                      2.87  -2.05     3.12

SNOWFALL (IN)
  YESTERDAY        0.0           3.9  2008   0.3   -0.3       T
  MONTH TO DATE    1.9                       8.0   -6.1      3.4
  SINCE MAR 1      1.9                       8.0   -6.1      3.4
  SINCE JUL 1     27.2                      49.7  -22.5     61.5
  SNOW DEPTH       0

DEGREE DAYS
 HEATING
  YESTERDAY       33                        30      3       32
  MONTH TO DATE  615                       724   -109      861
  SINCE MAR 1    615                       724   -109      861
  SINCE JUL 1   6580                      6514     66     7314

 COOLING
  YESTERDAY        0                         0      0        0
  MONTH TO DATE    0                         0      0        0
  SINCE MAR 1      0                         0      0        0
  SINCE JAN 1      0                         0      0        0
..................................................................


WIND (MPH)
  HIGHEST WIND SPEED    23   HIGHEST WIND DIRECTION     N (350)
  HIGHEST GUST SPEED    30   HIGHEST GUST DIRECTION     N (350)
  AVERAGE WIND SPEED    10.3


SKY COVER
  POSSIBLE SUNSHINE  MM
  AVERAGE SKY COVER 0.6


WEATHER CONDITIONS
 THE FOLLOWING WEATHER WAS RECORDED YESTERDAY.
  NO SIGNIFICANT WEATHER WAS OBSERVED.


RELATIVE HUMIDITY (PERCENT)
 HIGHEST    82          1200 AM
 LOWEST     19           100 PM
 AVERAGE    51

..........................................................


THE TWIN CITIES MN CLIMATE NORMALS FOR TODAY
                         NORMAL    RECORD    YEAR
 MAXIMUM TEMPERATURE (F)   44        71      1945
 MINIMUM TEMPERATURE (F)   27       -14      1888


SUNRISE AND SUNSET
MARCH 22 2015.........SUNRISE   713 AM CDT   SUNSET   728 PM CDT
MARCH 23 2015.........SUNRISE   711 AM CDT   SUNSET   729 PM CDT


-  INDICATES NEGATIVE NUMBERS.
R  INDICATES RECORD WAS SET OR TIED.
MM INDICATES DATA IS MISSING.
T  INDICATES TRACE AMOUNT.




$$
