000
CDUS43 KMPX 160634
CLIMSP


CLIMATE REPORT
NATIONAL WEATHER SERVICE CHANHASSEN MN
1234 AM CST THU NOV 16 2017


...................................

...THE TWIN CITIES MN CLIMATE SUMMARY FOR NOVEMBER 15 2017...

CLIMATE NORMAL PERIOD 1981 TO 2010
CLIMATE RECORD PERIOD 1871 TO 2017


WEATHER ITEM   OBSERVED TIME   RECORD YEAR NORMAL DEPARTURE LAST
                VALUE   (LST)  VALUE       VALUE  FROM      YEAR
                                                  NORMAL
..................................................................
TEMPERATURE (F)
 YESTERDAY
  MAXIMUM         46    250 AM  69    1953  41      5       55
  MINIMUM         27   1120 PM   1    1940  27      0       34
                                      1932
                                      1911
  AVERAGE         37                        34      3       45

PRECIPITATION (IN)
  YESTERDAY        T             1.58 1996   0.07  -0.07     0.00
  MONTH TO DATE    0.30                      0.91  -0.61     0.00
  SINCE SEP 1      5.83                      6.42  -0.59     8.88
  SINCE JAN 1     31.48                     28.59   2.89    35.20

SNOWFALL (IN)
  YESTERDAY        0.0           5.1  1956   0.3   -0.3      0.0
  MONTH TO DATE    0.6                       3.4   -2.8      0.0
  SINCE SEP 1      0.7                       4.0   -3.3       T
  SINCE JUL 1      0.7                       4.0   -3.3       T
  SNOW DEPTH       0

DEGREE DAYS
 HEATING
  YESTERDAY       28                        31     -3       20
  MONTH TO DATE  489                       405     84      206
  SINCE SEP 1    971                      1066    -95      625
  SINCE JUL 1    978                      1085   -107      628

 COOLING
  YESTERDAY        0                         0      0        0
  MONTH TO DATE    0                         0      0        0
  SINCE SEP 1    142                        72     70       93
  SINCE JAN 1    830                       753     77      964
..................................................................


WIND (MPH)
  HIGHEST WIND SPEED    25   HIGHEST WIND DIRECTION    NW (310)
  HIGHEST GUST SPEED    32   HIGHEST GUST DIRECTION    NW (330)
  AVERAGE WIND SPEED    15.8


SKY COVER
  POSSIBLE SUNSHINE  MM
  AVERAGE SKY COVER 1.0


WEATHER CONDITIONS
 THE FOLLOWING WEATHER WAS RECORDED YESTERDAY.
  LIGHT RAIN
  FOG


RELATIVE HUMIDITY (PERCENT)
 HIGHEST   100          1200 AM
 LOWEST     69           100 PM
 AVERAGE    85

..........................................................


THE TWIN CITIES MN CLIMATE NORMALS FOR TODAY
                         NORMAL    RECORD    YEAR
 MAXIMUM TEMPERATURE (F)   41        68      1953
                                             1931
 MINIMUM TEMPERATURE (F)   26        -2      1933


SUNRISE AND SUNSET
NOVEMBER 16 2017......SUNRISE   712 AM CST   SUNSET   443 PM CST
NOVEMBER 17 2017......SUNRISE   713 AM CST   SUNSET   442 PM CST


-  INDICATES NEGATIVE NUMBERS.
R  INDICATES RECORD WAS SET OR TIED.
MM INDICATES DATA IS MISSING.
T  INDICATES TRACE AMOUNT.




$$
