000
CDUS43 KMPX 140059
CLIMSP


CLIMATE REPORT
NATIONAL WEATHER SERVICE CHANHASSEN MN
759 PM CDT MON OCT 13 2014


...................................

...THE TWIN CITIES MN CLIMATE SUMMARY FOR OCTOBER 13 2014...
VALID TODAY AS OF 0700 PM LOCAL TIME.

CLIMATE NORMAL PERIOD 1981 TO 2010
CLIMATE RECORD PERIOD 1871 TO 2014


WEATHER ITEM   OBSERVED TIME   RECORD YEAR NORMAL DEPARTURE LAST
                VALUE   (LST)  VALUE       VALUE  FROM      YEAR
                                                  NORMAL
..................................................................
TEMPERATURE (F)
 TODAY
  MAXIMUM         57    319 PM  84    1956  60     -3       61
  MINIMUM         51    650 AM  22    1917  41     10       39
  AVERAGE         54                        50      4       50

PRECIPITATION (IN)
  TODAY            0.00          1.52 1890   0.08  -0.08     0.00
  MONTH TO DATE    1.59                      1.17   0.42     1.32
  SINCE SEP 1      2.51                      4.25  -1.74     2.67
  SINCE JAN 1     33.51                     26.42   7.09    29.11

SNOWFALL (IN)
  TODAY            0.0           T    1937   0.0    0.0      0.0
                                      1939
                                      1955
  MONTH TO DATE    0.0                       0.0    0.0      0.0
  SINCE SEP 1      0.0                       T      0.0      0.0
  SINCE JUL 1      0.0                       T      0.0       T
  SNOW DEPTH       0

DEGREE DAYS
 HEATING
  TODAY           11                        15     -4       15
  MONTH TO DATE  217                       166     51       83
  SINCE SEP 1    341                       320     21      141
  SINCE JUL 1    348                       339      9      149

 COOLING
  TODAY            0                         0      0        0
  MONTH TO DATE    0                         3     -3        2
  SINCE SEP 1     63                        69     -6      134
  SINCE JAN 1    759                       750      9      983
..................................................................


WIND (MPH)
  HIGHEST WIND SPEED    17   HIGHEST WIND DIRECTION     N (360)
  HIGHEST GUST SPEED    22   HIGHEST GUST DIRECTION     N (10)
  AVERAGE WIND SPEED     5.8


SKY COVER
  POSSIBLE SUNSHINE  MM
  AVERAGE SKY COVER 1.0


WEATHER CONDITIONS
 THE FOLLOWING WEATHER WAS RECORDED TODAY.
  FOG
  HAZE


RELATIVE HUMIDITY (PERCENT)
 HIGHEST    89          1200 AM
 LOWEST     72           300 PM
 AVERAGE    81

..........................................................


THE TWIN CITIES MN CLIMATE NORMALS FOR TOMORROW
                         NORMAL    RECORD    YEAR
 MAXIMUM TEMPERATURE (F)   59        86      1947
 MINIMUM TEMPERATURE (F)   40        24      1937


SUNRISE AND SUNSET
OCTOBER 13 2014.......SUNRISE   726 AM CDT   SUNSET   632 PM CDT
OCTOBER 14 2014.......SUNRISE   727 AM CDT   SUNSET   630 PM CDT


-  INDICATES NEGATIVE NUMBERS.
R  INDICATES RECORD WAS SET OR TIED.
MM INDICATES DATA IS MISSING.
T  INDICATES TRACE AMOUNT.




$$
