015
CDUS43 KMPX 160842
CLIMSP


CLIMATE REPORT
NATIONAL WEATHER SERVICE CHANHASSEN MN
241 AM CST FRI FEB 16 2018


...................................

...THE TWIN CITIES MN CLIMATE SUMMARY FOR FEBRUARY 15 2018...

CLIMATE NORMAL PERIOD 1981 TO 2010
CLIMATE RECORD PERIOD 1871 TO 2018


WEATHER ITEM   OBSERVED TIME   RECORD YEAR NORMAL DEPARTURE LAST
                VALUE   (LST)  VALUE       VALUE  FROM      YEAR
                                                  NORMAL
..................................................................
TEMPERATURE (F)
 YESTERDAY
  MAXIMUM         38   1047 AM  63    1921  29      9       36
  MINIMUM         14   1159 PM -25    1875  13      1       19
  AVERAGE         26                        21      5       28

PRECIPITATION (IN)
  YESTERDAY        T             0.87 1967   0.03  -0.03     0.00
  MONTH TO DATE    0.18                      0.35  -0.17     0.03
  SINCE DEC 1      2.52                      2.41   0.11     3.15
  SINCE JAN 1      1.73                      1.25   0.48     1.01

SNOWFALL (IN)
  YESTERDAY        T             8.5  1967   0.3   -0.3      0.0
  MONTH TO DATE    3.2                       3.9   -0.7      0.3
  SINCE DEC 1     30.0                      28.0    2.0     24.5
  SINCE JUL 1     30.7                      37.9   -7.2     26.8
  SNOW DEPTH       4

DEGREE DAYS
 HEATING
  YESTERDAY       39                        44     -5       37
  MONTH TO DATE  824                       696    128      599
  SINCE DEC 1   3738                      3631    107     3317
  SINCE JUL 1   5148                      5250   -102     4361

 COOLING
  YESTERDAY        0                         0      0        0
  MONTH TO DATE    0                         0      0        0
  SINCE DEC 1      0                         0      0        0
  SINCE JAN 1      0                         0      0        0
..................................................................


WIND (MPH)
  HIGHEST WIND SPEED    25   HIGHEST WIND DIRECTION     N (340)
  HIGHEST GUST SPEED    31   HIGHEST GUST DIRECTION    NW (330)
  AVERAGE WIND SPEED    11.6


SKY COVER
  POSSIBLE SUNSHINE  MM
  AVERAGE SKY COVER 0.7


WEATHER CONDITIONS
 THE FOLLOWING WEATHER WAS RECORDED YESTERDAY.
  LIGHT SNOW
  FOG
  HAZE


RELATIVE HUMIDITY (PERCENT)
 HIGHEST    92           600 AM
 LOWEST     64           300 PM
 AVERAGE    78

..........................................................


THE TWIN CITIES MN CLIMATE NORMALS FOR TODAY
                         NORMAL    RECORD    YEAR
 MAXIMUM TEMPERATURE (F)   29        60      1981
 MINIMUM TEMPERATURE (F)   13       -26      1936


SUNRISE AND SUNSET
FEBRUARY 16 2018......SUNRISE   712 AM CST   SUNSET   543 PM CST
FEBRUARY 17 2018......SUNRISE   710 AM CST   SUNSET   544 PM CST


-  INDICATES NEGATIVE NUMBERS.
R  INDICATES RECORD WAS SET OR TIED.
MM INDICATES DATA IS MISSING.
T  INDICATES TRACE AMOUNT.




$$
