248
CDUS43 KMPX 051021
CLIMSP


CLIMATE REPORT
NATIONAL WEATHER SERVICE CHANHASSEN MN
418 AM CST FRI FEB 5 2016


...................................

...THE TWIN CITIES MN CLIMATE SUMMARY FOR FEBRUARY 4 2016...

CLIMATE NORMAL PERIOD 1981 TO 2010
CLIMATE RECORD PERIOD 1871 TO 2016


WEATHER ITEM   OBSERVED TIME   RECORD YEAR NORMAL DEPARTURE LAST
                VALUE   (LST)  VALUE       VALUE  FROM      YEAR
                                                  NORMAL
..................................................................
TEMPERATURE (F)
 YESTERDAY
  MAXIMUM         27    451 PM  51    2005  26      1       15
  MINIMUM          8    428 AM -28    1886   9     -1       -1
  AVERAGE         18                        18      0        7

PRECIPITATION (IN)
  YESTERDAY        0.03          0.34 1955   0.03   0.00     0.01
  MONTH TO DATE    0.58                      0.10   0.48     0.09
  SINCE DEC 1      3.21                      2.16   1.05     1.29
  SINCE JAN 1      0.89                      1.00  -0.11     0.43

SNOWFALL (IN)
  YESTERDAY        0.3           4.4  1971   0.3    0.0      0.4
  MONTH TO DATE    9.7                       1.2    8.5      2.4
  SINCE DEC 1     23.3                      25.3   -2.0     13.4
  SINCE JUL 1     28.4                      35.2   -6.8     22.8
  SNOW DEPTH       7

DEGREE DAYS
 HEATING
  YESTERDAY       47                        48     -1       58
  MONTH TO DATE  168                       192    -24      221
  SINCE DEC 1   2702                      3127   -425     2892
  SINCE JUL 1   3877                      4746   -869     4685

 COOLING
  YESTERDAY        0                         0      0        0
  MONTH TO DATE    0                         0      0        0
  SINCE DEC 1      0                         0      0        0
  SINCE JAN 1      0                         0      0        0
..................................................................


WIND (MPH)
  HIGHEST WIND SPEED    14   HIGHEST WIND DIRECTION    NW (310)
  HIGHEST GUST SPEED    17   HIGHEST GUST DIRECTION    NW (310)
  AVERAGE WIND SPEED     5.6


SKY COVER
  POSSIBLE SUNSHINE  MM
  AVERAGE SKY COVER 0.7


WEATHER CONDITIONS
 THE FOLLOWING WEATHER WAS RECORDED YESTERDAY.
  LIGHT SNOW
  FOG


RELATIVE HUMIDITY (PERCENT)
 HIGHEST    88          1000 PM
 LOWEST     60           600 PM
 AVERAGE    74

..........................................................


THE TWIN CITIES MN CLIMATE NORMALS FOR TODAY
                         NORMAL    RECORD    YEAR
 MAXIMUM TEMPERATURE (F)   26        51      2005
 MINIMUM TEMPERATURE (F)   10       -27      1979


SUNRISE AND SUNSET
FEBRUARY  5 2016......SUNRISE   728 AM CST   SUNSET   526 PM CST
FEBRUARY  6 2016......SUNRISE   727 AM CST   SUNSET   528 PM CST


-  INDICATES NEGATIVE NUMBERS.
R  INDICATES RECORD WAS SET OR TIED.
MM INDICATES DATA IS MISSING.
T  INDICATES TRACE AMOUNT.




$$
