000
CDUS43 KMPX 252148
CLIMSP


CLIMATE REPORT
NATIONAL WEATHER SERVICE CHANHASSEN MN
448 PM CDT TUE AUG 25 2015


...................................

...THE TWIN CITIES MN CLIMATE SUMMARY FOR AUGUST 25 2015...
VALID AS OF 0400 PM LOCAL TIME.

CLIMATE NORMAL PERIOD 1981 TO 2010
CLIMATE RECORD PERIOD 1871 TO 2015


WEATHER ITEM   OBSERVED TIME   RECORD YEAR NORMAL DEPARTURE LAST
                VALUE   (LST)  VALUE       VALUE  FROM      YEAR
                                                  NORMAL
..................................................................
TEMPERATURE (F)
 TODAY
  MAXIMUM         74    259 PM  96    2013  79     -5       79
  MINIMUM         53    538 AM  41    1887  61     -8       64
  AVERAGE         64                        70     -6       72

PRECIPITATION (IN)
  TODAY            0.00          1.51 1960   0.13  -0.13     0.00
  MONTH TO DATE    2.99                      3.57  -0.58     1.43
  SINCE JUN 1     14.71                     11.86   2.85    15.06
  SINCE JAN 1     22.04                     21.44   0.60    29.53

SNOWFALL (IN)
  TODAY            0.0           0.0    MM   0.0    0.0      0.0
  MONTH TO DATE    0.0                       0.0    0.0      0.0
  SINCE JUN 1      0.0                       0.0    0.0      0.0
  SINCE JUL 1      0.0                       0.0    0.0      0.0
  SNOW DEPTH       0

DEGREE DAYS
 HEATING
  TODAY            1                         1      0        0
  MONTH TO DATE   11                         4      7        0
  SINCE JUN 1     20                        53    -33       28
  SINCE JUL 1     13                         9      4        7

 COOLING
  TODAY            0                         5     -5        7
  MONTH TO DATE  176                       175      1      235
  SINCE JUN 1    599                       609    -10      614
  SINCE JAN 1    626                       651    -25      666
..................................................................


WIND (MPH)
  HIGHEST WIND SPEED    21   HIGHEST WIND DIRECTION    NW (310)
  HIGHEST GUST SPEED    31   HIGHEST GUST DIRECTION    NW (300)
  AVERAGE WIND SPEED    11.9


SKY COVER
  POSSIBLE SUNSHINE  MM
  AVERAGE SKY COVER 0.3


WEATHER CONDITIONS
 THE FOLLOWING WEATHER WAS RECORDED TODAY.
  NO SIGNIFICANT WEATHER WAS OBSERVED.


RELATIVE HUMIDITY (PERCENT)
 HIGHEST    77           600 AM
 LOWEST     38           200 PM
 AVERAGE    58

..........................................................


THE TWIN CITIES MN CLIMATE NORMALS FOR TOMORROW
                         NORMAL    RECORD    YEAR
 MAXIMUM TEMPERATURE (F)   79        97      2013
 MINIMUM TEMPERATURE (F)   60        44      1968
                                             1964


SUNRISE AND SUNSET
AUGUST 25 2015........SUNRISE   626 AM CDT   SUNSET   803 PM CDT
AUGUST 26 2015........SUNRISE   628 AM CDT   SUNSET   801 PM CDT


-  INDICATES NEGATIVE NUMBERS.
R  INDICATES RECORD WAS SET OR TIED.
MM INDICATES DATA IS MISSING.
T  INDICATES TRACE AMOUNT.




$$
