000
CDUS43 KMPX 012258
CLIMSP


CLIMATE REPORT
NATIONAL WEATHER SERVICE CHANHASSEN MN
457 PM CST SUN JAN 1 2017


...................................

...THE TWIN CITIES MN CLIMATE SUMMARY FOR JANUARY 1 2017...
VALID AS OF 0400 PM LOCAL TIME.

CLIMATE NORMAL PERIOD 1981 TO 2010
CLIMATE RECORD PERIOD 1871 TO 2016


WEATHER ITEM   OBSERVED TIME   RECORD YEAR NORMAL DEPARTURE LAST
                VALUE   (LST)  VALUE       VALUE  FROM      YEAR
                                                  NORMAL
..................................................................
TEMPERATURE (F)
 TODAY
  MAXIMUM         32    118 PM  48    1897  24      8       30
  MINIMUM         21    822 AM -30    1974   8     13       15
  AVERAGE         27                        16     11       23

PRECIPITATION (IN)
  TODAY            0.00          0.47 1891   0.03  -0.03      T
  MONTH TO DATE    0.00                      0.03  -0.03      T
  SINCE DEC 1      2.14                      1.19   0.95     2.32
  SINCE JAN 1      0.00                      0.03  -0.03      T

SNOWFALL (IN)
  TODAY            0.0           4.0  1914   0.4   -0.4       T
  MONTH TO DATE    0.0                       0.4   -0.4       T
  SINCE DEC 1     15.8                      12.3    3.5      9.5
  SINCE JUL 1     18.1                      22.2   -4.1     14.6
  SNOW DEPTH       1

DEGREE DAYS
 HEATING
  TODAY           38                        49    -11       42
  MONTH TO DATE   38                        49    -11       42
  SINCE DEC 1   1396                      1453    -57     1113
  SINCE JUL 1   2440                      3072   -632     2288

 COOLING
  TODAY            0                         0      0        0
  MONTH TO DATE    0                         0      0        0
  SINCE DEC 1      0                         0      0        0
  SINCE JAN 1      0                         0      0        0
..................................................................


WIND (MPH)
  HIGHEST WIND SPEED    16   HIGHEST WIND DIRECTION    SW (240)
  HIGHEST GUST SPEED    23   HIGHEST GUST DIRECTION    SW (240)
  AVERAGE WIND SPEED     6.5


SKY COVER
  POSSIBLE SUNSHINE  MM
  AVERAGE SKY COVER 0.3


WEATHER CONDITIONS
 THE FOLLOWING WEATHER WAS RECORDED TODAY.
  NO SIGNIFICANT WEATHER WAS OBSERVED.


RELATIVE HUMIDITY (PERCENT)
 HIGHEST    77           800 AM
 LOWEST     59           100 PM
 AVERAGE    68

..........................................................


THE TWIN CITIES MN CLIMATE NORMALS FOR TOMORROW
                         NORMAL    RECORD    YEAR
 MAXIMUM TEMPERATURE (F)   24        45      1998
                                             1897
 MINIMUM TEMPERATURE (F)    8       -36      1885


SUNRISE AND SUNSET
JANUARY  1 2017.......SUNRISE   751 AM CST   SUNSET   443 PM CST
JANUARY  2 2017.......SUNRISE   751 AM CST   SUNSET   444 PM CST


-  INDICATES NEGATIVE NUMBERS.
R  INDICATES RECORD WAS SET OR TIED.
MM INDICATES DATA IS MISSING.
T  INDICATES TRACE AMOUNT.




$$
