000
CDUS43 KMPX 110034
CLIMSP


CLIMATE REPORT
NATIONAL WEATHER SERVICE CHANHASSEN MN
734 PM CDT SAT JUN 10 2017


...................................

...THE TWIN CITIES MN CLIMATE SUMMARY FOR JUNE 10 2017...
VALID TODAY AS OF 0700 PM LOCAL TIME.

CLIMATE NORMAL PERIOD 1981 TO 2010
CLIMATE RECORD PERIOD 1871 TO 2017


WEATHER ITEM   OBSERVED TIME   RECORD YEAR NORMAL DEPARTURE LAST
                VALUE   (LST)  VALUE       VALUE  FROM      YEAR
                                                  NORMAL
..................................................................
TEMPERATURE (F)
 TODAY
  MAXIMUM         96    206 PM  99    1956  77     19       91
  MINIMUM         77    608 AM  40    1877  57     20       69
  AVERAGE         87                        67     20       80

PRECIPITATION (IN)
  TODAY            0.00          1.77 1874   0.14  -0.14      T
  MONTH TO DATE    0.02                      1.30  -1.28     0.84
  SINCE JUN 1      0.02                      1.30  -1.28     0.84
  SINCE JAN 1     11.57                     10.88   0.69     9.76

SNOWFALL (IN)
  TODAY            0.0           0.0    MM   0.0    0.0      0.0
  MONTH TO DATE    0.0                       0.0    0.0      0.0
  SINCE JUN 1      0.0                       0.0    0.0      0.0
  SINCE JUL 1     32.0                      54.4  -22.4     36.7
  SNOW DEPTH       0

DEGREE DAYS
 HEATING
  TODAY            0                         2     -2        0
  MONTH TO DATE    1                        27    -26        7
  SINCE JUN 1      1                        27    -26        7
  SINCE JUL 1   6299                      7563  -1264     6283

 COOLING
  TODAY           22                         4     18       15
  MONTH TO DATE  101                        33     68       32
  SINCE JUN 1    101                        33     68       32
  SINCE JAN 1    122                        75     47      108
..................................................................


WIND (MPH)
  HIGHEST WIND SPEED    32   HIGHEST WIND DIRECTION    SW (220)
  HIGHEST GUST SPEED    43   HIGHEST GUST DIRECTION     W (250)
  AVERAGE WIND SPEED    17.6


SKY COVER
  POSSIBLE SUNSHINE  MM
  AVERAGE SKY COVER 0.5


WEATHER CONDITIONS
 THE FOLLOWING WEATHER WAS RECORDED TODAY.
  NO SIGNIFICANT WEATHER WAS OBSERVED.


RELATIVE HUMIDITY (PERCENT)
 HIGHEST    54           600 AM
 LOWEST     34           100 PM
 AVERAGE    44

..........................................................


THE TWIN CITIES MN CLIMATE NORMALS FOR TOMORROW
                         NORMAL    RECORD    YEAR
 MAXIMUM TEMPERATURE (F)   78        96      1956
 MINIMUM TEMPERATURE (F)   57        40      1903


SUNRISE AND SUNSET
JUNE 10 2017..........SUNRISE   526 AM CDT   SUNSET   859 PM CDT
JUNE 11 2017..........SUNRISE   526 AM CDT   SUNSET   859 PM CDT


-  INDICATES NEGATIVE NUMBERS.
R  INDICATES RECORD WAS SET OR TIED.
MM INDICATES DATA IS MISSING.
T  INDICATES TRACE AMOUNT.




$$
