000
CDUS43 KMPX 120623
CLIMSP


CLIMATE REPORT
NATIONAL WEATHER SERVICE CHANHASSEN MN
122 AM CDT SUN OCT 12 2014


...................................

...THE TWIN CITIES MN CLIMATE SUMMARY FOR OCTOBER 11 2014...

CLIMATE NORMAL PERIOD 1981 TO 2010
CLIMATE RECORD PERIOD 1871 TO 2014


WEATHER ITEM   OBSERVED TIME   RECORD YEAR NORMAL DEPARTURE LAST
                VALUE   (LST)  VALUE       VALUE  FROM      YEAR
                                                  NORMAL
..................................................................
TEMPERATURE (F)
 YESTERDAY
  MAXIMUM         57    435 PM  84    1930  61     -4       75
  MINIMUM         31    635 AM  22    1876  41    -10       57
  AVERAGE         44                        51     -7       66

PRECIPITATION (IN)
  YESTERDAY        0.00          1.36 1881   0.09  -0.09     0.04
  MONTH TO DATE    1.59                      1.01   0.58     1.32
  SINCE SEP 1      2.51                      4.09  -1.58     2.67
  SINCE JAN 1     33.51                     26.26   7.25    29.11

SNOWFALL (IN)
  YESTERDAY        0.0           0.5  1917   0.0    0.0      0.0
                                      1977
  MONTH TO DATE    0.0                       0.0    0.0      0.0
  SINCE SEP 1      0.0                       T      0.0      0.0
  SINCE JUL 1      0.0                       T      0.0       T
  SNOW DEPTH       0

DEGREE DAYS
 HEATING
  YESTERDAY       21                        14      7        0
  MONTH TO DATE  193                       136     57       55
  SINCE SEP 1    317                       290     27      113
  SINCE JUL 1    324                       309     15      121

 COOLING
  YESTERDAY        0                         0      0        1
  MONTH TO DATE    0                         3     -3        2
  SINCE SEP 1     63                        69     -6      134
  SINCE JAN 1    759                       750      9      983
..................................................................


WIND (MPH)
  HIGHEST WIND SPEED    13   HIGHEST WIND DIRECTION     S (170)
  HIGHEST GUST SPEED    17   HIGHEST GUST DIRECTION    SE (150)
  AVERAGE WIND SPEED     5.2


SKY COVER
  POSSIBLE SUNSHINE  MM
  AVERAGE SKY COVER 0.0


WEATHER CONDITIONS
 THE FOLLOWING WEATHER WAS RECORDED YESTERDAY.
  FOG


RELATIVE HUMIDITY (PERCENT)
 HIGHEST    92           100 AM
 LOWEST     35           400 PM
 AVERAGE    64

..........................................................


THE TWIN CITIES MN CLIMATE NORMALS FOR TODAY
                         NORMAL    RECORD    YEAR
 MAXIMUM TEMPERATURE (F)   60        87      1975
 MINIMUM TEMPERATURE (F)   41        23      1917


SUNRISE AND SUNSET
OCTOBER 12 2014.......SUNRISE   725 AM CDT   SUNSET   633 PM CDT
OCTOBER 13 2014.......SUNRISE   726 AM CDT   SUNSET   632 PM CDT


-  INDICATES NEGATIVE NUMBERS.
R  INDICATES RECORD WAS SET OR TIED.
MM INDICATES DATA IS MISSING.
T  INDICATES TRACE AMOUNT.




$$
